{"id":8641,"date":"2012-01-05T12:09:17","date_gmt":"2012-01-05T17:09:17","guid":{"rendered":"http:\/\/www.fiscalia.gov.co\/colombia\/?page_id=8641"},"modified":"2015-06-11T16:33:13","modified_gmt":"2015-06-11T21:33:13","slug":"centros-de-atencion-ciudadana","status":"publish","type":"page","link":"https:\/\/www.fiscalia.gov.co\/colombia\/servicios-de-informacion-al-ciudadano\/centros-de-atencion-ciudadana\/","title":{"rendered":"Oferta Institucional"},"content":{"rendered":"<p>En este men\u00fa usted encontrar\u00e1 informaci\u00f3n sobre los Centros de Atenci\u00f3n Ciudadana y sus funciones. Adem\u00e1s, el directorio con la localizaci\u00f3n y los n\u00fameros telef\u00f3nicos de las sedes situadas en las principales ciudades del pa\u00eds.<\/p>\n[spoiler title=&#8221;Derechos de petici\u00f3n&#8221; style=&#8221;2&#8243;]\n<p><strong>Derecho de petici\u00f3n:<\/strong>\u00a0comprende todas aquellas peticiones respetuosas presentadas por toda persona, natural o jur\u00eddica, en forma verbal, escrita o por este medio, de inter\u00e9s particular, colectivo o general, siempre y cuando su objeto no se encuentre dentro de los asuntos restringidos por la ley o por la Constituci\u00f3n.<\/p>\n<p>Por favor remitir los derechos de petici\u00f3n al siguiente correo electr\u00f3nico:\u00a0<a href=\"mailto:derechosdepeticion@fiscalia.gov.co\">derechosdepeticion@fiscalia.gov.co<\/a><\/p>\n[\/spoiler]\n[spoiler title=&#8221;\u00bfQu\u00e9 son los Centros de Atenci\u00f3n Ciudadana&#8221; style=&#8221;2&#8243;]\n<p>Son modelos de gesti\u00f3n con una justicia que ga\u00adrantiza la permanente, oportuna y eficaz aten\u00adci\u00f3n a las v\u00edctimas del delito y dem\u00e1s intervinientes.<\/p>\n[\/spoiler]\n[spoiler title=&#8221;Cu\u00e1les son los Centros de Atenci\u00f3n Ciudadana&#8221; style=&#8221;2&#8243;]\n<p>Unidades de Reacci\u00f3n Inmediata (URI), las Salas de Atenci\u00f3n al Usuario (SAU) , Casas de Justicia (CJ), los Centros de Atenci\u00f3n e Investigaci\u00f3n Integral a las V\u00edctimas de Delitos Sexuales (CAIVAS) y los Centros de Atenci\u00f3n e Investigaci\u00f3n Integral contra la Violencia Intrafamiliar (CAVIF).<\/p>\n[\/spoiler]\n[spoiler title=&#8221;Unidades de Reacci\u00f3n Inmediata \u2013 URI&#8221; style=&#8221;2&#8243;]\n<p>Estas Unidades facilitan el acceso ciudadano a la adminis\u00adtraci\u00f3n de justicia, a trav\u00e9s de la prestaci\u00f3n permanente del servicio. Logran la efectividad de la acci\u00f3n judicial y dan respuesta oportuna a las necesidades de la comunidad.<\/p>\n<p>Las URI brindan servicio permanente los 365 d\u00edas del a\u00f1o durante las 24 horas del d\u00eda con unidades ubicadas estrat\u00e9gica\u00admente en el pa\u00eds; dichas unidades est\u00e1n con\u00adformadas por fiscales con funciones de direcci\u00f3n y coordinaci\u00f3n de sus equipos de trabajo, un grupo de investigadores y t\u00e9cnicos adscritos al Cuerpo T\u00e9cnico de Investigaci\u00f3n de la Fiscal\u00eda, la Sijin, el Instituto Nacional de Medicina Legal y Ciencias Forenses y el Ministerio P\u00fablico.<\/p>\n[\/spoiler]\n[spoiler title=&#8221;Salas de Atenci\u00f3n al Usuario \u2013 SAU&#8221; style=&#8221;2&#8243;]\n<p><strong><\/strong>Acercan a la comunidad a la administraci\u00f3n de justicia; prestan atenci\u00f3n a las v\u00edctimas del delito y aplican formas alternas de soluci\u00f3n de conflictos por medio de una metodolog\u00eda pedag\u00f3gica y de sensibilizaci\u00f3n.<\/p>\n<p>En aquellos casos que requieren querella, los ciudadanos encuentran en este modelo de gesti\u00f3n informaci\u00f3n oportuna para que antes de iniciar un proceso de investigaci\u00f3n, las v\u00edctimas y agresores accedan a la instituci\u00f3n para llegar a un acuerdo y recibir orientaci\u00f3n sobre la entidad que atender\u00e1 el caso en forma efectiva.<\/p>\n<p>En la SAU se informa a la comunidad sobre las alternativas para la soluci\u00f3n de conflictos por la v\u00eda de la conciliaci\u00f3n. Esta herramienta evita la congesti\u00f3n de investigaciones y da agilidad y efectividad al Sistema Penal Acusatorio.<\/p>\n<p>En este modelo de gesti\u00f3n act\u00faan psic\u00f3lo\u00adgos, trabajadores sociales y abogados para garantizar el cumplimiento de la aplicaci\u00f3n de los mecanismos de <em>\u201cjusticia restaurativa\u201d<\/em>, especial\u00admente con relaci\u00f3n a la conciliaci\u00f3n preprocesal.<\/p>\n[\/spoiler]\n[spoiler title=&#8221;Casas de Justicia&#8221; style=&#8221;2&#8243;]\n<p>Son centros de informaci\u00f3n, orientaci\u00f3n, referencia y prestaci\u00f3n de servicios de resoluci\u00f3n de conflictos donde se aplican y ejecutan mecanismos que promueven la tolerancia y la convivencia ciudadana.<\/p>\n<p>En las Casas de Justicia se ofrecen a la ciudadan\u00eda espacios integrales de acci\u00f3n en justicia, se forma a la comunidad y a los fun\u00adcionarios en el manejo de mecanismos alternativos para la resoluci\u00f3n de conflictos por la v\u00eda de la conciliaci\u00f3n.<\/p>\n<p>Se propicia la participaci\u00f3n activa de la comunidad en el diagn\u00f3stico y so\u00adluci\u00f3n de conflictos que contribuyan a la construcci\u00f3n de una convivencia pac\u00edfica.<\/p>\n<p>La presencia de la Fiscal\u00eda General de la Naci\u00f3n en las Casas de Justicia se concreta en la conciliaci\u00f3n de delitos querellables y en la orientaci\u00f3n y referencia cuando se trate de delitos que requieren otro procedimiento.<\/p>\n[\/spoiler]\n[spoiler title=&#8221;\u00bfCu\u00e1les son las entidades que ofrecen un servicio integral en las Casas de Justicia?&#8221; style=&#8221;2&#8243;]\n<ul>\n<li>Fiscal\u00eda General de la Naci\u00f3n<\/li>\n<li>Secretar\u00eda de Gobierno Municipal (comisario de familia o inspector de Polic\u00eda)<\/li>\n<li>Instituto Colombiano de Bienestar Familiar (defensor de familia)<\/li>\n<li>Defensor\u00eda del Pueblo (defensor p\u00fablico)<\/li>\n<li>Registradur\u00eda Nacional del Estado Civil (registrador)<\/li>\n<li>Personer\u00eda (abogado)<\/li>\n<li>Instituto Nacional de Medicina Legal y Ciencias Forenses (m\u00e9dico legista)<\/li>\n<li>Secretar\u00eda de Desarrollo Comunitario<\/li>\n<li>Universidades (consultorios jur\u00eddicos, pasant\u00eda en derecho, psicolog\u00eda y trabajo social)<\/li>\n<li>Jueces de paz<\/li>\n<li>Centros de conciliaci\u00f3n<\/li>\n<li>Conciliadores de equidad<\/li>\n<li>Alcald\u00eda (coordinaci\u00f3n, centro de recepci\u00f3n e informaci\u00f3n y centro de c\u00f3mputo)<\/li>\n<\/ul>\n[\/spoiler]\n[spoiler title=&#8221;Modelos de gesti\u00f3n CAIVAS y CAVIF&#8221; style=&#8221;2&#8243;]\n<p>A trav\u00e9s del trabajo interinstitucional, los Centros de Atenci\u00f3n e Investigaci\u00f3n Integral a las V\u00edctimas de Delitos Sexuales (CAIVAS) y los Centros de Atenci\u00f3n e Investigaci\u00f3n Integral contra la Violencia Intrafamiliar (CAVIF) proporcionan un servicio oportuno y eficiente a las v\u00edctimas y personas involucradas en los delitos contra la libertad, integridad y formaci\u00f3n sexual, trata de personas y violencia intrafamiliar, en un marco de respeto por la dignidad humana.<\/p>\n<p>Enfocan su actividad hacia el trato digno a las mujeres, hombres, ni\u00f1os, ni\u00f1as y adolescentes que han sido v\u00edctimas dentro de las ac\u00adtuaciones procesales, con el fin de evitar su doble victimizaci\u00f3n.<\/p>\n<p>Los CAIVAS y CAVIF gestionan y participan de manera activa en acciones encaminadas a la promoci\u00f3n de los derechos y la prevenci\u00f3n de su vulneraci\u00f3n, de modo que las actividades que desarrollan invo\u00adlucran la atenci\u00f3n no s\u00f3lo a las v\u00edctimas, sino tambi\u00e9n a miembros del grupo familiar.<\/p>\n<p>Como los actos de violencia intrafamiliar y abuso sexual requieren acciones preventivas de protecci\u00f3n y sanci\u00f3n, la Fiscal\u00eda General de la Naci\u00f3n implement\u00f3 los Centros de Atenci\u00f3n e Investigaci\u00f3n Integral a las V\u00edctimas de Delitos Sexuales (CAIVAS) y los Cen\u00adtros de Atenci\u00f3n e Investigaci\u00f3n Integral contra la Violencia Intrafamiliar (CAVIF), como modelos de gesti\u00f3n interinstitucional e interdisciplinario encaminados a reestablecer de manera inmediata todos los derechos vulnerados a la v\u00edctima y evitar que este tipo de conductas se repitan en ella misma o en otro integrante del n\u00facleo familiar.<\/p>\n<p>Para ello, estas unidades ofrecen a la ciudadan\u00eda atenci\u00f3n en las \u00e1reas psicol\u00f3gica, social, jur\u00eddica, m\u00e9dico-legal e investigativa, de forma que se promueva la recuperaci\u00f3n y se generen mecanismos de autoprotecci\u00f3n que le eviten de nuevo, ser v\u00edctima de estos delitos.<\/p>\n[\/spoiler]\n<h5><\/h5>\n\n<div class=\"twitter-share\"><a href=\"https:\/\/twitter.com\/intent\/tweet?via=fiscaliacol\" class=\"twitter-share-button\">Tweet<\/a><\/div>\n","protected":false},"excerpt":{"rendered":"<p>En este men\u00fa usted encontrar\u00e1 informaci\u00f3n sobre los Centros de Atenci\u00f3n Ciudadana y sus funciones. Adem\u00e1s, el directorio con la localizaci\u00f3n y los n\u00fameros telef\u00f3nicos de las sedes situadas en [&hellip;]<\/p>\n","protected":false},"author":143,"featured_media":0,"parent":8600,"menu_order":1,"comment_status":"open","ping_status":"open","template":"","meta":{"tdm_status":"","tdm_grid_status":"","footnotes":""},"class_list":["post-8641","page","type-page","status-publish"],"yoast_head":"<!-- This site is optimized with the Yoast SEO plugin v24.3 - https:\/\/yoast.com\/wordpress\/plugins\/seo\/ -->\n<title>Fiscal\u00eda General de la Naci\u00f3n<\/title>\n<meta name=\"description\" content=\"P\u00e1gina oficial de la Fiscal\u00eda General de la Naci\u00f3n \u2013 Colombia. Garantizamos el acceso efectivo a la justicia, la verdad y la reparaci\u00f3n de las v\u00edctimas de los delitos.\" \/>\n<meta name=\"robots\" content=\"index, follow, max-snippet:-1, max-image-preview:large, max-video-preview:-1\" \/>\n<link rel=\"canonical\" href=\"https:\/\/www.fiscalia.gov.co\/colombia\/servicios-de-informacion-al-ciudadano\/centros-de-atencion-ciudadana\/\" \/>\n<meta property=\"og:locale\" content=\"es_ES\" \/>\n<meta property=\"og:type\" content=\"article\" \/>\n<meta property=\"og:title\" content=\"Fiscal\u00eda General de la Naci\u00f3n\" \/>\n<meta property=\"og:description\" content=\"P\u00e1gina oficial de la Fiscal\u00eda General de la Naci\u00f3n \u2013 Colombia. Garantizamos el acceso efectivo a la justicia, la verdad y la reparaci\u00f3n de las v\u00edctimas de los delitos.\" \/>\n<meta property=\"og:url\" content=\"https:\/\/www.fiscalia.gov.co\/colombia\/servicios-de-informacion-al-ciudadano\/centros-de-atencion-ciudadana\/\" \/>\n<meta property=\"og:site_name\" content=\"Fiscal\u00eda General de la Naci\u00f3n\" \/>\n<meta property=\"article:publisher\" content=\"https:\/\/www.facebook.com\/FiscaliaCol\" \/>\n<meta property=\"article:modified_time\" content=\"2015-06-11T21:33:13+00:00\" \/>\n<meta name=\"twitter:card\" content=\"summary_large_image\" \/>\n<meta name=\"twitter:site\" content=\"@FiscaliaCol\" \/>\n<meta name=\"twitter:label1\" content=\"Tiempo de lectura\" \/>\n\t<meta name=\"twitter:data1\" content=\"6 minutos\" \/>\n<script type=\"application\/ld+json\" class=\"yoast-schema-graph\">{\"@context\":\"https:\/\/schema.org\",\"@graph\":[{\"@type\":\"WebPage\",\"@id\":\"https:\/\/www.fiscalia.gov.co\/colombia\/servicios-de-informacion-al-ciudadano\/centros-de-atencion-ciudadana\/\",\"url\":\"https:\/\/www.fiscalia.gov.co\/colombia\/servicios-de-informacion-al-ciudadano\/centros-de-atencion-ciudadana\/\",\"name\":\"Fiscal\u00eda General de la Naci\u00f3n\",\"isPartOf\":{\"@id\":\"https:\/\/www.fiscalia.gov.co\/colombia\/#website\"},\"datePublished\":\"2012-01-05T17:09:17+00:00\",\"dateModified\":\"2015-06-11T21:33:13+00:00\",\"description\":\"P\u00e1gina oficial de la Fiscal\u00eda General de la Naci\u00f3n \u2013 Colombia. Garantizamos el acceso efectivo a la justicia, la verdad y la reparaci\u00f3n de las v\u00edctimas de los delitos.\",\"breadcrumb\":{\"@id\":\"https:\/\/www.fiscalia.gov.co\/colombia\/servicios-de-informacion-al-ciudadano\/centros-de-atencion-ciudadana\/#breadcrumb\"},\"inLanguage\":\"es-CO\",\"potentialAction\":[{\"@type\":\"ReadAction\",\"target\":[\"https:\/\/www.fiscalia.gov.co\/colombia\/servicios-de-informacion-al-ciudadano\/centros-de-atencion-ciudadana\/\"]}]},{\"@type\":\"BreadcrumbList\",\"@id\":\"https:\/\/www.fiscalia.gov.co\/colombia\/servicios-de-informacion-al-ciudadano\/centros-de-atencion-ciudadana\/#breadcrumb\",\"itemListElement\":[{\"@type\":\"ListItem\",\"position\":1,\"name\":\"Home\",\"item\":\"https:\/\/www.fiscalia.gov.co\/colombia\/\"},{\"@type\":\"ListItem\",\"position\":2,\"name\":\"Participaci\u00f3n ciudadana\",\"item\":\"https:\/\/www.fiscalia.gov.co\/colombia\/servicios-de-informacion-al-ciudadano\/\"},{\"@type\":\"ListItem\",\"position\":3,\"name\":\"Oferta Institucional\"}]},{\"@type\":\"WebSite\",\"@id\":\"https:\/\/www.fiscalia.gov.co\/colombia\/#website\",\"url\":\"https:\/\/www.fiscalia.gov.co\/colombia\/\",\"name\":\"Fiscal\u00eda General de la Naci\u00f3n\",\"description\":\"P\u00e1gina oficial de la Fiscal\u00eda General de la Naci\u00f3n \u2013 Colombia. Garantizamos el acceso efectivo a la justicia, la verdad y la reparaci\u00f3n de las v\u00edctimas de los delitos.\",\"publisher\":{\"@id\":\"https:\/\/www.fiscalia.gov.co\/colombia\/#organization\"},\"potentialAction\":[{\"@type\":\"SearchAction\",\"target\":{\"@type\":\"EntryPoint\",\"urlTemplate\":\"https:\/\/www.fiscalia.gov.co\/colombia\/?s={search_term_string}\"},\"query-input\":{\"@type\":\"PropertyValueSpecification\",\"valueRequired\":true,\"valueName\":\"search_term_string\"}}],\"inLanguage\":\"es-CO\"},{\"@type\":\"Organization\",\"@id\":\"https:\/\/www.fiscalia.gov.co\/colombia\/#organization\",\"name\":\"Fiscal\u00eda General de la Naci\u00f3n\",\"url\":\"https:\/\/www.fiscalia.gov.co\/colombia\/\",\"logo\":{\"@type\":\"ImageObject\",\"inLanguage\":\"es-CO\",\"@id\":\"https:\/\/www.fiscalia.gov.co\/colombia\/#\/schema\/logo\/image\/\",\"url\":\"https:\/\/www.fiscalia.gov.co\/colombia\/wp-content\/uploads\/LogoHorizontal_1.jpg\",\"contentUrl\":\"https:\/\/www.fiscalia.gov.co\/colombia\/wp-content\/uploads\/LogoHorizontal_1.jpg\",\"width\":300,\"height\":90,\"caption\":\"Fiscal\u00eda General de la Naci\u00f3n\"},\"image\":{\"@id\":\"https:\/\/www.fiscalia.gov.co\/colombia\/#\/schema\/logo\/image\/\"},\"sameAs\":[\"https:\/\/www.facebook.com\/FiscaliaCol\",\"https:\/\/x.com\/FiscaliaCol\",\"https:\/\/www.instagram.com\/fiscaliacol\",\"https:\/\/www.linkedin.com\/company\/fiscalia-general-de-la-naci-n\/\",\"https:\/\/youtube.com\/@fiscaliageneraldelanacion-4668?si=6nN79nyQICPU5iTh\"]}]}<\/script>\n<!-- \/ Yoast SEO plugin. -->","yoast_head_json":{"title":"Fiscal\u00eda General de la Naci\u00f3n","description":"P\u00e1gina oficial de la Fiscal\u00eda General de la Naci\u00f3n \u2013 Colombia. Garantizamos el acceso efectivo a la justicia, la verdad y la reparaci\u00f3n de las v\u00edctimas de los delitos.","robots":{"index":"index","follow":"follow","max-snippet":"max-snippet:-1","max-image-preview":"max-image-preview:large","max-video-preview":"max-video-preview:-1"},"canonical":"https:\/\/www.fiscalia.gov.co\/colombia\/servicios-de-informacion-al-ciudadano\/centros-de-atencion-ciudadana\/","og_locale":"es_ES","og_type":"article","og_title":"Fiscal\u00eda General de la Naci\u00f3n","og_description":"P\u00e1gina oficial de la Fiscal\u00eda General de la Naci\u00f3n \u2013 Colombia. Garantizamos el acceso efectivo a la justicia, la verdad y la reparaci\u00f3n de las v\u00edctimas de los delitos.","og_url":"https:\/\/www.fiscalia.gov.co\/colombia\/servicios-de-informacion-al-ciudadano\/centros-de-atencion-ciudadana\/","og_site_name":"Fiscal\u00eda General de la Naci\u00f3n","article_publisher":"https:\/\/www.facebook.com\/FiscaliaCol","article_modified_time":"2015-06-11T21:33:13+00:00","twitter_card":"summary_large_image","twitter_site":"@FiscaliaCol","twitter_misc":{"Tiempo de lectura":"6 minutos"},"schema":{"@context":"https:\/\/schema.org","@graph":[{"@type":"WebPage","@id":"https:\/\/www.fiscalia.gov.co\/colombia\/servicios-de-informacion-al-ciudadano\/centros-de-atencion-ciudadana\/","url":"https:\/\/www.fiscalia.gov.co\/colombia\/servicios-de-informacion-al-ciudadano\/centros-de-atencion-ciudadana\/","name":"Fiscal\u00eda General de la Naci\u00f3n","isPartOf":{"@id":"https:\/\/www.fiscalia.gov.co\/colombia\/#website"},"datePublished":"2012-01-05T17:09:17+00:00","dateModified":"2015-06-11T21:33:13+00:00","description":"P\u00e1gina oficial de la Fiscal\u00eda General de la Naci\u00f3n \u2013 Colombia. Garantizamos el acceso efectivo a la justicia, la verdad y la reparaci\u00f3n de las v\u00edctimas de los delitos.","breadcrumb":{"@id":"https:\/\/www.fiscalia.gov.co\/colombia\/servicios-de-informacion-al-ciudadano\/centros-de-atencion-ciudadana\/#breadcrumb"},"inLanguage":"es-CO","potentialAction":[{"@type":"ReadAction","target":["https:\/\/www.fiscalia.gov.co\/colombia\/servicios-de-informacion-al-ciudadano\/centros-de-atencion-ciudadana\/"]}]},{"@type":"BreadcrumbList","@id":"https:\/\/www.fiscalia.gov.co\/colombia\/servicios-de-informacion-al-ciudadano\/centros-de-atencion-ciudadana\/#breadcrumb","itemListElement":[{"@type":"ListItem","position":1,"name":"Home","item":"https:\/\/www.fiscalia.gov.co\/colombia\/"},{"@type":"ListItem","position":2,"name":"Participaci\u00f3n ciudadana","item":"https:\/\/www.fiscalia.gov.co\/colombia\/servicios-de-informacion-al-ciudadano\/"},{"@type":"ListItem","position":3,"name":"Oferta Institucional"}]},{"@type":"WebSite","@id":"https:\/\/www.fiscalia.gov.co\/colombia\/#website","url":"https:\/\/www.fiscalia.gov.co\/colombia\/","name":"Fiscal\u00eda General de la Naci\u00f3n","description":"P\u00e1gina oficial de la Fiscal\u00eda General de la Naci\u00f3n \u2013 Colombia. Garantizamos el acceso efectivo a la justicia, la verdad y la reparaci\u00f3n de las v\u00edctimas de los delitos.","publisher":{"@id":"https:\/\/www.fiscalia.gov.co\/colombia\/#organization"},"potentialAction":[{"@type":"SearchAction","target":{"@type":"EntryPoint","urlTemplate":"https:\/\/www.fiscalia.gov.co\/colombia\/?s={search_term_string}"},"query-input":{"@type":"PropertyValueSpecification","valueRequired":true,"valueName":"search_term_string"}}],"inLanguage":"es-CO"},{"@type":"Organization","@id":"https:\/\/www.fiscalia.gov.co\/colombia\/#organization","name":"Fiscal\u00eda General de la Naci\u00f3n","url":"https:\/\/www.fiscalia.gov.co\/colombia\/","logo":{"@type":"ImageObject","inLanguage":"es-CO","@id":"https:\/\/www.fiscalia.gov.co\/colombia\/#\/schema\/logo\/image\/","url":"https:\/\/www.fiscalia.gov.co\/colombia\/wp-content\/uploads\/LogoHorizontal_1.jpg","contentUrl":"https:\/\/www.fiscalia.gov.co\/colombia\/wp-content\/uploads\/LogoHorizontal_1.jpg","width":300,"height":90,"caption":"Fiscal\u00eda General de la Naci\u00f3n"},"image":{"@id":"https:\/\/www.fiscalia.gov.co\/colombia\/#\/schema\/logo\/image\/"},"sameAs":["https:\/\/www.facebook.com\/FiscaliaCol","https:\/\/x.com\/FiscaliaCol","https:\/\/www.instagram.com\/fiscaliacol","https:\/\/www.linkedin.com\/company\/fiscalia-general-de-la-naci-n\/","https:\/\/youtube.com\/@fiscaliageneraldelanacion-4668?si=6nN79nyQICPU5iTh"]}]}},"_links":{"self":[{"href":"https:\/\/www.fiscalia.gov.co\/colombia\/wp-json\/wp\/v2\/pages\/8641","targetHints":{"allow":["GET"]}}],"collection":[{"href":"https:\/\/www.fiscalia.gov.co\/colombia\/wp-json\/wp\/v2\/pages"}],"about":[{"href":"https:\/\/www.fiscalia.gov.co\/colombia\/wp-json\/wp\/v2\/types\/page"}],"author":[{"embeddable":true,"href":"https:\/\/www.fiscalia.gov.co\/colombia\/wp-json\/wp\/v2\/users\/143"}],"replies":[{"embeddable":true,"href":"https:\/\/www.fiscalia.gov.co\/colombia\/wp-json\/wp\/v2\/comments?post=8641"}],"version-history":[{"count":34,"href":"https:\/\/www.fiscalia.gov.co\/colombia\/wp-json\/wp\/v2\/pages\/8641\/revisions"}],"predecessor-version":[{"id":68657,"href":"https:\/\/www.fiscalia.gov.co\/colombia\/wp-json\/wp\/v2\/pages\/8641\/revisions\/68657"}],"up":[{"embeddable":true,"href":"https:\/\/www.fiscalia.gov.co\/colombia\/wp-json\/wp\/v2\/pages\/8600"}],"wp:attachment":[{"href":"https:\/\/www.fiscalia.gov.co\/colombia\/wp-json\/wp\/v2\/media?parent=8641"}],"curies":[{"name":"wp","href":"https:\/\/api.w.org\/{rel}","templated":true}]}}