{"id":304065,"date":"2024-10-24T14:44:21","date_gmt":"2024-10-24T19:44:21","guid":{"rendered":"https:\/\/www.fiscalia.gov.co\/colombia\/?page_id=304065"},"modified":"2025-02-26T09:58:25","modified_gmt":"2025-02-26T14:58:25","slug":"unidad-especial-de-investigacion","status":"publish","type":"page","link":"https:\/\/www.fiscalia.gov.co\/colombia\/defensores\/unidad-especial-de-investigacion\/","title":{"rendered":"Unidad Especial de Investigaci\u00f3n"},"content":{"rendered":"<section class=\"wpb-content-wrapper\"><div id=\"tdi_1\" class=\"tdc-row\"><div class=\"vc_row tdi_2  wpb_row td-pb-row\" >\n<style scoped>\n\/* custom css - generated by TagDiv Composer *\/\n\n\/* custom css - generated by TagDiv Composer *\/\n.tdi_2,\r\n                .tdi_2 .tdc-columns{\r\n                    min-height: 0;\r\n                }.tdi_2,\r\n\t\t\t\t.tdi_2 .tdc-columns{\r\n\t\t\t\t    display: block;\r\n\t\t\t\t}.tdi_2 .tdc-columns{\r\n\t\t\t\t    width: 100%;\r\n\t\t\t\t}.tdi_2:before,\r\n\t\t\t\t.tdi_2:after{\r\n\t\t\t\t    display: table;\r\n\t\t\t\t}\n<\/style><div class=\"vc_column tdi_4  wpb_column vc_column_container tdc-column td-pb-span12\">\n<style scoped>\n\/* custom css - generated by TagDiv Composer *\/\n\n\/* custom css - generated by TagDiv Composer *\/\n.tdi_4{\r\n                    vertical-align: baseline;\r\n                }.tdi_4 > .wpb_wrapper,\r\n\t\t\t\t.tdi_4 > .wpb_wrapper > .tdc-elements{\r\n\t\t\t\t    display: block;\r\n\t\t\t\t}.tdi_4 > .wpb_wrapper > .tdc-elements{\r\n\t\t\t\t    width: 100%;\r\n\t\t\t\t}.tdi_4 > .wpb_wrapper > .vc_row_inner{\r\n\t\t\t\t    width: auto;\r\n\t\t\t\t}.tdi_4 > .wpb_wrapper{\r\n\t\t\t\t    width: auto;\r\n\t\t\t\t    height: auto;\r\n\t\t\t\t}\n<\/style><div class=\"wpb_wrapper\" ><div class=\"wpb_wrapper td_block_wrap vc_raw_html tdi_6 \"><div class=\"td-fix-index\"><ul class=\"snip1217\">\n  <li><a href=\"https:\/\/www.fiscalia.gov.co\/colombia\/defensores\/estrategia-defensores\/\">Estrategia defensores<\/a><\/li>\n  <li><a href=\"https:\/\/www.fiscalia.gov.co\/colombia\/defensores\/lineas-de-accion-de-la-estrategia\/\">L\u00edneas de acci\u00f3n de la estrategia<\/a><\/li>\n  <li><a href=\"https:\/\/www.fiscalia.gov.co\/colombia\/wp-content\/uploads\/Direccionamiento_Estrategico_2024-2028.pdf\" target=\u201d_blank\u201d>Direccionamiento Estrat\u00e9gico<\/a><\/li>\n  <li><a href=\"https:\/\/www.fiscalia.gov.co\/colombia\/defensores\/informe-de-victimizacion\/\">Informe de Victimizaci\u00f3n<\/a><\/li> \n  <li><a href=\"https:\/\/www.fiscalia.gov.co\/colombia\/defensores\/amenazas\/\">Amenazas<\/a><\/li>\n  <li><a href=\"https:\/\/www.fiscalia.gov.co\/colombia\/defensores\/informes\/\">Informes<\/a><\/li>\n<\/ul>\n<ul class=\"snip1217\">\n  <li class=\"current\"><a href=\"https:\/\/www.fiscalia.gov.co\/colombia\/defensores\/unidad-especial-de-investigacion\/\">Unidad Especial de Investigaci\u00f3n<\/a><\/li>\n  <li><a href=\"https:\/\/www.fiscalia.gov.co\/colombia\/defensores\/delegadas\/ \">Delegadas<\/a><\/li>\n  <li><a href=\"https:\/\/www.fiscalia.gov.co\/colombia\/defensores\/conceptos-basicos\/\">Conceptos b\u00e1sicos<\/a><\/li>\n  <li><a href=\"https:\/\/www.fiscalia.gov.co\/colombia\/defensores\/preguntas-frecuentes\/\">Preguntas frecuentes<\/a><\/li>\n  <li><a href=\"https:\/\/www.fiscalia.gov.co\/colombia\/category\/defensores\/\">Sala de prensa<\/a><\/li>\n<\/ul><\/div><\/div><\/div><\/div><\/div><\/div><div id=\"tdi_7\" class=\"tdc-row\"><div class=\"vc_row tdi_8  wpb_row td-pb-row\" >\n<style scoped>\n\/* custom css - generated by TagDiv Composer *\/\n\n\/* custom css - generated by TagDiv Composer *\/\n.tdi_8,\r\n                .tdi_8 .tdc-columns{\r\n                    min-height: 0;\r\n                }.tdi_8,\r\n\t\t\t\t.tdi_8 .tdc-columns{\r\n\t\t\t\t    display: block;\r\n\t\t\t\t}.tdi_8 .tdc-columns{\r\n\t\t\t\t    width: 100%;\r\n\t\t\t\t}.tdi_8:before,\r\n\t\t\t\t.tdi_8:after{\r\n\t\t\t\t    display: table;\r\n\t\t\t\t}\n<\/style><div class=\"vc_column tdi_10  wpb_column vc_column_container tdc-column td-pb-span12\">\n<style scoped>\n\/* custom css - generated by TagDiv Composer *\/\n\n\/* custom css - generated by TagDiv Composer *\/\n.tdi_10{\r\n                    vertical-align: baseline;\r\n                }.tdi_10 > .wpb_wrapper,\r\n\t\t\t\t.tdi_10 > .wpb_wrapper > .tdc-elements{\r\n\t\t\t\t    display: block;\r\n\t\t\t\t}.tdi_10 > .wpb_wrapper > .tdc-elements{\r\n\t\t\t\t    width: 100%;\r\n\t\t\t\t}.tdi_10 > .wpb_wrapper > .vc_row_inner{\r\n\t\t\t\t    width: auto;\r\n\t\t\t\t}.tdi_10 > .wpb_wrapper{\r\n\t\t\t\t    width: auto;\r\n\t\t\t\t    height: auto;\r\n\t\t\t\t}\n<\/style><div class=\"wpb_wrapper\" >[vc_single_image image=&#8221;308716&#8243; img_size=&#8221;full&#8221;][vc_column_text]\r\n<h2><span style=\"font-weight: 400;\">Sobre la UEI<\/span><\/h2>\r\n<span style=\"font-weight: 400;\">La Unidad Especial de Investigaci\u00f3n hace parte del Acuerdo Final de Paz<\/span><span style=\"font-weight: 400;\">, concretamente en el punto tres (3): \u201cfin del conflicto\u201d. Se ubica en el eje denominado \u201cAcuerdo sobre garant\u00edas de seguridad y la lucha contra las organizaciones y conductas criminales (&#8230;)\u201d contenido en el numeral 3.4. y, de manera espec\u00edfica, en el punto 3.4.4. \u201cCreaci\u00f3n de la Unidad Especial de Investigaci\u00f3n para el desmantelamiento de organizaciones criminales (&#8230;)\u201d con el fin de asegurar la lucha contra la criminalidad organizada y sus redes de apoyo<\/span><span style=\"font-weight: 400;\"> las cuales pueden representar un riesgo en la implementaci\u00f3n del Acuerdo Final de Paz.\u00a0<\/span>\r\n\r\n<span style=\"font-weight: 400;\">En desarrollo de lo anterior, el Decreto Ley 898 de 2017, reglament\u00f3 al interior de la Fiscal\u00eda General de la Naci\u00f3n, la Unidad Especial de Investigaci\u00f3n, cuyo mandato ser\u00e1 la investigaci\u00f3n, persecuci\u00f3n y acusaci\u00f3n de las conductas criminales responsables<\/span> <span style=\"font-weight: 400;\">de homicidios, masacres y violencia sistem\u00e1tica (&#8230;) que atenten contra la implementaci\u00f3n de los acuerdos<\/span><span style=\"font-weight: 400;\">.\u00a0\u00a0\u00a0<\/span>\r\n\r\n<span style=\"font-weight: 400;\">Adem\u00e1s de las normas citadas, la naturaleza y procedimiento de la Unidad Especial de Investigaci\u00f3n se encuentra descrita en el art\u00edculo 250 de la C.N. y se concreta en investigar, acusar y llevar ante los Jueces de la Rep\u00fablica a los autores y part\u00edcipes de conductas punibles que vayan contra la implementaci\u00f3n del Acuerdo de Paz. Para lograrlo, se ha dise\u00f1ado una metodolog\u00eda que permite identificar casos, asociarlos, analizar contextos, examinar fen\u00f3menos pol\u00edticos y sociales que se suceden en los territorios y que afectan la poblaci\u00f3n objeto<\/span><span style=\"font-weight: 400;\">. Y, adem\u00e1s, aplicando y teniendo en cuenta en la investigaci\u00f3n el enfoque diferencial y territorial.\u00a0<\/span>\r\n<h2><span style=\"font-weight: 400;\">Sobre la metodolog\u00eda\u00a0<\/span><\/h2>\r\n<span style=\"font-weight: 400;\">Como parte de la metodolog\u00eda implementada por la Unidad Especial de Investigaci\u00f3n se han identificado seis (6) regiones con el fin de tener una organizaci\u00f3n territorial de las tareas desempe\u00f1adas, en cinco (05) de ellas<\/span><span style=\"font-weight: 400;\">, adem\u00e1s, se han identificado situaciones regionales de macro criminalidad donde convergen econom\u00edas l\u00edcitas e il\u00edcitas, la presencia de Organizaciones Criminales y la ocurrencia de afectaciones contra la poblaci\u00f3n objeto (Defensores y Firmantes).\u00a0 Esta visi\u00f3n desde el territorio ofrece un ejercicio comprensivo de las expresiones de violencia, la cual muestra un car\u00e1cter regional y es tenida en cuenta en la labor que adelanta la Unidad, a continuaci\u00f3n su distribuci\u00f3n.\u00a0<\/span>[\/vc_column_text][vc_single_image image=&#8221;310861&#8243; img_size=&#8221;600&#215;600&#8243; alignment=&#8221;center&#8221;][vc_column_text]<span style=\"font-weight: 400;\">En esta misma l\u00ednea frente a la asociaci\u00f3n de casos y priorizaci\u00f3n para la construcci\u00f3n de patrones de criminalidad regional, la metodolog\u00eda se sustenta en tres variables de an\u00e1lisis:<\/span>\r\n<ol>\r\n \t<li><span style=\"font-weight: 400;\">Territorialidad. Espacio geogr\u00e1fico espec\u00edfico en donde se presentan las afectaciones.<\/span><\/li>\r\n \t<li><span style=\"font-weight: 400;\">Temporalidad. L\u00ednea de tiempo entre el primero y \u00faltimo hecho victimizante que se conoce.<\/span><\/li>\r\n \t<li><span style=\"font-weight: 400;\">Estructura Criminal dominante responsable de las afectaciones.<\/span><\/li>\r\n<\/ol>\r\n<span style=\"font-weight: 400;\">Frente al abordaje de las investigaciones, se avanza en un ejercicio simult\u00e1neo de impulso procesal del hecho victimizante, asociaci\u00f3n de casos, variables expuestas en el punto anterior (sostenibilidad) y la judicializaci\u00f3n de terceros responsables y redes de apoyo de la Organizaci\u00f3n Criminal (consolidaci\u00f3n).\u00a0 <\/span>[\/vc_column_text]<\/div><\/div><\/div><\/div><\/section>\n<div class=\"twitter-share\"><a href=\"https:\/\/twitter.com\/intent\/tweet?via=fiscaliacol\" class=\"twitter-share-button\">Tweet<\/a><\/div>\n","protected":false},"excerpt":{"rendered":"Estrategia defensores L\u00edneas de acci\u00f3n de la estrategia Direccionamiento Estrat\u00e9gico Informe de Victimizaci\u00f3n Amenazas Informes Unidad Especial de Investigaci\u00f3n Delegadas Conceptos b\u00e1sicos Preguntas frecuentes Sala de prensa [vc_single_image image=\"308716\" img_size=\"full\"][vc_column_text] [...]","protected":false},"author":143,"featured_media":0,"parent":193237,"menu_order":0,"comment_status":"closed","ping_status":"closed","template":"","meta":{"_price":"","_stock":"","_tribe_ticket_header":"","_tribe_default_ticket_provider":"","_tribe_ticket_capacity":"0","_ticket_start_date":"","_ticket_end_date":"","_tribe_ticket_show_description":"","_tribe_ticket_show_not_going":false,"_tribe_ticket_use_global_stock":"","_tribe_ticket_global_stock_level":"","_global_stock_mode":"","_global_stock_cap":"","_tribe_rsvp_for_event":"","_tribe_ticket_going_count":"","_tribe_ticket_not_going_count":"","_tribe_tickets_list":"[]","_tribe_ticket_has_attendee_info_fields":false,"tdm_status":"","tdm_grid_status":"","footnotes":"","_tec_slr_enabled":"","_tec_slr_layout":""},"class_list":["post-304065","page","type-page","status-publish"],"yoast_head":"<!-- This site is optimized with the Yoast SEO plugin v24.3 - https:\/\/yoast.com\/wordpress\/plugins\/seo\/ -->\n<title>Fiscal\u00eda General de la Naci\u00f3n<\/title>\n<meta name=\"description\" content=\"P\u00e1gina oficial de la Fiscal\u00eda General de la Naci\u00f3n \u2013 Colombia. Garantizamos el acceso efectivo a la justicia, la verdad y la reparaci\u00f3n de las v\u00edctimas de los delitos.\" \/>\n<meta name=\"robots\" content=\"index, follow, max-snippet:-1, max-image-preview:large, max-video-preview:-1\" \/>\n<link rel=\"canonical\" href=\"https:\/\/www.fiscalia.gov.co\/colombia\/defensores\/unidad-especial-de-investigacion\/\" \/>\n<meta property=\"og:locale\" content=\"es_ES\" \/>\n<meta property=\"og:type\" content=\"article\" \/>\n<meta property=\"og:title\" content=\"Fiscal\u00eda General de la Naci\u00f3n\" \/>\n<meta property=\"og:description\" content=\"P\u00e1gina oficial de la Fiscal\u00eda General de la Naci\u00f3n \u2013 Colombia. Garantizamos el acceso efectivo a la justicia, la verdad y la reparaci\u00f3n de las v\u00edctimas de los delitos.\" \/>\n<meta property=\"og:url\" content=\"https:\/\/www.fiscalia.gov.co\/colombia\/defensores\/unidad-especial-de-investigacion\/\" \/>\n<meta property=\"og:site_name\" content=\"Fiscal\u00eda General de la Naci\u00f3n\" \/>\n<meta property=\"article:publisher\" content=\"https:\/\/www.facebook.com\/FiscaliaCol\" \/>\n<meta property=\"article:modified_time\" content=\"2025-02-26T14:58:25+00:00\" \/>\n<meta name=\"twitter:card\" content=\"summary_large_image\" \/>\n<meta name=\"twitter:site\" content=\"@FiscaliaCol\" \/>\n<meta name=\"twitter:label1\" content=\"Tiempo de lectura\" \/>\n\t<meta name=\"twitter:data1\" content=\"3 minutos\" \/>\n<script type=\"application\/ld+json\" class=\"yoast-schema-graph\">{\"@context\":\"https:\/\/schema.org\",\"@graph\":[{\"@type\":\"WebPage\",\"@id\":\"https:\/\/www.fiscalia.gov.co\/colombia\/defensores\/unidad-especial-de-investigacion\/\",\"url\":\"https:\/\/www.fiscalia.gov.co\/colombia\/defensores\/unidad-especial-de-investigacion\/\",\"name\":\"Fiscal\u00eda General de la Naci\u00f3n\",\"isPartOf\":{\"@id\":\"https:\/\/www.fiscalia.gov.co\/colombia\/#website\"},\"datePublished\":\"2024-10-24T19:44:21+00:00\",\"dateModified\":\"2025-02-26T14:58:25+00:00\",\"description\":\"P\u00e1gina oficial de la Fiscal\u00eda General de la Naci\u00f3n \u2013 Colombia. Garantizamos el acceso efectivo a la justicia, la verdad y la reparaci\u00f3n de las v\u00edctimas de los delitos.\",\"breadcrumb\":{\"@id\":\"https:\/\/www.fiscalia.gov.co\/colombia\/defensores\/unidad-especial-de-investigacion\/#breadcrumb\"},\"inLanguage\":\"es-CO\",\"potentialAction\":[{\"@type\":\"ReadAction\",\"target\":[\"https:\/\/www.fiscalia.gov.co\/colombia\/defensores\/unidad-especial-de-investigacion\/\"]}]},{\"@type\":\"BreadcrumbList\",\"@id\":\"https:\/\/www.fiscalia.gov.co\/colombia\/defensores\/unidad-especial-de-investigacion\/#breadcrumb\",\"itemListElement\":[{\"@type\":\"ListItem\",\"position\":1,\"name\":\"Home\",\"item\":\"https:\/\/www.fiscalia.gov.co\/colombia\/\"},{\"@type\":\"ListItem\",\"position\":2,\"name\":\"Defensores de derechos humanos\",\"item\":\"https:\/\/www.fiscalia.gov.co\/colombia\/defensores\/\"},{\"@type\":\"ListItem\",\"position\":3,\"name\":\"Unidad Especial de Investigaci\u00f3n\"}]},{\"@type\":\"WebSite\",\"@id\":\"https:\/\/www.fiscalia.gov.co\/colombia\/#website\",\"url\":\"https:\/\/www.fiscalia.gov.co\/colombia\/\",\"name\":\"Fiscal\u00eda General de la Naci\u00f3n\",\"description\":\"P\u00e1gina oficial de la Fiscal\u00eda General de la Naci\u00f3n \u2013 Colombia. Garantizamos el acceso efectivo a la justicia, la verdad y la reparaci\u00f3n de las v\u00edctimas de los delitos.\",\"publisher\":{\"@id\":\"https:\/\/www.fiscalia.gov.co\/colombia\/#organization\"},\"potentialAction\":[{\"@type\":\"SearchAction\",\"target\":{\"@type\":\"EntryPoint\",\"urlTemplate\":\"https:\/\/www.fiscalia.gov.co\/colombia\/?s={search_term_string}\"},\"query-input\":{\"@type\":\"PropertyValueSpecification\",\"valueRequired\":true,\"valueName\":\"search_term_string\"}}],\"inLanguage\":\"es-CO\"},{\"@type\":\"Organization\",\"@id\":\"https:\/\/www.fiscalia.gov.co\/colombia\/#organization\",\"name\":\"Fiscal\u00eda General de la Naci\u00f3n\",\"url\":\"https:\/\/www.fiscalia.gov.co\/colombia\/\",\"logo\":{\"@type\":\"ImageObject\",\"inLanguage\":\"es-CO\",\"@id\":\"https:\/\/www.fiscalia.gov.co\/colombia\/#\/schema\/logo\/image\/\",\"url\":\"https:\/\/www.fiscalia.gov.co\/colombia\/wp-content\/uploads\/LogoHorizontal_1.jpg\",\"contentUrl\":\"https:\/\/www.fiscalia.gov.co\/colombia\/wp-content\/uploads\/LogoHorizontal_1.jpg\",\"width\":300,\"height\":90,\"caption\":\"Fiscal\u00eda General de la Naci\u00f3n\"},\"image\":{\"@id\":\"https:\/\/www.fiscalia.gov.co\/colombia\/#\/schema\/logo\/image\/\"},\"sameAs\":[\"https:\/\/www.facebook.com\/FiscaliaCol\",\"https:\/\/x.com\/FiscaliaCol\",\"https:\/\/www.instagram.com\/fiscaliacol\",\"https:\/\/www.linkedin.com\/company\/fiscalia-general-de-la-naci-n\/\",\"https:\/\/youtube.com\/@fiscaliageneraldelanacion-4668?si=6nN79nyQICPU5iTh\"]}]}<\/script>\n<!-- \/ Yoast SEO plugin. -->","yoast_head_json":{"title":"Fiscal\u00eda General de la Naci\u00f3n","description":"P\u00e1gina oficial de la Fiscal\u00eda General de la Naci\u00f3n \u2013 Colombia. Garantizamos el acceso efectivo a la justicia, la verdad y la reparaci\u00f3n de las v\u00edctimas de los delitos.","robots":{"index":"index","follow":"follow","max-snippet":"max-snippet:-1","max-image-preview":"max-image-preview:large","max-video-preview":"max-video-preview:-1"},"canonical":"https:\/\/www.fiscalia.gov.co\/colombia\/defensores\/unidad-especial-de-investigacion\/","og_locale":"es_ES","og_type":"article","og_title":"Fiscal\u00eda General de la Naci\u00f3n","og_description":"P\u00e1gina oficial de la Fiscal\u00eda General de la Naci\u00f3n \u2013 Colombia. Garantizamos el acceso efectivo a la justicia, la verdad y la reparaci\u00f3n de las v\u00edctimas de los delitos.","og_url":"https:\/\/www.fiscalia.gov.co\/colombia\/defensores\/unidad-especial-de-investigacion\/","og_site_name":"Fiscal\u00eda General de la Naci\u00f3n","article_publisher":"https:\/\/www.facebook.com\/FiscaliaCol","article_modified_time":"2025-02-26T14:58:25+00:00","twitter_card":"summary_large_image","twitter_site":"@FiscaliaCol","twitter_misc":{"Tiempo de lectura":"3 minutos"},"schema":{"@context":"https:\/\/schema.org","@graph":[{"@type":"WebPage","@id":"https:\/\/www.fiscalia.gov.co\/colombia\/defensores\/unidad-especial-de-investigacion\/","url":"https:\/\/www.fiscalia.gov.co\/colombia\/defensores\/unidad-especial-de-investigacion\/","name":"Fiscal\u00eda General de la Naci\u00f3n","isPartOf":{"@id":"https:\/\/www.fiscalia.gov.co\/colombia\/#website"},"datePublished":"2024-10-24T19:44:21+00:00","dateModified":"2025-02-26T14:58:25+00:00","description":"P\u00e1gina oficial de la Fiscal\u00eda General de la Naci\u00f3n \u2013 Colombia. Garantizamos el acceso efectivo a la justicia, la verdad y la reparaci\u00f3n de las v\u00edctimas de los delitos.","breadcrumb":{"@id":"https:\/\/www.fiscalia.gov.co\/colombia\/defensores\/unidad-especial-de-investigacion\/#breadcrumb"},"inLanguage":"es-CO","potentialAction":[{"@type":"ReadAction","target":["https:\/\/www.fiscalia.gov.co\/colombia\/defensores\/unidad-especial-de-investigacion\/"]}]},{"@type":"BreadcrumbList","@id":"https:\/\/www.fiscalia.gov.co\/colombia\/defensores\/unidad-especial-de-investigacion\/#breadcrumb","itemListElement":[{"@type":"ListItem","position":1,"name":"Home","item":"https:\/\/www.fiscalia.gov.co\/colombia\/"},{"@type":"ListItem","position":2,"name":"Defensores de derechos humanos","item":"https:\/\/www.fiscalia.gov.co\/colombia\/defensores\/"},{"@type":"ListItem","position":3,"name":"Unidad Especial de Investigaci\u00f3n"}]},{"@type":"WebSite","@id":"https:\/\/www.fiscalia.gov.co\/colombia\/#website","url":"https:\/\/www.fiscalia.gov.co\/colombia\/","name":"Fiscal\u00eda General de la Naci\u00f3n","description":"P\u00e1gina oficial de la Fiscal\u00eda General de la Naci\u00f3n \u2013 Colombia. Garantizamos el acceso efectivo a la justicia, la verdad y la reparaci\u00f3n de las v\u00edctimas de los delitos.","publisher":{"@id":"https:\/\/www.fiscalia.gov.co\/colombia\/#organization"},"potentialAction":[{"@type":"SearchAction","target":{"@type":"EntryPoint","urlTemplate":"https:\/\/www.fiscalia.gov.co\/colombia\/?s={search_term_string}"},"query-input":{"@type":"PropertyValueSpecification","valueRequired":true,"valueName":"search_term_string"}}],"inLanguage":"es-CO"},{"@type":"Organization","@id":"https:\/\/www.fiscalia.gov.co\/colombia\/#organization","name":"Fiscal\u00eda General de la Naci\u00f3n","url":"https:\/\/www.fiscalia.gov.co\/colombia\/","logo":{"@type":"ImageObject","inLanguage":"es-CO","@id":"https:\/\/www.fiscalia.gov.co\/colombia\/#\/schema\/logo\/image\/","url":"https:\/\/www.fiscalia.gov.co\/colombia\/wp-content\/uploads\/LogoHorizontal_1.jpg","contentUrl":"https:\/\/www.fiscalia.gov.co\/colombia\/wp-content\/uploads\/LogoHorizontal_1.jpg","width":300,"height":90,"caption":"Fiscal\u00eda General de la Naci\u00f3n"},"image":{"@id":"https:\/\/www.fiscalia.gov.co\/colombia\/#\/schema\/logo\/image\/"},"sameAs":["https:\/\/www.facebook.com\/FiscaliaCol","https:\/\/x.com\/FiscaliaCol","https:\/\/www.instagram.com\/fiscaliacol","https:\/\/www.linkedin.com\/company\/fiscalia-general-de-la-naci-n\/","https:\/\/youtube.com\/@fiscaliageneraldelanacion-4668?si=6nN79nyQICPU5iTh"]}]}},"ticketed":false,"_links":{"self":[{"href":"https:\/\/www.fiscalia.gov.co\/colombia\/wp-json\/wp\/v2\/pages\/304065","targetHints":{"allow":["GET"]}}],"collection":[{"href":"https:\/\/www.fiscalia.gov.co\/colombia\/wp-json\/wp\/v2\/pages"}],"about":[{"href":"https:\/\/www.fiscalia.gov.co\/colombia\/wp-json\/wp\/v2\/types\/page"}],"author":[{"embeddable":true,"href":"https:\/\/www.fiscalia.gov.co\/colombia\/wp-json\/wp\/v2\/users\/143"}],"replies":[{"embeddable":true,"href":"https:\/\/www.fiscalia.gov.co\/colombia\/wp-json\/wp\/v2\/comments?post=304065"}],"version-history":[{"count":20,"href":"https:\/\/www.fiscalia.gov.co\/colombia\/wp-json\/wp\/v2\/pages\/304065\/revisions"}],"predecessor-version":[{"id":311390,"href":"https:\/\/www.fiscalia.gov.co\/colombia\/wp-json\/wp\/v2\/pages\/304065\/revisions\/311390"}],"up":[{"embeddable":true,"href":"https:\/\/www.fiscalia.gov.co\/colombia\/wp-json\/wp\/v2\/pages\/193237"}],"wp:attachment":[{"href":"https:\/\/www.fiscalia.gov.co\/colombia\/wp-json\/wp\/v2\/media?parent=304065"}],"curies":[{"name":"wp","href":"https:\/\/api.w.org\/{rel}","templated":true}]}}