{"id":304052,"date":"2024-10-24T14:02:22","date_gmt":"2024-10-24T19:02:22","guid":{"rendered":"https:\/\/www.fiscalia.gov.co\/colombia\/?page_id=304052"},"modified":"2025-02-26T09:53:04","modified_gmt":"2025-02-26T14:53:04","slug":"lineas-de-accion-de-la-estrategia","status":"publish","type":"page","link":"https:\/\/www.fiscalia.gov.co\/colombia\/defensores\/lineas-de-accion-de-la-estrategia\/","title":{"rendered":"L\u00edneas de acci\u00f3n de la estrategia"},"content":{"rendered":"<section class=\"wpb-content-wrapper\"><div id=\"tdi_1\" class=\"tdc-row\"><div class=\"vc_row tdi_2  wpb_row td-pb-row\" >\n<style scoped>\n\/* custom css - generated by TagDiv Composer *\/\n\n\/* custom css - generated by TagDiv Composer *\/\n.tdi_2,\r\n                .tdi_2 .tdc-columns{\r\n                    min-height: 0;\r\n                }.tdi_2,\r\n\t\t\t\t.tdi_2 .tdc-columns{\r\n\t\t\t\t    display: block;\r\n\t\t\t\t}.tdi_2 .tdc-columns{\r\n\t\t\t\t    width: 100%;\r\n\t\t\t\t}.tdi_2:before,\r\n\t\t\t\t.tdi_2:after{\r\n\t\t\t\t    display: table;\r\n\t\t\t\t}\n<\/style><div class=\"vc_column tdi_4  wpb_column vc_column_container tdc-column td-pb-span12\">\n<style scoped>\n\/* custom css - generated by TagDiv Composer *\/\n\n\/* custom css - generated by TagDiv Composer *\/\n.tdi_4{\r\n                    vertical-align: baseline;\r\n                }.tdi_4 > .wpb_wrapper,\r\n\t\t\t\t.tdi_4 > .wpb_wrapper > .tdc-elements{\r\n\t\t\t\t    display: block;\r\n\t\t\t\t}.tdi_4 > .wpb_wrapper > .tdc-elements{\r\n\t\t\t\t    width: 100%;\r\n\t\t\t\t}.tdi_4 > .wpb_wrapper > .vc_row_inner{\r\n\t\t\t\t    width: auto;\r\n\t\t\t\t}.tdi_4 > .wpb_wrapper{\r\n\t\t\t\t    width: auto;\r\n\t\t\t\t    height: auto;\r\n\t\t\t\t}\n<\/style><div class=\"wpb_wrapper\" ><div class=\"wpb_wrapper td_block_wrap vc_raw_html tdi_6 \"><div class=\"td-fix-index\"><ul class=\"snip1217\">\n  <li><a href=\"https:\/\/www.fiscalia.gov.co\/colombia\/defensores\/estrategia-defensores\/\">Estrategia defensores<\/a><\/li>\n  <li class=\"current\"><a href=\"https:\/\/www.fiscalia.gov.co\/colombia\/defensores\/lineas-de-accion-de-la-estrategia\/\">L\u00edneas de acci\u00f3n de la estrategia<\/a><\/li>\n  <li><a href=\"https:\/\/www.fiscalia.gov.co\/colombia\/wp-content\/uploads\/Direccionamiento_Estrategico_2024-2028.pdf\" target=\u201d_blank\u201d>Direccionamiento Estrat\u00e9gico<\/a><\/li>\n  <li><a href=\"https:\/\/www.fiscalia.gov.co\/colombia\/defensores\/informe-de-victimizacion\/\">Informe de Victimizaci\u00f3n<\/a><\/li> \n  <li><a href=\"https:\/\/www.fiscalia.gov.co\/colombia\/defensores\/amenazas\/\">Amenazas<\/a><\/li>\n  <li><a href=\"https:\/\/www.fiscalia.gov.co\/colombia\/defensores\/informes\/\">Informes<\/a><\/li>\n<\/ul>\n<ul class=\"snip1217\">\n  <li><a href=\"https:\/\/www.fiscalia.gov.co\/colombia\/defensores\/unidad-especial-de-investigacion\/\">Unidad Especial de Investigaci\u00f3n<\/a><\/li>\n  <li><a href=\"https:\/\/www.fiscalia.gov.co\/colombia\/defensores\/delegadas\/ \">Delegadas<\/a><\/li>\n  <li><a href=\"https:\/\/www.fiscalia.gov.co\/colombia\/defensores\/conceptos-basicos\/\">Conceptos b\u00e1sicos<\/a><\/li>\n  <li><a href=\"https:\/\/www.fiscalia.gov.co\/colombia\/defensores\/preguntas-frecuentes\/\">Preguntas frecuentes<\/a><\/li>\n  <li><a href=\"https:\/\/www.fiscalia.gov.co\/colombia\/category\/defensores\/\">Sala de prensa<\/a><\/li>\n<\/ul><\/div><\/div><\/div><\/div><\/div><\/div><div id=\"tdi_7\" class=\"tdc-row\"><div class=\"vc_row tdi_8  wpb_row td-pb-row\" >\n<style scoped>\n\/* custom css - generated by TagDiv Composer *\/\n\n\/* custom css - generated by TagDiv Composer *\/\n.tdi_8,\r\n                .tdi_8 .tdc-columns{\r\n                    min-height: 0;\r\n                }.tdi_8,\r\n\t\t\t\t.tdi_8 .tdc-columns{\r\n\t\t\t\t    display: block;\r\n\t\t\t\t}.tdi_8 .tdc-columns{\r\n\t\t\t\t    width: 100%;\r\n\t\t\t\t}.tdi_8:before,\r\n\t\t\t\t.tdi_8:after{\r\n\t\t\t\t    display: table;\r\n\t\t\t\t}\n<\/style><div class=\"vc_column tdi_10  wpb_column vc_column_container tdc-column td-pb-span12\">\n<style scoped>\n\/* custom css - generated by TagDiv Composer *\/\n\n\/* custom css - generated by TagDiv Composer *\/\n.tdi_10{\r\n                    vertical-align: baseline;\r\n                }.tdi_10 > .wpb_wrapper,\r\n\t\t\t\t.tdi_10 > .wpb_wrapper > .tdc-elements{\r\n\t\t\t\t    display: block;\r\n\t\t\t\t}.tdi_10 > .wpb_wrapper > .tdc-elements{\r\n\t\t\t\t    width: 100%;\r\n\t\t\t\t}.tdi_10 > .wpb_wrapper > .vc_row_inner{\r\n\t\t\t\t    width: auto;\r\n\t\t\t\t}.tdi_10 > .wpb_wrapper{\r\n\t\t\t\t    width: auto;\r\n\t\t\t\t    height: auto;\r\n\t\t\t\t}\n<\/style><div class=\"wpb_wrapper\" >[vc_single_image image=&#8221;308711&#8243; img_size=&#8221;full&#8221;][vc_column_text]<span style=\"font-weight: 400;\">Avanzar en el impulso procesal de los delitos contra personas defensoras de derechos humanos requiri\u00f3 la formulaci\u00f3n de 8 l\u00edneas de acci\u00f3n que se implementan de manera coordinada. Estas l\u00edneas se sustentan en el trabajo que se ha realizado con los servidores de la Fiscal\u00eda General de la Naci\u00f3n, principales art\u00edfices del cambio de paradigma en la investigaci\u00f3n de delitos contra esta poblaci\u00f3n, su experiencia, su comprensi\u00f3n adecuada del concepto de defensor y responsabilidad en la incorporaci\u00f3n de cada una de las l\u00edneas de acci\u00f3n en la investigaci\u00f3n penal han permitido que esta Entidad presente importantes resultados en la materia.<\/span>\r\n<h2 id=\"seccion-titulo-1\"><span style=\"font-weight: 400;\">1. Iniciaci\u00f3n de un trabajo de cultura institucional con todos los servidores de la Fiscal\u00eda.<\/span><\/h2>\r\n<span style=\"font-weight: 400;\">Se pretende que todos los funcionarios de la entidad reconozcan la importancia de la labor de los defensores y asuman que, en determinadas circunstancias, algunos servidores de la Fiscal\u00eda tambi\u00e9n son defensores de derechos humanos, pues son quienes velan por la garant\u00eda del acceso a la justicia para las v\u00edctimas.<\/span>\r\n<h2 id=\"seccion-titulo-2\"><span style=\"font-weight: 400;\">2. Primera hip\u00f3tesis investigativa.<\/span><\/h2>\r\n<span style=\"font-weight: 400;\">La investigaci\u00f3n penal inicia bajo la hip\u00f3tesis de que el delito se cometi\u00f3 en raz\u00f3n a la labor de defensa de derechos humanos o con el fin de impedir su realizaci\u00f3n. Existen directrices precisas para que los fiscales, al definir el programa metodol\u00f3gico, tengan en cuenta como primera hip\u00f3tesis investigativa que las actividades de defensa de derechos humanos desarrolladas por la v\u00edctima incidieron en los hechos analizados.<\/span>\r\n<h2 id=\"seccion-titulo-3\"><span style=\"font-weight: 400;\">3. Creaci\u00f3n de unidades itinerantes para llegar con prontitud a la escena de los hechos.<\/span><\/h2>\r\n<span style=\"font-weight: 400;\">Se han superado las barreras geogr\u00e1ficas que dificultan la atenci\u00f3n inmediata de hechos delictivos ocurridos en zonas apartadas del pa\u00eds. Esta acci\u00f3n ha permitido que se asegure la escena en donde ocurren los delitos y se realicen actos urgentes de investigaci\u00f3n, que permitan identificar e individualizar a los autores directos y a sus determinadores.<\/span>\r\n<h2 id=\"seccion-titulo-4\"><span style=\"font-weight: 400;\">4. Plan que articula las dependencias dentro de la Entidad para fortalecer la investigaci\u00f3n penal.<\/span><\/h2>\r\n<span style=\"font-weight: 400;\">Con el objetivo de fortalecer las capacidades investigativas de las direcciones seccionales, la estrategia desarrolla una metodolog\u00eda de apoyo a la investigaci\u00f3n por parte de los fiscales que pertenecen a las direcciones nacionales (Unidad Especial, Delegada para la Seguridad Territorial y la Delegada contra la Criminalidad Organizada) y prev\u00e9 su articulaci\u00f3n. As\u00ed, los fiscales de las direcciones seccionales conservan la titularidad de las investigaciones y cuentan con apoyo t\u00e9cnico, investigativo y tecnol\u00f3gico del nivel central.<\/span>\r\n\r\n<span style=\"font-weight: 400;\">Igualmente, el plan de trabajo prev\u00e9 la articulaci\u00f3n entre dependencias nacionales como las Delegadas para la Seguridad territorial, contra la Criminalidad Organizada, contra Finanzas Criminales, la Direcci\u00f3n de Apoyo a la Investigaci\u00f3n y An\u00e1lisis para la Seguridad Territorial, la Direcci\u00f3n de Apoyo a la Investigaci\u00f3n y An\u00e1lisis contra la Criminalidad Organizada.<\/span>\r\n<h2 id=\"seccion-titulo-5\"><span style=\"font-weight: 400;\">5. Aplicaci\u00f3n de una metodolog\u00eda de asociaci\u00f3n de casos.<\/span><\/h2>\r\n<span style=\"font-weight: 400;\">Se busca conectar casos con criterios comunes, que puedan explicar la ocurrencia de conductas delictivas contra personas defensoras de derechos humanos, bien sea a trav\u00e9s de patrones que expliquen la comisi\u00f3n del delito, o por la condici\u00f3n de las v\u00edctimas en relaci\u00f3n con determinado contexto de conflictividad social, geogr\u00e1fico o disputas territoriales.<\/span>\r\n<h2 id=\"seccion-titulo-6\"><span style=\"font-weight: 400;\">6. Directrices para la estandarizaci\u00f3n de la investigaci\u00f3n de delitos contra defensores de Derechos Humanos.<\/span><\/h2>\r\n<span style=\"font-weight: 400;\">Se expidi\u00f3 la\u00a0<\/span><a href=\"https:\/\/www.fiscalia.gov.co\/colombia\/wp-content\/uploads\/Directiva-002-2017-1.pdf\" target=\"_blank\" rel=\"noopener\"><span style=\"font-weight: 400;\">Directiva 002 de 2017<\/span><\/a><span style=\"font-weight: 400;\">\u00a0\u2013 \u201cPor medio de la cual se establecen lineamientos generales sobre la investigaci\u00f3n de delitos cometidos en contra de defensores de derechos humanos en Colombia\u201d Estas directrices gu\u00edan el trabajo de fiscales e investigadores en tres aspectos:<\/span>\r\n<ol>\r\n \t<li style=\"font-weight: 400;\" aria-level=\"1\"><span style=\"font-weight: 400;\">El concepto de personas defensoras de derechos humanos.<\/span><\/li>\r\n \t<li style=\"font-weight: 400;\" aria-level=\"1\"><span style=\"font-weight: 400;\">La debida diligencia.<\/span><\/li>\r\n \t<li style=\"font-weight: 400;\" aria-level=\"1\"><span style=\"font-weight: 400;\">Las primeras actividades para el impulso de los procesos por homicidio de personas defensoras de derechos humanos.<\/span><\/li>\r\n<\/ol>\r\n<h2 id=\"seccion-titulo-7\"><span style=\"font-weight: 400;\">7. Elaboraci\u00f3n y aplicaci\u00f3n de protocolos de intervenci\u00f3n.<\/span><\/h2>\r\n<span style=\"font-weight: 400;\">Estos protocolos de intervenci\u00f3n, cuidadosamente elaborados, han permitido una mejor conservaci\u00f3n de la escena del crimen y de elementos que puedan identificar al victimario, as\u00ed como definir actividades esenciales que debe tener en cuenta el Fiscal en cada una de las etapas procesales. Por ejemplo, el Protocolo de Caracterizaci\u00f3n Victimol\u00f3gica que permite, entre otras, describir la actividad de defensa de derechos humanos de la victima.\u00a0 \u00a0\u00a0<\/span>\r\n<h2 id=\"seccion-titulo-8\"><span style=\"font-weight: 400;\">8. Articulaci\u00f3n de la UEI con los fiscales seccionales de la Delegada para la Seguridad Territorial.\u00a0<\/span><\/h2>\r\n<span style=\"font-weight: 400;\">En todas las direcciones seccionales la Delegada para la Seguridad Territorial cuenta con fiscales destacados para atender la investigaci\u00f3n de homicidios contra personas defensoras de derechos humanos. En las regiones en las que hay presencia de la UEI, los fiscales destacados de las seccionales trabajan en articulaci\u00f3n con los equipos de la Unidad Especial.\u00a0<\/span>[\/vc_column_text]<\/div><\/div><\/div><\/div><\/section>\n<div class=\"twitter-share\"><a href=\"https:\/\/twitter.com\/intent\/tweet?via=fiscaliacol\" class=\"twitter-share-button\">Tweet<\/a><\/div>\n","protected":false},"excerpt":{"rendered":"Estrategia defensores L\u00edneas de acci\u00f3n de la estrategia Direccionamiento Estrat\u00e9gico Informe de Victimizaci\u00f3n Amenazas Informes Unidad Especial de Investigaci\u00f3n Delegadas Conceptos b\u00e1sicos Preguntas frecuentes Sala de prensa [vc_single_image image=\"308711\" img_size=\"full\"][vc_column_text]Avanzar en el impulso procesal de los delitos contra personas defensoras de derechos humanos requiri\u00f3 la formulaci\u00f3n de 8 l\u00edneas de acci\u00f3n que se implementan de [...]","protected":false},"author":143,"featured_media":0,"parent":193237,"menu_order":0,"comment_status":"closed","ping_status":"closed","template":"","meta":{"tdm_status":"","tdm_grid_status":"","footnotes":""},"class_list":["post-304052","page","type-page","status-publish"],"yoast_head":"<!-- This site is optimized with the Yoast SEO plugin v24.3 - https:\/\/yoast.com\/wordpress\/plugins\/seo\/ -->\n<title>Fiscal\u00eda General de la Naci\u00f3n<\/title>\n<meta name=\"description\" content=\"P\u00e1gina oficial de la Fiscal\u00eda General de la Naci\u00f3n \u2013 Colombia. Garantizamos el acceso efectivo a la justicia, la verdad y la reparaci\u00f3n de las v\u00edctimas de los delitos.\" \/>\n<meta name=\"robots\" content=\"index, follow, max-snippet:-1, max-image-preview:large, max-video-preview:-1\" \/>\n<link rel=\"canonical\" href=\"https:\/\/www.fiscalia.gov.co\/colombia\/defensores\/lineas-de-accion-de-la-estrategia\/\" \/>\n<meta property=\"og:locale\" content=\"es_ES\" \/>\n<meta property=\"og:type\" content=\"article\" \/>\n<meta property=\"og:title\" content=\"Fiscal\u00eda General de la Naci\u00f3n\" \/>\n<meta property=\"og:description\" content=\"P\u00e1gina oficial de la Fiscal\u00eda General de la Naci\u00f3n \u2013 Colombia. Garantizamos el acceso efectivo a la justicia, la verdad y la reparaci\u00f3n de las v\u00edctimas de los delitos.\" \/>\n<meta property=\"og:url\" content=\"https:\/\/www.fiscalia.gov.co\/colombia\/defensores\/lineas-de-accion-de-la-estrategia\/\" \/>\n<meta property=\"og:site_name\" content=\"Fiscal\u00eda General de la Naci\u00f3n\" \/>\n<meta property=\"article:publisher\" content=\"https:\/\/www.facebook.com\/FiscaliaCol\" \/>\n<meta property=\"article:modified_time\" content=\"2025-02-26T14:53:04+00:00\" \/>\n<meta name=\"twitter:card\" content=\"summary_large_image\" \/>\n<meta name=\"twitter:site\" content=\"@FiscaliaCol\" \/>\n<meta name=\"twitter:label1\" content=\"Tiempo de lectura\" \/>\n\t<meta name=\"twitter:data1\" content=\"4 minutos\" \/>\n<script type=\"application\/ld+json\" class=\"yoast-schema-graph\">{\"@context\":\"https:\/\/schema.org\",\"@graph\":[{\"@type\":\"WebPage\",\"@id\":\"https:\/\/www.fiscalia.gov.co\/colombia\/defensores\/lineas-de-accion-de-la-estrategia\/\",\"url\":\"https:\/\/www.fiscalia.gov.co\/colombia\/defensores\/lineas-de-accion-de-la-estrategia\/\",\"name\":\"Fiscal\u00eda General de la Naci\u00f3n\",\"isPartOf\":{\"@id\":\"https:\/\/www.fiscalia.gov.co\/colombia\/#website\"},\"datePublished\":\"2024-10-24T19:02:22+00:00\",\"dateModified\":\"2025-02-26T14:53:04+00:00\",\"description\":\"P\u00e1gina oficial de la Fiscal\u00eda General de la Naci\u00f3n \u2013 Colombia. Garantizamos el acceso efectivo a la justicia, la verdad y la reparaci\u00f3n de las v\u00edctimas de los delitos.\",\"breadcrumb\":{\"@id\":\"https:\/\/www.fiscalia.gov.co\/colombia\/defensores\/lineas-de-accion-de-la-estrategia\/#breadcrumb\"},\"inLanguage\":\"es-CO\",\"potentialAction\":[{\"@type\":\"ReadAction\",\"target\":[\"https:\/\/www.fiscalia.gov.co\/colombia\/defensores\/lineas-de-accion-de-la-estrategia\/\"]}]},{\"@type\":\"BreadcrumbList\",\"@id\":\"https:\/\/www.fiscalia.gov.co\/colombia\/defensores\/lineas-de-accion-de-la-estrategia\/#breadcrumb\",\"itemListElement\":[{\"@type\":\"ListItem\",\"position\":1,\"name\":\"Home\",\"item\":\"https:\/\/www.fiscalia.gov.co\/colombia\/\"},{\"@type\":\"ListItem\",\"position\":2,\"name\":\"Defensores de derechos humanos\",\"item\":\"https:\/\/www.fiscalia.gov.co\/colombia\/defensores\/\"},{\"@type\":\"ListItem\",\"position\":3,\"name\":\"L\u00edneas de acci\u00f3n de la estrategia\"}]},{\"@type\":\"WebSite\",\"@id\":\"https:\/\/www.fiscalia.gov.co\/colombia\/#website\",\"url\":\"https:\/\/www.fiscalia.gov.co\/colombia\/\",\"name\":\"Fiscal\u00eda General de la Naci\u00f3n\",\"description\":\"P\u00e1gina oficial de la Fiscal\u00eda General de la Naci\u00f3n \u2013 Colombia. Garantizamos el acceso efectivo a la justicia, la verdad y la reparaci\u00f3n de las v\u00edctimas de los delitos.\",\"publisher\":{\"@id\":\"https:\/\/www.fiscalia.gov.co\/colombia\/#organization\"},\"potentialAction\":[{\"@type\":\"SearchAction\",\"target\":{\"@type\":\"EntryPoint\",\"urlTemplate\":\"https:\/\/www.fiscalia.gov.co\/colombia\/?s={search_term_string}\"},\"query-input\":{\"@type\":\"PropertyValueSpecification\",\"valueRequired\":true,\"valueName\":\"search_term_string\"}}],\"inLanguage\":\"es-CO\"},{\"@type\":\"Organization\",\"@id\":\"https:\/\/www.fiscalia.gov.co\/colombia\/#organization\",\"name\":\"Fiscal\u00eda General de la Naci\u00f3n\",\"url\":\"https:\/\/www.fiscalia.gov.co\/colombia\/\",\"logo\":{\"@type\":\"ImageObject\",\"inLanguage\":\"es-CO\",\"@id\":\"https:\/\/www.fiscalia.gov.co\/colombia\/#\/schema\/logo\/image\/\",\"url\":\"https:\/\/www.fiscalia.gov.co\/colombia\/wp-content\/uploads\/LogoHorizontal_1.jpg\",\"contentUrl\":\"https:\/\/www.fiscalia.gov.co\/colombia\/wp-content\/uploads\/LogoHorizontal_1.jpg\",\"width\":300,\"height\":90,\"caption\":\"Fiscal\u00eda General de la Naci\u00f3n\"},\"image\":{\"@id\":\"https:\/\/www.fiscalia.gov.co\/colombia\/#\/schema\/logo\/image\/\"},\"sameAs\":[\"https:\/\/www.facebook.com\/FiscaliaCol\",\"https:\/\/x.com\/FiscaliaCol\",\"https:\/\/www.instagram.com\/fiscaliacol\",\"https:\/\/www.linkedin.com\/company\/fiscalia-general-de-la-naci-n\/\",\"https:\/\/youtube.com\/@fiscaliageneraldelanacion-4668?si=6nN79nyQICPU5iTh\"]}]}<\/script>\n<!-- \/ Yoast SEO plugin. -->","yoast_head_json":{"title":"Fiscal\u00eda General de la Naci\u00f3n","description":"P\u00e1gina oficial de la Fiscal\u00eda General de la Naci\u00f3n \u2013 Colombia. Garantizamos el acceso efectivo a la justicia, la verdad y la reparaci\u00f3n de las v\u00edctimas de los delitos.","robots":{"index":"index","follow":"follow","max-snippet":"max-snippet:-1","max-image-preview":"max-image-preview:large","max-video-preview":"max-video-preview:-1"},"canonical":"https:\/\/www.fiscalia.gov.co\/colombia\/defensores\/lineas-de-accion-de-la-estrategia\/","og_locale":"es_ES","og_type":"article","og_title":"Fiscal\u00eda General de la Naci\u00f3n","og_description":"P\u00e1gina oficial de la Fiscal\u00eda General de la Naci\u00f3n \u2013 Colombia. Garantizamos el acceso efectivo a la justicia, la verdad y la reparaci\u00f3n de las v\u00edctimas de los delitos.","og_url":"https:\/\/www.fiscalia.gov.co\/colombia\/defensores\/lineas-de-accion-de-la-estrategia\/","og_site_name":"Fiscal\u00eda General de la Naci\u00f3n","article_publisher":"https:\/\/www.facebook.com\/FiscaliaCol","article_modified_time":"2025-02-26T14:53:04+00:00","twitter_card":"summary_large_image","twitter_site":"@FiscaliaCol","twitter_misc":{"Tiempo de lectura":"4 minutos"},"schema":{"@context":"https:\/\/schema.org","@graph":[{"@type":"WebPage","@id":"https:\/\/www.fiscalia.gov.co\/colombia\/defensores\/lineas-de-accion-de-la-estrategia\/","url":"https:\/\/www.fiscalia.gov.co\/colombia\/defensores\/lineas-de-accion-de-la-estrategia\/","name":"Fiscal\u00eda General de la Naci\u00f3n","isPartOf":{"@id":"https:\/\/www.fiscalia.gov.co\/colombia\/#website"},"datePublished":"2024-10-24T19:02:22+00:00","dateModified":"2025-02-26T14:53:04+00:00","description":"P\u00e1gina oficial de la Fiscal\u00eda General de la Naci\u00f3n \u2013 Colombia. Garantizamos el acceso efectivo a la justicia, la verdad y la reparaci\u00f3n de las v\u00edctimas de los delitos.","breadcrumb":{"@id":"https:\/\/www.fiscalia.gov.co\/colombia\/defensores\/lineas-de-accion-de-la-estrategia\/#breadcrumb"},"inLanguage":"es-CO","potentialAction":[{"@type":"ReadAction","target":["https:\/\/www.fiscalia.gov.co\/colombia\/defensores\/lineas-de-accion-de-la-estrategia\/"]}]},{"@type":"BreadcrumbList","@id":"https:\/\/www.fiscalia.gov.co\/colombia\/defensores\/lineas-de-accion-de-la-estrategia\/#breadcrumb","itemListElement":[{"@type":"ListItem","position":1,"name":"Home","item":"https:\/\/www.fiscalia.gov.co\/colombia\/"},{"@type":"ListItem","position":2,"name":"Defensores de derechos humanos","item":"https:\/\/www.fiscalia.gov.co\/colombia\/defensores\/"},{"@type":"ListItem","position":3,"name":"L\u00edneas de acci\u00f3n de la estrategia"}]},{"@type":"WebSite","@id":"https:\/\/www.fiscalia.gov.co\/colombia\/#website","url":"https:\/\/www.fiscalia.gov.co\/colombia\/","name":"Fiscal\u00eda General de la Naci\u00f3n","description":"P\u00e1gina oficial de la Fiscal\u00eda General de la Naci\u00f3n \u2013 Colombia. Garantizamos el acceso efectivo a la justicia, la verdad y la reparaci\u00f3n de las v\u00edctimas de los delitos.","publisher":{"@id":"https:\/\/www.fiscalia.gov.co\/colombia\/#organization"},"potentialAction":[{"@type":"SearchAction","target":{"@type":"EntryPoint","urlTemplate":"https:\/\/www.fiscalia.gov.co\/colombia\/?s={search_term_string}"},"query-input":{"@type":"PropertyValueSpecification","valueRequired":true,"valueName":"search_term_string"}}],"inLanguage":"es-CO"},{"@type":"Organization","@id":"https:\/\/www.fiscalia.gov.co\/colombia\/#organization","name":"Fiscal\u00eda General de la Naci\u00f3n","url":"https:\/\/www.fiscalia.gov.co\/colombia\/","logo":{"@type":"ImageObject","inLanguage":"es-CO","@id":"https:\/\/www.fiscalia.gov.co\/colombia\/#\/schema\/logo\/image\/","url":"https:\/\/www.fiscalia.gov.co\/colombia\/wp-content\/uploads\/LogoHorizontal_1.jpg","contentUrl":"https:\/\/www.fiscalia.gov.co\/colombia\/wp-content\/uploads\/LogoHorizontal_1.jpg","width":300,"height":90,"caption":"Fiscal\u00eda General de la Naci\u00f3n"},"image":{"@id":"https:\/\/www.fiscalia.gov.co\/colombia\/#\/schema\/logo\/image\/"},"sameAs":["https:\/\/www.facebook.com\/FiscaliaCol","https:\/\/x.com\/FiscaliaCol","https:\/\/www.instagram.com\/fiscaliacol","https:\/\/www.linkedin.com\/company\/fiscalia-general-de-la-naci-n\/","https:\/\/youtube.com\/@fiscaliageneraldelanacion-4668?si=6nN79nyQICPU5iTh"]}]}},"_links":{"self":[{"href":"https:\/\/www.fiscalia.gov.co\/colombia\/wp-json\/wp\/v2\/pages\/304052","targetHints":{"allow":["GET"]}}],"collection":[{"href":"https:\/\/www.fiscalia.gov.co\/colombia\/wp-json\/wp\/v2\/pages"}],"about":[{"href":"https:\/\/www.fiscalia.gov.co\/colombia\/wp-json\/wp\/v2\/types\/page"}],"author":[{"embeddable":true,"href":"https:\/\/www.fiscalia.gov.co\/colombia\/wp-json\/wp\/v2\/users\/143"}],"replies":[{"embeddable":true,"href":"https:\/\/www.fiscalia.gov.co\/colombia\/wp-json\/wp\/v2\/comments?post=304052"}],"version-history":[{"count":28,"href":"https:\/\/www.fiscalia.gov.co\/colombia\/wp-json\/wp\/v2\/pages\/304052\/revisions"}],"predecessor-version":[{"id":311385,"href":"https:\/\/www.fiscalia.gov.co\/colombia\/wp-json\/wp\/v2\/pages\/304052\/revisions\/311385"}],"up":[{"embeddable":true,"href":"https:\/\/www.fiscalia.gov.co\/colombia\/wp-json\/wp\/v2\/pages\/193237"}],"wp:attachment":[{"href":"https:\/\/www.fiscalia.gov.co\/colombia\/wp-json\/wp\/v2\/media?parent=304052"}],"curies":[{"name":"wp","href":"https:\/\/api.w.org\/{rel}","templated":true}]}}