{"id":297368,"date":"2024-06-25T14:55:29","date_gmt":"2024-06-25T19:55:29","guid":{"rendered":"https:\/\/www.fiscalia.gov.co\/colombia\/?page_id=297368"},"modified":"2024-06-25T14:57:28","modified_gmt":"2024-06-25T19:57:28","slug":"antecedentes-y-anotaciones-judiciales","status":"publish","type":"page","link":"https:\/\/www.fiscalia.gov.co\/colombia\/portafolio-de-servicios\/antecedentes-y-anotaciones-judiciales\/","title":{"rendered":"Antecedentes y anotaciones judiciales"},"content":{"rendered":"<section class=\"wpb-content-wrapper\"><div id=\"tdi_1\" class=\"tdc-row\"><div class=\"vc_row tdi_2  wpb_row td-pb-row\" >\n<style scoped>\n\/* custom css - generated by TagDiv Composer *\/\n\n\/* custom css - generated by TagDiv Composer *\/\n.tdi_2,\r\n                .tdi_2 .tdc-columns{\r\n                    min-height: 0;\r\n                }.tdi_2,\r\n\t\t\t\t.tdi_2 .tdc-columns{\r\n\t\t\t\t    display: block;\r\n\t\t\t\t}.tdi_2 .tdc-columns{\r\n\t\t\t\t    width: 100%;\r\n\t\t\t\t}.tdi_2:before,\r\n\t\t\t\t.tdi_2:after{\r\n\t\t\t\t    display: table;\r\n\t\t\t\t}\n<\/style><div class=\"vc_column tdi_4  wpb_column vc_column_container tdc-column td-pb-span8\">\n<style scoped>\n\/* custom css - generated by TagDiv Composer *\/\n\n\/* custom css - generated by TagDiv Composer *\/\n.tdi_4{\r\n                    vertical-align: baseline;\r\n                }.tdi_4 > .wpb_wrapper,\r\n\t\t\t\t.tdi_4 > .wpb_wrapper > .tdc-elements{\r\n\t\t\t\t    display: block;\r\n\t\t\t\t}.tdi_4 > .wpb_wrapper > .tdc-elements{\r\n\t\t\t\t    width: 100%;\r\n\t\t\t\t}.tdi_4 > .wpb_wrapper > .vc_row_inner{\r\n\t\t\t\t    width: auto;\r\n\t\t\t\t}.tdi_4 > .wpb_wrapper{\r\n\t\t\t\t    width: auto;\r\n\t\t\t\t    height: auto;\r\n\t\t\t\t}\n<\/style><div class=\"wpb_wrapper\" >[vc_column_text]<strong>\u00bfQu\u00e9 es un Antecedente Penal?<\/strong>\r\n\r\nConforme a lo establecido en la Constituci\u00f3n Nacional en el Art\u00edculo 248.\r\n\r\n\u201cUnicamente las condenas proferidas en sentencias judiciales en forma definitiva tienen la calidad de antecedentes penales y contravencionales en todos los \u00f3rdenes legales\u201d\r\n\r\n<strong>\u00bfQui\u00e9n certifica Antecedentes Judiciales en Colombia?<\/strong>\r\n\r\nDe acuerdo con el Decreto 4057 de 2011, la Polic\u00eda Nacional es la entidad legalmente autorizada para certificar antecedentes judiciales en Colombia, adicionalmente, conforme a lo establecido en el art\u00edculo 131 de la Ley 1955 de 2015, la Policia Nacional administra el Registro \u00fanico de decisiones judiciales en materia penal y jurisdicciones especiales. Esta certificaci\u00f3n se solicita a trav\u00e9s de la p\u00e1gina www.policia.gov.co\r\n\r\nSe\u00f1or ciudadano: Recuerde que no es competencia de la Fiscal\u00eda General de la Naci\u00f3n certificar antecedentes judiciales.\r\n\r\nDiferencia entre un antecedente judicial y una anotaci\u00f3n en los sistemas misionales de Fiscal\u00eda General de la Naci\u00f3n.\r\n\r\n\u201cUnicamente las condenas proferidas en sentencias judiciales en forma definitiva tienen la calidad de antecedentes penales y contravencionales en todos los \u00f3rdenes legales\u201d\r\n\r\nLos antecedentes penales tienen car\u00e1cter de informaci\u00f3n p\u00fablica, toda vez que evidencian la decisi\u00f3n adoptada por la autoridad competente a trav\u00e9s de una providencia en firme.\r\n\r\nLas anotaciones en los sistemas misionales de la FGN, son registros de informaci\u00f3n que realiza la Fiscal\u00eda en el marco de sus funciones legales y constitucionales, en ejercicio de la facultad para recaudar algunos datos sensibles que resultan estrictamente necesarios para el ejercicio de la acci\u00f3n penal.\r\n\r\nEsta informaci\u00f3n (anotaciones) no constituye un antecedente penal ya que no se deriva de sentencias condenatorias en firme, no constituye informaci\u00f3n p\u00fablica y por lo tanto su circulaci\u00f3n es restringida. Adicionalmente, se encuentra protegida por la reserva legal.\r\n\r\nLa Fiscal\u00eda General de la Naci\u00f3n advierte que la informaci\u00f3n contenida en los sistemas misionales relacionados con vinculaci\u00f3n a procesos penales debe ser tratada respetando el principio constitucional de presunci\u00f3n de inocencia (art\u00edculo 29 superior), el cual establece que \u201cToda persona se presume inocente mientras no se la haya declarado judicialmente culpable\u201d.\r\n\r\nInformaci\u00f3n: Es el requerimiento realizado por un ciudadano, con el cual se busca indagar una situaci\u00f3n que corresponde a la naturaleza y finalidad de la Fiscal\u00eda General de la Naci\u00f3n. Se resuelven dentro de los 10 d\u00edas h\u00e1biles siguientes a su recepci\u00f3n.\r\n\r\nNota: Tenga en cuenta que si su solicitud se relaciona con informaci\u00f3n acerca de vinculaci\u00f3n a procesos penales en la Fiscal\u00eda General de la Naci\u00f3n es necesario para su tr\u00e1mite que adjunte la siguiente documentaci\u00f3n:\r\n<ul>\r\n \t<li>Copia simple y legible de su documento de identidad.<\/li>\r\n \t<li>Si act\u00faa en calidad de apoderado debe adjuntar copia legible del poder debidamente otorgado.<\/li>\r\n \t<li>Si solicita informaci\u00f3n de un tercero debe anexar la autorizaci\u00f3n otorgada por el titular del dato personal que lo legitima para acceder a dicha informaci\u00f3n, copia simple y legible de documento de identidad de qui\u00e9n lo autoriza.<\/li>\r\n<\/ul>\r\nLa consulta sobre vinculaci\u00f3n a procesos penales se efect\u00faa \u00fanicamente para personas naturales con las siguientes variables:\r\n<ul>\r\n \t<li>Nombre completo<\/li>\r\n \t<li>N\u00famero del documento de identidad<\/li>\r\n<\/ul>\r\nLo anterior en cumplimiento a lo establecido en la Ley Estatutaria 1581 de 2012 y Resoluci\u00f3n 0-1194 de 2020[\/vc_column_text]<\/div><\/div><div class=\"vc_column tdi_6  wpb_column vc_column_container tdc-column td-pb-span4\">\n<style scoped>\n\/* custom css - generated by TagDiv Composer *\/\n\n\/* custom css - generated by TagDiv Composer *\/\n.tdi_6{\r\n                    vertical-align: baseline;\r\n                }.tdi_6 > .wpb_wrapper,\r\n\t\t\t\t.tdi_6 > .wpb_wrapper > .tdc-elements{\r\n\t\t\t\t    display: block;\r\n\t\t\t\t}.tdi_6 > .wpb_wrapper > .tdc-elements{\r\n\t\t\t\t    width: 100%;\r\n\t\t\t\t}.tdi_6 > .wpb_wrapper > .vc_row_inner{\r\n\t\t\t\t    width: auto;\r\n\t\t\t\t}.tdi_6 > .wpb_wrapper{\r\n\t\t\t\t    width: auto;\r\n\t\t\t\t    height: auto;\r\n\t\t\t\t}\n<\/style><div class=\"wpb_wrapper\" ><div class=\"wpb_wrapper td_block_wrap vc_widget_sidebar tdi_8 \" ><aside class=\"td_block_template_6 widget widget_nav_menu\"><h4 class=\"td-block-title\"><span>Servicio al ciudadano<\/span><\/h4><div class=\"menu-atencion-al-usuario-container\"><ul id=\"menu-atencion-al-usuario\" class=\"menu\"><li id=\"menu-item-298336\" class=\"menu-item menu-item-type-post_type menu-item-object-page menu-item-first menu-item-298336\"><a href=\"https:\/\/www.fiscalia.gov.co\/colombia\/menu-atencion-y-servicios-a-la-ciudadania\/\">Men\u00fa Atenci\u00f3n y Servicios a la Ciudadan\u00eda<\/a><\/li>\n<li id=\"menu-item-107291\" class=\"menu-item menu-item-type-custom menu-item-object-custom menu-item-107291\"><a target=\"_blank\" href=\"https:\/\/www.fiscalia.gov.co\/colombia\/menu-atencion-y-servicios-a-la-ciudadania\/puntos-de-atencion-fiscalia\/\">Puntos de Recepci\u00f3n de Denuncias<\/a><\/li>\n<li id=\"menu-item-315193\" class=\"menu-item menu-item-type-post_type menu-item-object-page menu-item-315193\"><a href=\"https:\/\/www.fiscalia.gov.co\/colombia\/justicia-transicional-2\/\">Justicia Transicional<\/a><\/li>\n<li id=\"menu-item-168988\" class=\"menu-item menu-item-type-post_type menu-item-object-page menu-item-168988\"><a target=\"_blank\" href=\"https:\/\/www.fiscalia.gov.co\/colombia\/gestion\/informe-de-peticiones-quejas-y-reclamos\/\">Informes trimestrales sobre acceso a informaci\u00f3n, quejas y reclamos<\/a><\/li>\n<li id=\"menu-item-104258\" class=\"menu-item menu-item-type-post_type menu-item-object-page menu-item-104258\"><a target=\"_blank\" href=\"https:\/\/www.fiscalia.gov.co\/colombia\/portafolio-de-servicios\/\">Portafolio de servicios<\/a><\/li>\n<li id=\"menu-item-112179\" class=\"menu-item menu-item-type-custom menu-item-object-custom menu-item-112179\"><a target=\"_blank\" href=\"https:\/\/fiscaliagn.maps.arcgis.com\/apps\/webappviewer\/index.html?id=9e38e436e9e645b3a39a837fe42e2b5d%20\">Nuestro directorio<\/a><\/li>\n<li id=\"menu-item-107909\" class=\"menu-item menu-item-type-post_type menu-item-object-page menu-item-107909\"><a target=\"_blank\" href=\"https:\/\/www.fiscalia.gov.co\/colombia\/gestion\/estadisticas\/\">Datos abiertos de la Fiscal\u00eda General de la Naci\u00f3n<\/a><\/li>\n<li id=\"menu-item-316827\" class=\"menu-item menu-item-type-post_type menu-item-object-page menu-item-316827\"><a href=\"https:\/\/www.fiscalia.gov.co\/colombia\/servicios-de-informacion-al-ciudadano\/consultas\/nombramientos\/\">Nombramientos<\/a><\/li>\n<li id=\"menu-item-315811\" class=\"menu-item menu-item-type-post_type menu-item-object-page menu-item-315811\"><a href=\"https:\/\/www.fiscalia.gov.co\/colombia\/contrataciones\/aspirantes\/\">Aspirantes<\/a><\/li>\n<li id=\"menu-item-315069\" class=\"menu-item menu-item-type-post_type menu-item-object-page menu-item-315069\"><a href=\"https:\/\/www.fiscalia.gov.co\/colombia\/la-entidad\/ofertas-de-empleo\/\">Ofertas de empleo<\/a><\/li>\n<li id=\"menu-item-104262\" class=\"menu-item menu-item-type-post_type menu-item-object-page menu-item-104262\"><a target=\"_blank\" href=\"https:\/\/www.fiscalia.gov.co\/colombia\/servicios-de-informacion-al-ciudadano\/buzon-de-quejas-y-reclamos\/\">Formule y haga seguimiento a su PQRS<\/a><\/li>\n<li id=\"menu-item-252269\" class=\"menu-item menu-item-type-post_type menu-item-object-page menu-item-252269\"><a target=\"_blank\" href=\"https:\/\/www.fiscalia.gov.co\/colombia\/fiscalia-para-ninos-ninas-y-adolescentes\/\">Fiscal\u00eda para ni\u00f1os, ni\u00f1as y adolescentes<\/a><\/li>\n<li id=\"menu-item-104267\" class=\"menu-item menu-item-type-post_type menu-item-object-page menu-item-104267\"><a target=\"_blank\" href=\"https:\/\/www.fiscalia.gov.co\/colombia\/servicios-de-informacion-al-ciudadano\/preguntas-frecuentes\/\">Preguntas frecuentes<\/a><\/li>\n<li id=\"menu-item-106954\" class=\"menu-item menu-item-type-post_type menu-item-object-page menu-item-106954\"><a target=\"_blank\" href=\"https:\/\/www.fiscalia.gov.co\/colombia\/transparencia-y-acceso-a-informacion-publica\/glosario\/\">Glosario<\/a><\/li>\n<\/ul><\/div><\/aside><\/div><\/div><\/div><\/div><\/div><\/section>\n<div class=\"twitter-share\"><a href=\"https:\/\/twitter.com\/intent\/tweet?via=fiscaliacol\" class=\"twitter-share-button\">Tweet<\/a><\/div>\n","protected":false},"excerpt":{"rendered":"[vc_column_text]\u00bfQu\u00e9 es un Antecedente Penal? Conforme a lo establecido en la Constituci\u00f3n Nacional en el Art\u00edculo 248. \u201cUnicamente las condenas proferidas en sentencias judiciales en forma definitiva tienen la calidad de antecedentes penales y contravencionales en todos los \u00f3rdenes legales\u201d \u00bfQui\u00e9n certifica Antecedentes Judiciales en Colombia? De acuerdo con el Decreto 4057 de 2011, la [...]","protected":false},"author":175,"featured_media":0,"parent":104245,"menu_order":0,"comment_status":"closed","ping_status":"closed","template":"page-pagebuilder-title.php","meta":{"_price":"","_stock":"","_tribe_ticket_header":"","_tribe_default_ticket_provider":"","_tribe_ticket_capacity":"0","_ticket_start_date":"","_ticket_end_date":"","_tribe_ticket_show_description":"","_tribe_ticket_show_not_going":false,"_tribe_ticket_use_global_stock":"","_tribe_ticket_global_stock_level":"","_global_stock_mode":"","_global_stock_cap":"","_tribe_rsvp_for_event":"","_tribe_ticket_going_count":"","_tribe_ticket_not_going_count":"","_tribe_tickets_list":"[]","_tribe_ticket_has_attendee_info_fields":false,"tdm_status":"","tdm_grid_status":"","footnotes":"","_tec_slr_enabled":"","_tec_slr_layout":""},"class_list":["post-297368","page","type-page","status-publish"],"yoast_head":"<!-- This site is optimized with the Yoast SEO plugin v24.3 - https:\/\/yoast.com\/wordpress\/plugins\/seo\/ -->\n<title>Fiscal\u00eda General de la Naci\u00f3n<\/title>\n<meta name=\"description\" content=\"P\u00e1gina oficial de la Fiscal\u00eda General de la Naci\u00f3n \u2013 Colombia. Garantizamos el acceso efectivo a la justicia, la verdad y la reparaci\u00f3n de las v\u00edctimas de los delitos.\" \/>\n<meta name=\"robots\" content=\"index, follow, max-snippet:-1, max-image-preview:large, max-video-preview:-1\" \/>\n<link rel=\"canonical\" href=\"https:\/\/www.fiscalia.gov.co\/colombia\/portafolio-de-servicios\/antecedentes-y-anotaciones-judiciales\/\" \/>\n<meta property=\"og:locale\" content=\"es_ES\" \/>\n<meta property=\"og:type\" content=\"article\" \/>\n<meta property=\"og:title\" content=\"Fiscal\u00eda General de la Naci\u00f3n\" \/>\n<meta property=\"og:description\" content=\"P\u00e1gina oficial de la Fiscal\u00eda General de la Naci\u00f3n \u2013 Colombia. Garantizamos el acceso efectivo a la justicia, la verdad y la reparaci\u00f3n de las v\u00edctimas de los delitos.\" \/>\n<meta property=\"og:url\" content=\"https:\/\/www.fiscalia.gov.co\/colombia\/portafolio-de-servicios\/antecedentes-y-anotaciones-judiciales\/\" \/>\n<meta property=\"og:site_name\" content=\"Fiscal\u00eda General de la Naci\u00f3n\" \/>\n<meta property=\"article:publisher\" content=\"https:\/\/www.facebook.com\/FiscaliaCol\" \/>\n<meta property=\"article:modified_time\" content=\"2024-06-25T19:57:28+00:00\" \/>\n<meta name=\"twitter:card\" content=\"summary_large_image\" \/>\n<meta name=\"twitter:site\" content=\"@FiscaliaCol\" \/>\n<meta name=\"twitter:label1\" content=\"Tiempo de lectura\" \/>\n\t<meta name=\"twitter:data1\" content=\"3 minutos\" \/>\n<script type=\"application\/ld+json\" class=\"yoast-schema-graph\">{\"@context\":\"https:\/\/schema.org\",\"@graph\":[{\"@type\":\"WebPage\",\"@id\":\"https:\/\/www.fiscalia.gov.co\/colombia\/portafolio-de-servicios\/antecedentes-y-anotaciones-judiciales\/\",\"url\":\"https:\/\/www.fiscalia.gov.co\/colombia\/portafolio-de-servicios\/antecedentes-y-anotaciones-judiciales\/\",\"name\":\"Fiscal\u00eda General de la Naci\u00f3n\",\"isPartOf\":{\"@id\":\"https:\/\/www.fiscalia.gov.co\/colombia\/#website\"},\"datePublished\":\"2024-06-25T19:55:29+00:00\",\"dateModified\":\"2024-06-25T19:57:28+00:00\",\"description\":\"P\u00e1gina oficial de la Fiscal\u00eda General de la Naci\u00f3n \u2013 Colombia. Garantizamos el acceso efectivo a la justicia, la verdad y la reparaci\u00f3n de las v\u00edctimas de los delitos.\",\"breadcrumb\":{\"@id\":\"https:\/\/www.fiscalia.gov.co\/colombia\/portafolio-de-servicios\/antecedentes-y-anotaciones-judiciales\/#breadcrumb\"},\"inLanguage\":\"es-CO\",\"potentialAction\":[{\"@type\":\"ReadAction\",\"target\":[\"https:\/\/www.fiscalia.gov.co\/colombia\/portafolio-de-servicios\/antecedentes-y-anotaciones-judiciales\/\"]}]},{\"@type\":\"BreadcrumbList\",\"@id\":\"https:\/\/www.fiscalia.gov.co\/colombia\/portafolio-de-servicios\/antecedentes-y-anotaciones-judiciales\/#breadcrumb\",\"itemListElement\":[{\"@type\":\"ListItem\",\"position\":1,\"name\":\"Home\",\"item\":\"https:\/\/www.fiscalia.gov.co\/colombia\/\"},{\"@type\":\"ListItem\",\"position\":2,\"name\":\"Portafolio de servicios\",\"item\":\"https:\/\/www.fiscalia.gov.co\/colombia\/portafolio-de-servicios\/\"},{\"@type\":\"ListItem\",\"position\":3,\"name\":\"Antecedentes y anotaciones judiciales\"}]},{\"@type\":\"WebSite\",\"@id\":\"https:\/\/www.fiscalia.gov.co\/colombia\/#website\",\"url\":\"https:\/\/www.fiscalia.gov.co\/colombia\/\",\"name\":\"Fiscal\u00eda General de la Naci\u00f3n\",\"description\":\"P\u00e1gina oficial de la Fiscal\u00eda General de la Naci\u00f3n \u2013 Colombia. Garantizamos el acceso efectivo a la justicia, la verdad y la reparaci\u00f3n de las v\u00edctimas de los delitos.\",\"publisher\":{\"@id\":\"https:\/\/www.fiscalia.gov.co\/colombia\/#organization\"},\"potentialAction\":[{\"@type\":\"SearchAction\",\"target\":{\"@type\":\"EntryPoint\",\"urlTemplate\":\"https:\/\/www.fiscalia.gov.co\/colombia\/?s={search_term_string}\"},\"query-input\":{\"@type\":\"PropertyValueSpecification\",\"valueRequired\":true,\"valueName\":\"search_term_string\"}}],\"inLanguage\":\"es-CO\"},{\"@type\":\"Organization\",\"@id\":\"https:\/\/www.fiscalia.gov.co\/colombia\/#organization\",\"name\":\"Fiscal\u00eda General de la Naci\u00f3n\",\"url\":\"https:\/\/www.fiscalia.gov.co\/colombia\/\",\"logo\":{\"@type\":\"ImageObject\",\"inLanguage\":\"es-CO\",\"@id\":\"https:\/\/www.fiscalia.gov.co\/colombia\/#\/schema\/logo\/image\/\",\"url\":\"https:\/\/www.fiscalia.gov.co\/colombia\/wp-content\/uploads\/LogoHorizontal_1.jpg\",\"contentUrl\":\"https:\/\/www.fiscalia.gov.co\/colombia\/wp-content\/uploads\/LogoHorizontal_1.jpg\",\"width\":300,\"height\":90,\"caption\":\"Fiscal\u00eda General de la Naci\u00f3n\"},\"image\":{\"@id\":\"https:\/\/www.fiscalia.gov.co\/colombia\/#\/schema\/logo\/image\/\"},\"sameAs\":[\"https:\/\/www.facebook.com\/FiscaliaCol\",\"https:\/\/x.com\/FiscaliaCol\",\"https:\/\/www.instagram.com\/fiscaliacol\",\"https:\/\/www.linkedin.com\/company\/fiscalia-general-de-la-naci-n\/\",\"https:\/\/youtube.com\/@fiscaliageneraldelanacion-4668?si=6nN79nyQICPU5iTh\"]}]}<\/script>\n<!-- \/ Yoast SEO plugin. -->","yoast_head_json":{"title":"Fiscal\u00eda General de la Naci\u00f3n","description":"P\u00e1gina oficial de la Fiscal\u00eda General de la Naci\u00f3n \u2013 Colombia. Garantizamos el acceso efectivo a la justicia, la verdad y la reparaci\u00f3n de las v\u00edctimas de los delitos.","robots":{"index":"index","follow":"follow","max-snippet":"max-snippet:-1","max-image-preview":"max-image-preview:large","max-video-preview":"max-video-preview:-1"},"canonical":"https:\/\/www.fiscalia.gov.co\/colombia\/portafolio-de-servicios\/antecedentes-y-anotaciones-judiciales\/","og_locale":"es_ES","og_type":"article","og_title":"Fiscal\u00eda General de la Naci\u00f3n","og_description":"P\u00e1gina oficial de la Fiscal\u00eda General de la Naci\u00f3n \u2013 Colombia. Garantizamos el acceso efectivo a la justicia, la verdad y la reparaci\u00f3n de las v\u00edctimas de los delitos.","og_url":"https:\/\/www.fiscalia.gov.co\/colombia\/portafolio-de-servicios\/antecedentes-y-anotaciones-judiciales\/","og_site_name":"Fiscal\u00eda General de la Naci\u00f3n","article_publisher":"https:\/\/www.facebook.com\/FiscaliaCol","article_modified_time":"2024-06-25T19:57:28+00:00","twitter_card":"summary_large_image","twitter_site":"@FiscaliaCol","twitter_misc":{"Tiempo de lectura":"3 minutos"},"schema":{"@context":"https:\/\/schema.org","@graph":[{"@type":"WebPage","@id":"https:\/\/www.fiscalia.gov.co\/colombia\/portafolio-de-servicios\/antecedentes-y-anotaciones-judiciales\/","url":"https:\/\/www.fiscalia.gov.co\/colombia\/portafolio-de-servicios\/antecedentes-y-anotaciones-judiciales\/","name":"Fiscal\u00eda General de la Naci\u00f3n","isPartOf":{"@id":"https:\/\/www.fiscalia.gov.co\/colombia\/#website"},"datePublished":"2024-06-25T19:55:29+00:00","dateModified":"2024-06-25T19:57:28+00:00","description":"P\u00e1gina oficial de la Fiscal\u00eda General de la Naci\u00f3n \u2013 Colombia. Garantizamos el acceso efectivo a la justicia, la verdad y la reparaci\u00f3n de las v\u00edctimas de los delitos.","breadcrumb":{"@id":"https:\/\/www.fiscalia.gov.co\/colombia\/portafolio-de-servicios\/antecedentes-y-anotaciones-judiciales\/#breadcrumb"},"inLanguage":"es-CO","potentialAction":[{"@type":"ReadAction","target":["https:\/\/www.fiscalia.gov.co\/colombia\/portafolio-de-servicios\/antecedentes-y-anotaciones-judiciales\/"]}]},{"@type":"BreadcrumbList","@id":"https:\/\/www.fiscalia.gov.co\/colombia\/portafolio-de-servicios\/antecedentes-y-anotaciones-judiciales\/#breadcrumb","itemListElement":[{"@type":"ListItem","position":1,"name":"Home","item":"https:\/\/www.fiscalia.gov.co\/colombia\/"},{"@type":"ListItem","position":2,"name":"Portafolio de servicios","item":"https:\/\/www.fiscalia.gov.co\/colombia\/portafolio-de-servicios\/"},{"@type":"ListItem","position":3,"name":"Antecedentes y anotaciones judiciales"}]},{"@type":"WebSite","@id":"https:\/\/www.fiscalia.gov.co\/colombia\/#website","url":"https:\/\/www.fiscalia.gov.co\/colombia\/","name":"Fiscal\u00eda General de la Naci\u00f3n","description":"P\u00e1gina oficial de la Fiscal\u00eda General de la Naci\u00f3n \u2013 Colombia. Garantizamos el acceso efectivo a la justicia, la verdad y la reparaci\u00f3n de las v\u00edctimas de los delitos.","publisher":{"@id":"https:\/\/www.fiscalia.gov.co\/colombia\/#organization"},"potentialAction":[{"@type":"SearchAction","target":{"@type":"EntryPoint","urlTemplate":"https:\/\/www.fiscalia.gov.co\/colombia\/?s={search_term_string}"},"query-input":{"@type":"PropertyValueSpecification","valueRequired":true,"valueName":"search_term_string"}}],"inLanguage":"es-CO"},{"@type":"Organization","@id":"https:\/\/www.fiscalia.gov.co\/colombia\/#organization","name":"Fiscal\u00eda General de la Naci\u00f3n","url":"https:\/\/www.fiscalia.gov.co\/colombia\/","logo":{"@type":"ImageObject","inLanguage":"es-CO","@id":"https:\/\/www.fiscalia.gov.co\/colombia\/#\/schema\/logo\/image\/","url":"https:\/\/www.fiscalia.gov.co\/colombia\/wp-content\/uploads\/LogoHorizontal_1.jpg","contentUrl":"https:\/\/www.fiscalia.gov.co\/colombia\/wp-content\/uploads\/LogoHorizontal_1.jpg","width":300,"height":90,"caption":"Fiscal\u00eda General de la Naci\u00f3n"},"image":{"@id":"https:\/\/www.fiscalia.gov.co\/colombia\/#\/schema\/logo\/image\/"},"sameAs":["https:\/\/www.facebook.com\/FiscaliaCol","https:\/\/x.com\/FiscaliaCol","https:\/\/www.instagram.com\/fiscaliacol","https:\/\/www.linkedin.com\/company\/fiscalia-general-de-la-naci-n\/","https:\/\/youtube.com\/@fiscaliageneraldelanacion-4668?si=6nN79nyQICPU5iTh"]}]}},"ticketed":false,"_links":{"self":[{"href":"https:\/\/www.fiscalia.gov.co\/colombia\/wp-json\/wp\/v2\/pages\/297368","targetHints":{"allow":["GET"]}}],"collection":[{"href":"https:\/\/www.fiscalia.gov.co\/colombia\/wp-json\/wp\/v2\/pages"}],"about":[{"href":"https:\/\/www.fiscalia.gov.co\/colombia\/wp-json\/wp\/v2\/types\/page"}],"author":[{"embeddable":true,"href":"https:\/\/www.fiscalia.gov.co\/colombia\/wp-json\/wp\/v2\/users\/175"}],"replies":[{"embeddable":true,"href":"https:\/\/www.fiscalia.gov.co\/colombia\/wp-json\/wp\/v2\/comments?post=297368"}],"version-history":[{"count":3,"href":"https:\/\/www.fiscalia.gov.co\/colombia\/wp-json\/wp\/v2\/pages\/297368\/revisions"}],"predecessor-version":[{"id":297372,"href":"https:\/\/www.fiscalia.gov.co\/colombia\/wp-json\/wp\/v2\/pages\/297368\/revisions\/297372"}],"up":[{"embeddable":true,"href":"https:\/\/www.fiscalia.gov.co\/colombia\/wp-json\/wp\/v2\/pages\/104245"}],"wp:attachment":[{"href":"https:\/\/www.fiscalia.gov.co\/colombia\/wp-json\/wp\/v2\/media?parent=297368"}],"curies":[{"name":"wp","href":"https:\/\/api.w.org\/{rel}","templated":true}]}}