{"id":227170,"date":"2021-08-11T10:16:09","date_gmt":"2021-08-11T15:16:09","guid":{"rendered":"https:\/\/www.fiscalia.gov.co\/colombia\/?page_id=227170"},"modified":"2026-02-20T11:52:23","modified_gmt":"2026-02-20T16:52:23","slug":"manual-especifico-de-funciones-y-requisitos-de-la-fgn","status":"publish","type":"page","link":"https:\/\/www.fiscalia.gov.co\/colombia\/la-entidad\/manual-especifico-de-funciones-y-requisitos-de-la-fgn\/","title":{"rendered":"Manual Espec\u00edfico de Funciones y Requisitos de la FGN"},"content":{"rendered":"<p>El Manual espec\u00edfico de funciones y requisitos de los empleos que conforman la planta de personal de la Fiscal\u00eda General de la Naci\u00f3n es un documento que caracteriza cada uno de los cargos y es uno de los instrumentos para la adecuada administraci\u00f3n de personal de la entidad, en aras de garantizar la eficiencia en la prestaci\u00f3n del servicio p\u00fablico y hacer coherente el funcionamiento de la organizaci\u00f3n con la misi\u00f3n, los objetivos y las funciones del ente acusador.<\/p>\n<p><span data-olk-copy-source=\"MessageBody\">Actualizado mediante Resoluci\u00f3n 00930 del 16 de febrero de 2026 &#8220;Por la cual se adopta el Manual Espec\u00edfico de Funciones y Requisitos de los empleos que conforman la planta de personal de la Fiscal\u00eda General de la Naci\u00f3n y se establecen otras disposiciones\u201d, publicado en el diario oficial No. 53400 del 16 de febrero de 2026.<\/span><\/p>\n<p><a href=\"https:\/\/www.fiscalia.gov.co\/colombia\/wp-content\/uploads\/Manual-especifico-de-funciones-y-requisitos_16_02_2026_VF.pdf\" target=\"_blank\" rel=\"noopener\">Manual Espec\u00edfico de Funciones y Requisitos de la FGN<\/a><\/p>\n<p>\u00daltima actualizaci\u00f3n 2026-02-20<\/p>\n<p>&nbsp;<\/p>\n\n<div class=\"twitter-share\"><a href=\"https:\/\/twitter.com\/intent\/tweet?via=fiscaliacol\" class=\"twitter-share-button\">Tweet<\/a><\/div>\n","protected":false},"excerpt":{"rendered":"<p>El Manual espec\u00edfico de funciones y requisitos de los empleos que conforman la planta de personal de la Fiscal\u00eda General de la Naci\u00f3n es un documento que caracteriza cada uno de los cargos y es uno de los instrumentos para la adecuada administraci\u00f3n de personal de la entidad, en aras de garantizar la eficiencia en [&hellip;]<\/p>\n","protected":false},"author":162,"featured_media":0,"parent":9126,"menu_order":0,"comment_status":"closed","ping_status":"closed","template":"","meta":{"tdm_status":"","tdm_grid_status":"","footnotes":""},"class_list":["post-227170","page","type-page","status-publish"],"yoast_head":"<!-- This site is optimized with the Yoast SEO plugin v24.3 - https:\/\/yoast.com\/wordpress\/plugins\/seo\/ -->\n<title>Fiscal\u00eda General de la Naci\u00f3n<\/title>\n<meta name=\"description\" content=\"P\u00e1gina oficial de la Fiscal\u00eda General de la Naci\u00f3n \u2013 Colombia. Garantizamos el acceso efectivo a la justicia, la verdad y la reparaci\u00f3n de las v\u00edctimas de los delitos.\" \/>\n<meta name=\"robots\" content=\"index, follow, max-snippet:-1, max-image-preview:large, max-video-preview:-1\" \/>\n<link rel=\"canonical\" href=\"https:\/\/www.fiscalia.gov.co\/colombia\/la-entidad\/manual-especifico-de-funciones-y-requisitos-de-la-fgn\/\" \/>\n<meta property=\"og:locale\" content=\"es_ES\" \/>\n<meta property=\"og:type\" content=\"article\" \/>\n<meta property=\"og:title\" content=\"Fiscal\u00eda General de la Naci\u00f3n\" \/>\n<meta property=\"og:description\" content=\"P\u00e1gina oficial de la Fiscal\u00eda General de la Naci\u00f3n \u2013 Colombia. Garantizamos el acceso efectivo a la justicia, la verdad y la reparaci\u00f3n de las v\u00edctimas de los delitos.\" \/>\n<meta property=\"og:url\" content=\"https:\/\/www.fiscalia.gov.co\/colombia\/la-entidad\/manual-especifico-de-funciones-y-requisitos-de-la-fgn\/\" \/>\n<meta property=\"og:site_name\" content=\"Fiscal\u00eda General de la Naci\u00f3n\" \/>\n<meta property=\"article:publisher\" content=\"https:\/\/www.facebook.com\/FiscaliaCol\" \/>\n<meta property=\"article:modified_time\" content=\"2026-02-20T16:52:23+00:00\" \/>\n<meta name=\"twitter:card\" content=\"summary_large_image\" \/>\n<meta name=\"twitter:site\" content=\"@FiscaliaCol\" \/>\n<meta name=\"twitter:label1\" content=\"Tiempo de lectura\" \/>\n\t<meta name=\"twitter:data1\" content=\"1 minuto\" \/>\n<script type=\"application\/ld+json\" class=\"yoast-schema-graph\">{\"@context\":\"https:\/\/schema.org\",\"@graph\":[{\"@type\":\"WebPage\",\"@id\":\"https:\/\/www.fiscalia.gov.co\/colombia\/la-entidad\/manual-especifico-de-funciones-y-requisitos-de-la-fgn\/\",\"url\":\"https:\/\/www.fiscalia.gov.co\/colombia\/la-entidad\/manual-especifico-de-funciones-y-requisitos-de-la-fgn\/\",\"name\":\"Fiscal\u00eda General de la Naci\u00f3n\",\"isPartOf\":{\"@id\":\"https:\/\/www.fiscalia.gov.co\/colombia\/#website\"},\"datePublished\":\"2021-08-11T15:16:09+00:00\",\"dateModified\":\"2026-02-20T16:52:23+00:00\",\"description\":\"P\u00e1gina oficial de la Fiscal\u00eda General de la Naci\u00f3n \u2013 Colombia. Garantizamos el acceso efectivo a la justicia, la verdad y la reparaci\u00f3n de las v\u00edctimas de los delitos.\",\"breadcrumb\":{\"@id\":\"https:\/\/www.fiscalia.gov.co\/colombia\/la-entidad\/manual-especifico-de-funciones-y-requisitos-de-la-fgn\/#breadcrumb\"},\"inLanguage\":\"es-CO\",\"potentialAction\":[{\"@type\":\"ReadAction\",\"target\":[\"https:\/\/www.fiscalia.gov.co\/colombia\/la-entidad\/manual-especifico-de-funciones-y-requisitos-de-la-fgn\/\"]}]},{\"@type\":\"BreadcrumbList\",\"@id\":\"https:\/\/www.fiscalia.gov.co\/colombia\/la-entidad\/manual-especifico-de-funciones-y-requisitos-de-la-fgn\/#breadcrumb\",\"itemListElement\":[{\"@type\":\"ListItem\",\"position\":1,\"name\":\"Home\",\"item\":\"https:\/\/www.fiscalia.gov.co\/colombia\/\"},{\"@type\":\"ListItem\",\"position\":2,\"name\":\"La Entidad\",\"item\":\"https:\/\/www.fiscalia.gov.co\/colombia\/la-entidad\/\"},{\"@type\":\"ListItem\",\"position\":3,\"name\":\"Manual Espec\u00edfico de Funciones y Requisitos de la FGN\"}]},{\"@type\":\"WebSite\",\"@id\":\"https:\/\/www.fiscalia.gov.co\/colombia\/#website\",\"url\":\"https:\/\/www.fiscalia.gov.co\/colombia\/\",\"name\":\"Fiscal\u00eda General de la Naci\u00f3n\",\"description\":\"P\u00e1gina oficial de la Fiscal\u00eda General de la Naci\u00f3n \u2013 Colombia. Garantizamos el acceso efectivo a la justicia, la verdad y la reparaci\u00f3n de las v\u00edctimas de los delitos.\",\"publisher\":{\"@id\":\"https:\/\/www.fiscalia.gov.co\/colombia\/#organization\"},\"potentialAction\":[{\"@type\":\"SearchAction\",\"target\":{\"@type\":\"EntryPoint\",\"urlTemplate\":\"https:\/\/www.fiscalia.gov.co\/colombia\/?s={search_term_string}\"},\"query-input\":{\"@type\":\"PropertyValueSpecification\",\"valueRequired\":true,\"valueName\":\"search_term_string\"}}],\"inLanguage\":\"es-CO\"},{\"@type\":\"Organization\",\"@id\":\"https:\/\/www.fiscalia.gov.co\/colombia\/#organization\",\"name\":\"Fiscal\u00eda General de la Naci\u00f3n\",\"url\":\"https:\/\/www.fiscalia.gov.co\/colombia\/\",\"logo\":{\"@type\":\"ImageObject\",\"inLanguage\":\"es-CO\",\"@id\":\"https:\/\/www.fiscalia.gov.co\/colombia\/#\/schema\/logo\/image\/\",\"url\":\"https:\/\/www.fiscalia.gov.co\/colombia\/wp-content\/uploads\/LogoHorizontal_1.jpg\",\"contentUrl\":\"https:\/\/www.fiscalia.gov.co\/colombia\/wp-content\/uploads\/LogoHorizontal_1.jpg\",\"width\":300,\"height\":90,\"caption\":\"Fiscal\u00eda General de la Naci\u00f3n\"},\"image\":{\"@id\":\"https:\/\/www.fiscalia.gov.co\/colombia\/#\/schema\/logo\/image\/\"},\"sameAs\":[\"https:\/\/www.facebook.com\/FiscaliaCol\",\"https:\/\/x.com\/FiscaliaCol\",\"https:\/\/www.instagram.com\/fiscaliacol\",\"https:\/\/www.linkedin.com\/company\/fiscalia-general-de-la-naci-n\/\",\"https:\/\/youtube.com\/@fiscaliageneraldelanacion-4668?si=6nN79nyQICPU5iTh\"]}]}<\/script>\n<!-- \/ Yoast SEO plugin. -->","yoast_head_json":{"title":"Fiscal\u00eda General de la Naci\u00f3n","description":"P\u00e1gina oficial de la Fiscal\u00eda General de la Naci\u00f3n \u2013 Colombia. Garantizamos el acceso efectivo a la justicia, la verdad y la reparaci\u00f3n de las v\u00edctimas de los delitos.","robots":{"index":"index","follow":"follow","max-snippet":"max-snippet:-1","max-image-preview":"max-image-preview:large","max-video-preview":"max-video-preview:-1"},"canonical":"https:\/\/www.fiscalia.gov.co\/colombia\/la-entidad\/manual-especifico-de-funciones-y-requisitos-de-la-fgn\/","og_locale":"es_ES","og_type":"article","og_title":"Fiscal\u00eda General de la Naci\u00f3n","og_description":"P\u00e1gina oficial de la Fiscal\u00eda General de la Naci\u00f3n \u2013 Colombia. Garantizamos el acceso efectivo a la justicia, la verdad y la reparaci\u00f3n de las v\u00edctimas de los delitos.","og_url":"https:\/\/www.fiscalia.gov.co\/colombia\/la-entidad\/manual-especifico-de-funciones-y-requisitos-de-la-fgn\/","og_site_name":"Fiscal\u00eda General de la Naci\u00f3n","article_publisher":"https:\/\/www.facebook.com\/FiscaliaCol","article_modified_time":"2026-02-20T16:52:23+00:00","twitter_card":"summary_large_image","twitter_site":"@FiscaliaCol","twitter_misc":{"Tiempo de lectura":"1 minuto"},"schema":{"@context":"https:\/\/schema.org","@graph":[{"@type":"WebPage","@id":"https:\/\/www.fiscalia.gov.co\/colombia\/la-entidad\/manual-especifico-de-funciones-y-requisitos-de-la-fgn\/","url":"https:\/\/www.fiscalia.gov.co\/colombia\/la-entidad\/manual-especifico-de-funciones-y-requisitos-de-la-fgn\/","name":"Fiscal\u00eda General de la Naci\u00f3n","isPartOf":{"@id":"https:\/\/www.fiscalia.gov.co\/colombia\/#website"},"datePublished":"2021-08-11T15:16:09+00:00","dateModified":"2026-02-20T16:52:23+00:00","description":"P\u00e1gina oficial de la Fiscal\u00eda General de la Naci\u00f3n \u2013 Colombia. Garantizamos el acceso efectivo a la justicia, la verdad y la reparaci\u00f3n de las v\u00edctimas de los delitos.","breadcrumb":{"@id":"https:\/\/www.fiscalia.gov.co\/colombia\/la-entidad\/manual-especifico-de-funciones-y-requisitos-de-la-fgn\/#breadcrumb"},"inLanguage":"es-CO","potentialAction":[{"@type":"ReadAction","target":["https:\/\/www.fiscalia.gov.co\/colombia\/la-entidad\/manual-especifico-de-funciones-y-requisitos-de-la-fgn\/"]}]},{"@type":"BreadcrumbList","@id":"https:\/\/www.fiscalia.gov.co\/colombia\/la-entidad\/manual-especifico-de-funciones-y-requisitos-de-la-fgn\/#breadcrumb","itemListElement":[{"@type":"ListItem","position":1,"name":"Home","item":"https:\/\/www.fiscalia.gov.co\/colombia\/"},{"@type":"ListItem","position":2,"name":"La Entidad","item":"https:\/\/www.fiscalia.gov.co\/colombia\/la-entidad\/"},{"@type":"ListItem","position":3,"name":"Manual Espec\u00edfico de Funciones y Requisitos de la FGN"}]},{"@type":"WebSite","@id":"https:\/\/www.fiscalia.gov.co\/colombia\/#website","url":"https:\/\/www.fiscalia.gov.co\/colombia\/","name":"Fiscal\u00eda General de la Naci\u00f3n","description":"P\u00e1gina oficial de la Fiscal\u00eda General de la Naci\u00f3n \u2013 Colombia. Garantizamos el acceso efectivo a la justicia, la verdad y la reparaci\u00f3n de las v\u00edctimas de los delitos.","publisher":{"@id":"https:\/\/www.fiscalia.gov.co\/colombia\/#organization"},"potentialAction":[{"@type":"SearchAction","target":{"@type":"EntryPoint","urlTemplate":"https:\/\/www.fiscalia.gov.co\/colombia\/?s={search_term_string}"},"query-input":{"@type":"PropertyValueSpecification","valueRequired":true,"valueName":"search_term_string"}}],"inLanguage":"es-CO"},{"@type":"Organization","@id":"https:\/\/www.fiscalia.gov.co\/colombia\/#organization","name":"Fiscal\u00eda General de la Naci\u00f3n","url":"https:\/\/www.fiscalia.gov.co\/colombia\/","logo":{"@type":"ImageObject","inLanguage":"es-CO","@id":"https:\/\/www.fiscalia.gov.co\/colombia\/#\/schema\/logo\/image\/","url":"https:\/\/www.fiscalia.gov.co\/colombia\/wp-content\/uploads\/LogoHorizontal_1.jpg","contentUrl":"https:\/\/www.fiscalia.gov.co\/colombia\/wp-content\/uploads\/LogoHorizontal_1.jpg","width":300,"height":90,"caption":"Fiscal\u00eda General de la Naci\u00f3n"},"image":{"@id":"https:\/\/www.fiscalia.gov.co\/colombia\/#\/schema\/logo\/image\/"},"sameAs":["https:\/\/www.facebook.com\/FiscaliaCol","https:\/\/x.com\/FiscaliaCol","https:\/\/www.instagram.com\/fiscaliacol","https:\/\/www.linkedin.com\/company\/fiscalia-general-de-la-naci-n\/","https:\/\/youtube.com\/@fiscaliageneraldelanacion-4668?si=6nN79nyQICPU5iTh"]}]}},"_links":{"self":[{"href":"https:\/\/www.fiscalia.gov.co\/colombia\/wp-json\/wp\/v2\/pages\/227170","targetHints":{"allow":["GET"]}}],"collection":[{"href":"https:\/\/www.fiscalia.gov.co\/colombia\/wp-json\/wp\/v2\/pages"}],"about":[{"href":"https:\/\/www.fiscalia.gov.co\/colombia\/wp-json\/wp\/v2\/types\/page"}],"author":[{"embeddable":true,"href":"https:\/\/www.fiscalia.gov.co\/colombia\/wp-json\/wp\/v2\/users\/162"}],"replies":[{"embeddable":true,"href":"https:\/\/www.fiscalia.gov.co\/colombia\/wp-json\/wp\/v2\/comments?post=227170"}],"version-history":[{"count":8,"href":"https:\/\/www.fiscalia.gov.co\/colombia\/wp-json\/wp\/v2\/pages\/227170\/revisions"}],"predecessor-version":[{"id":331590,"href":"https:\/\/www.fiscalia.gov.co\/colombia\/wp-json\/wp\/v2\/pages\/227170\/revisions\/331590"}],"up":[{"embeddable":true,"href":"https:\/\/www.fiscalia.gov.co\/colombia\/wp-json\/wp\/v2\/pages\/9126"}],"wp:attachment":[{"href":"https:\/\/www.fiscalia.gov.co\/colombia\/wp-json\/wp\/v2\/media?parent=227170"}],"curies":[{"name":"wp","href":"https:\/\/api.w.org\/{rel}","templated":true}]}}

Manual Específico de Funciones y Requisitos de la FGN

<p>El Manual específico de funciones y requisitos de los empleos que conforman la planta de personal de la Fiscalía General de la Nación es un documento que caracteriza cada uno de los cargos y es uno de los instrumentos para la adecuada administración de personal de la entidad, en aras de garantizar la eficiencia en la prestación del servicio público y hacer coherente el funcionamiento de la organización con la misión, los objetivos y las funciones del ente acusador.</p>
<p><span data-olk-copy-source="MessageBody">Actualizado mediante Resolución 00930 del 16 de febrero de 2026 &#8220;Por la cual se adopta el Manual Específico de Funciones y Requisitos de los empleos que conforman la planta de personal de la Fiscalía General de la Nación y se establecen otras disposiciones”, publicado en el diario oficial No. 53400 del 16 de febrero de 2026.</span></p>
<p><a href="https://www.fiscalia.gov.co/colombia/wp-content/uploads/Manual-especifico-de-funciones-y-requisitos_16_02_2026_VF.pdf" target="_blank" rel="noopener">Manual Específico de Funciones y Requisitos de la FGN</a></p>
<p>Última actualización 2026-02-20</p>
<p>&nbsp;</p>

<div class="twitter-share"><a href="https://twitter.com/intent/tweet?via=fiscaliacol" class="twitter-share-button">Tweet</a></div>

<p>El Manual específico de funciones y requisitos de los empleos que conforman la planta de personal de la Fiscalía General de la Nación es un documento que caracteriza cada uno de los cargos y es uno de los instrumentos para la adecuada administración de personal de la entidad, en aras de garantizar la eficiencia en [&hellip;]</p>

<!-- This site is optimized with the Yoast SEO plugin v24.3 - https://yoast.com/wordpress/plugins/seo/ -->
<title>Fiscalía General de la Nación</title>
<meta name="description" content="Página oficial de la Fiscalía General de la Nación – Colombia. Garantizamos el acceso efectivo a la justicia, la verdad y la reparación de las víctimas de los delitos." />
<meta name="robots" content="index, follow, max-snippet:-1, max-image-preview:large, max-video-preview:-1" />
<link rel="canonical" href="https://www.fiscalia.gov.co/colombia/la-entidad/manual-especifico-de-funciones-y-requisitos-de-la-fgn/" />
<meta property="og:locale" content="es_ES" />
<meta property="og:type" content="article" />
<meta property="og:title" content="Fiscalía General de la Nación" />
<meta property="og:description" content="Página oficial de la Fiscalía General de la Nación – Colombia. Garantizamos el acceso efectivo a la justicia, la verdad y la reparación de las víctimas de los delitos." />
<meta property="og:url" content="https://www.fiscalia.gov.co/colombia/la-entidad/manual-especifico-de-funciones-y-requisitos-de-la-fgn/" />
<meta property="og:site_name" content="Fiscalía General de la Nación" />
<meta property="article:publisher" content="https://www.facebook.com/FiscaliaCol" />
<meta property="article:modified_time" content="2026-02-20T16:52:23+00:00" />
<meta name="twitter:card" content="summary_large_image" />
<meta name="twitter:site" content="@FiscaliaCol" />
<meta name="twitter:label1" content="Tiempo de lectura" />
	<meta name="twitter:data1" content="1 minuto" />
<script type="application/ld+json" class="yoast-schema-graph">{"@context":"https://schema.org","@graph":[{"@type":"WebPage","@id":"https://www.fiscalia.gov.co/colombia/la-entidad/manual-especifico-de-funciones-y-requisitos-de-la-fgn/","url":"https://www.fiscalia.gov.co/colombia/la-entidad/manual-especifico-de-funciones-y-requisitos-de-la-fgn/","name":"Fiscalía General de la Nación","isPartOf":{"@id":"https://www.fiscalia.gov.co/colombia/#website"},"datePublished":"2021-08-11T15:16:09+00:00","dateModified":"2026-02-20T16:52:23+00:00","description":"Página oficial de la Fiscalía General de la Nación – Colombia. Garantizamos el acceso efectivo a la justicia, la verdad y la reparación de las víctimas de los delitos.","breadcrumb":{"@id":"https://www.fiscalia.gov.co/colombia/la-entidad/manual-especifico-de-funciones-y-requisitos-de-la-fgn/#breadcrumb"},"inLanguage":"es-CO","potentialAction":[{"@type":"ReadAction","target":["https://www.fiscalia.gov.co/colombia/la-entidad/manual-especifico-de-funciones-y-requisitos-de-la-fgn/"]}]},{"@type":"BreadcrumbList","@id":"https://www.fiscalia.gov.co/colombia/la-entidad/manual-especifico-de-funciones-y-requisitos-de-la-fgn/#breadcrumb","itemListElement":[{"@type":"ListItem","position":1,"name":"Home","item":"https://www.fiscalia.gov.co/colombia/"},{"@type":"ListItem","position":2,"name":"La Entidad","item":"https://www.fiscalia.gov.co/colombia/la-entidad/"},{"@type":"ListItem","position":3,"name":"Manual Específico de Funciones y Requisitos de la FGN"}]},{"@type":"WebSite","@id":"https://www.fiscalia.gov.co/colombia/#website","url":"https://www.fiscalia.gov.co/colombia/","name":"Fiscalía General de la Nación","description":"Página oficial de la Fiscalía General de la Nación – Colombia. Garantizamos el acceso efectivo a la justicia, la verdad y la reparación de las víctimas de los delitos.","publisher":{"@id":"https://www.fiscalia.gov.co/colombia/#organization"},"potentialAction":[{"@type":"SearchAction","target":{"@type":"EntryPoint","urlTemplate":"https://www.fiscalia.gov.co/colombia/?s={search_term_string}"},"query-input":{"@type":"PropertyValueSpecification","valueRequired":true,"valueName":"search_term_string"}}],"inLanguage":"es-CO"},{"@type":"Organization","@id":"https://www.fiscalia.gov.co/colombia/#organization","name":"Fiscalía General de la Nación","url":"https://www.fiscalia.gov.co/colombia/","logo":{"@type":"ImageObject","inLanguage":"es-CO","@id":"https://www.fiscalia.gov.co/colombia/#/schema/logo/image/","url":"https://www.fiscalia.gov.co/colombia/wp-content/uploads/LogoHorizontal_1.jpg","contentUrl":"https://www.fiscalia.gov.co/colombia/wp-content/uploads/LogoHorizontal_1.jpg","width":300,"height":90,"caption":"Fiscalía General de la Nación"},"image":{"@id":"https://www.fiscalia.gov.co/colombia/#/schema/logo/image/"},"sameAs":["https://www.facebook.com/FiscaliaCol","https://x.com/FiscaliaCol","https://www.instagram.com/fiscaliacol","https://www.linkedin.com/company/fiscalia-general-de-la-naci-n/","https://youtube.com/@fiscaliageneraldelanacion-4668?si=6nN79nyQICPU5iTh"]}]}</script>
<!-- / Yoast SEO plugin. -->

Fiscalía General de la Nación

Página oficial de la Fiscalía General de la Nación – Colombia. Garantizamos el acceso efectivo a la justicia, la verdad y la reparación de las víctimas de los delitos.
