{"id":226095,"date":"2021-07-30T10:25:25","date_gmt":"2021-07-30T15:25:25","guid":{"rendered":"https:\/\/www.fiscalia.gov.co\/colombia\/?page_id=226095"},"modified":"2023-07-05T16:19:05","modified_gmt":"2023-07-05T21:19:05","slug":"caracterizacion-de-usuarios","status":"publish","type":"page","link":"https:\/\/www.fiscalia.gov.co\/colombia\/transparencia-y-acceso-a-informacion-publica\/caracterizacion-de-usuarios\/","title":{"rendered":"Caracterizaci\u00f3n de usuarios"},"content":{"rendered":"<p>A trav\u00e9s de la caracterizaci\u00f3n del usuario la entidad logra identificar las caracter\u00edsticas, actitudes y preferencias de estos, para ofrecer de manera focalizada los servicios institucionales que responden a sus necesidades, permitiendo obtener una retroalimentaci\u00f3n de las expectativas de los mismos.<\/p>\n<p>En el siguiente informe de caracterizaci\u00f3n la Fiscal\u00eda General de la Naci\u00f3n menciona los procesos de cara al usuario y las variables de distinci\u00f3n.<\/p>\n<p><a href=\"https:\/\/www.fiscalia.gov.co\/colombia\/wp-content\/uploads\/CARACTERIZACION-DEL-USUARIO-2022-003.pdf\" target=\"_blank\" rel=\"noopener\">Caracterizaci\u00f3n de usuarios de la FGN 2022<\/a> &#8211; Publicado 2023-03-15<br \/>\n<a href=\"https:\/\/www.fiscalia.gov.co\/colombia\/wp-content\/uploads\/CARACTERIZACIO\u0301N-DEL-USUARIO-FISCALIA-GENERAL-DE-LA-NACIO\u0301N.pdf\" target=\"_blank\" rel=\"noopener\">Caracterizaci\u00f3n de usuarios de la FGN segundo semestre 2020<\/a> \u2013 Publicado 2021-09-03<br \/>\n<a href=\"https:\/\/www.fiscalia.gov.co\/colombia\/wp-content\/uploads\/CARACTERIZACIO\u0301N-DE-USUARIO-2020.pptx\" target=\"_blank\" rel=\"noopener\">Caracterizaci\u00f3n de usuarios de la FGN primer semestre 2020 <\/a>\u2013 Publicado 2021-01-18<br \/>\n<a href=\"https:\/\/www.fiscalia.gov.co\/colombia\/wp-content\/uploads\/INFORME-DE-CARACTERIZACI\u00d3N-DE-USUARIOS-DE-LA-FISCALIA-GENERAL-DE-LA-NAC...-1.docx\" target=\"_blank\" rel=\"noopener\">Caracterizaci\u00f3n de usuarios de la FGN 2018 <\/a>\u2013 Publicado 2019-01-15<\/p>\n<p class=\"x_MsoNormal\">\u00daltima actualizaci\u00f3n 2023-03-15<\/p>\n\n<div class=\"twitter-share\"><a href=\"https:\/\/twitter.com\/intent\/tweet?via=fiscaliacol\" class=\"twitter-share-button\">Tweet<\/a><\/div>\n","protected":false},"excerpt":{"rendered":"<p>A trav\u00e9s de la caracterizaci\u00f3n del usuario la entidad logra identificar las caracter\u00edsticas, actitudes y preferencias de estos, para ofrecer de manera focalizada los servicios institucionales que responden a sus necesidades, permitiendo obtener una retroalimentaci\u00f3n de las expectativas de los mismos. En el siguiente informe de caracterizaci\u00f3n la Fiscal\u00eda General de la Naci\u00f3n menciona los [&hellip;]<\/p>\n","protected":false},"author":162,"featured_media":0,"parent":66078,"menu_order":0,"comment_status":"closed","ping_status":"closed","template":"page-pagebuilder-title.php","meta":{"tdm_status":"","tdm_grid_status":"","footnotes":""},"class_list":["post-226095","page","type-page","status-publish"],"yoast_head":"<!-- This site is optimized with the Yoast SEO plugin v24.3 - https:\/\/yoast.com\/wordpress\/plugins\/seo\/ -->\n<title>Fiscal\u00eda General de la Naci\u00f3n<\/title>\n<meta name=\"description\" content=\"P\u00e1gina oficial de la Fiscal\u00eda General de la Naci\u00f3n \u2013 Colombia. Garantizamos el acceso efectivo a la justicia, la verdad y la reparaci\u00f3n de las v\u00edctimas de los delitos.\" \/>\n<meta name=\"robots\" content=\"index, follow, max-snippet:-1, max-image-preview:large, max-video-preview:-1\" \/>\n<link rel=\"canonical\" href=\"https:\/\/www.fiscalia.gov.co\/colombia\/transparencia-y-acceso-a-informacion-publica\/caracterizacion-de-usuarios\/\" \/>\n<meta property=\"og:locale\" content=\"es_ES\" \/>\n<meta property=\"og:type\" content=\"article\" \/>\n<meta property=\"og:title\" content=\"Fiscal\u00eda General de la Naci\u00f3n\" \/>\n<meta property=\"og:description\" content=\"P\u00e1gina oficial de la Fiscal\u00eda General de la Naci\u00f3n \u2013 Colombia. Garantizamos el acceso efectivo a la justicia, la verdad y la reparaci\u00f3n de las v\u00edctimas de los delitos.\" \/>\n<meta property=\"og:url\" content=\"https:\/\/www.fiscalia.gov.co\/colombia\/transparencia-y-acceso-a-informacion-publica\/caracterizacion-de-usuarios\/\" \/>\n<meta property=\"og:site_name\" content=\"Fiscal\u00eda General de la Naci\u00f3n\" \/>\n<meta property=\"article:publisher\" content=\"https:\/\/www.facebook.com\/FiscaliaCol\" \/>\n<meta property=\"article:modified_time\" content=\"2023-07-05T21:19:05+00:00\" \/>\n<meta name=\"twitter:card\" content=\"summary_large_image\" \/>\n<meta name=\"twitter:site\" content=\"@FiscaliaCol\" \/>\n<meta name=\"twitter:label1\" content=\"Tiempo de lectura\" \/>\n\t<meta name=\"twitter:data1\" content=\"1 minuto\" \/>\n<script type=\"application\/ld+json\" class=\"yoast-schema-graph\">{\"@context\":\"https:\/\/schema.org\",\"@graph\":[{\"@type\":\"WebPage\",\"@id\":\"https:\/\/www.fiscalia.gov.co\/colombia\/transparencia-y-acceso-a-informacion-publica\/caracterizacion-de-usuarios\/\",\"url\":\"https:\/\/www.fiscalia.gov.co\/colombia\/transparencia-y-acceso-a-informacion-publica\/caracterizacion-de-usuarios\/\",\"name\":\"Fiscal\u00eda General de la Naci\u00f3n\",\"isPartOf\":{\"@id\":\"https:\/\/www.fiscalia.gov.co\/colombia\/#website\"},\"datePublished\":\"2021-07-30T15:25:25+00:00\",\"dateModified\":\"2023-07-05T21:19:05+00:00\",\"description\":\"P\u00e1gina oficial de la Fiscal\u00eda General de la Naci\u00f3n \u2013 Colombia. Garantizamos el acceso efectivo a la justicia, la verdad y la reparaci\u00f3n de las v\u00edctimas de los delitos.\",\"breadcrumb\":{\"@id\":\"https:\/\/www.fiscalia.gov.co\/colombia\/transparencia-y-acceso-a-informacion-publica\/caracterizacion-de-usuarios\/#breadcrumb\"},\"inLanguage\":\"es-CO\",\"potentialAction\":[{\"@type\":\"ReadAction\",\"target\":[\"https:\/\/www.fiscalia.gov.co\/colombia\/transparencia-y-acceso-a-informacion-publica\/caracterizacion-de-usuarios\/\"]}]},{\"@type\":\"BreadcrumbList\",\"@id\":\"https:\/\/www.fiscalia.gov.co\/colombia\/transparencia-y-acceso-a-informacion-publica\/caracterizacion-de-usuarios\/#breadcrumb\",\"itemListElement\":[{\"@type\":\"ListItem\",\"position\":1,\"name\":\"Home\",\"item\":\"https:\/\/www.fiscalia.gov.co\/colombia\/\"},{\"@type\":\"ListItem\",\"position\":2,\"name\":\"Transparencia y acceso a informaci\u00f3n p\u00fablica\",\"item\":\"https:\/\/www.fiscalia.gov.co\/colombia\/transparencia-y-acceso-a-informacion-publica\/\"},{\"@type\":\"ListItem\",\"position\":3,\"name\":\"Caracterizaci\u00f3n de usuarios\"}]},{\"@type\":\"WebSite\",\"@id\":\"https:\/\/www.fiscalia.gov.co\/colombia\/#website\",\"url\":\"https:\/\/www.fiscalia.gov.co\/colombia\/\",\"name\":\"Fiscal\u00eda General de la Naci\u00f3n\",\"description\":\"P\u00e1gina oficial de la Fiscal\u00eda General de la Naci\u00f3n \u2013 Colombia. Garantizamos el acceso efectivo a la justicia, la verdad y la reparaci\u00f3n de las v\u00edctimas de los delitos.\",\"publisher\":{\"@id\":\"https:\/\/www.fiscalia.gov.co\/colombia\/#organization\"},\"potentialAction\":[{\"@type\":\"SearchAction\",\"target\":{\"@type\":\"EntryPoint\",\"urlTemplate\":\"https:\/\/www.fiscalia.gov.co\/colombia\/?s={search_term_string}\"},\"query-input\":{\"@type\":\"PropertyValueSpecification\",\"valueRequired\":true,\"valueName\":\"search_term_string\"}}],\"inLanguage\":\"es-CO\"},{\"@type\":\"Organization\",\"@id\":\"https:\/\/www.fiscalia.gov.co\/colombia\/#organization\",\"name\":\"Fiscal\u00eda General de la Naci\u00f3n\",\"url\":\"https:\/\/www.fiscalia.gov.co\/colombia\/\",\"logo\":{\"@type\":\"ImageObject\",\"inLanguage\":\"es-CO\",\"@id\":\"https:\/\/www.fiscalia.gov.co\/colombia\/#\/schema\/logo\/image\/\",\"url\":\"https:\/\/www.fiscalia.gov.co\/colombia\/wp-content\/uploads\/LogoHorizontal_1.jpg\",\"contentUrl\":\"https:\/\/www.fiscalia.gov.co\/colombia\/wp-content\/uploads\/LogoHorizontal_1.jpg\",\"width\":300,\"height\":90,\"caption\":\"Fiscal\u00eda General de la Naci\u00f3n\"},\"image\":{\"@id\":\"https:\/\/www.fiscalia.gov.co\/colombia\/#\/schema\/logo\/image\/\"},\"sameAs\":[\"https:\/\/www.facebook.com\/FiscaliaCol\",\"https:\/\/x.com\/FiscaliaCol\",\"https:\/\/www.instagram.com\/fiscaliacol\",\"https:\/\/www.linkedin.com\/company\/fiscalia-general-de-la-naci-n\/\",\"https:\/\/youtube.com\/@fiscaliageneraldelanacion-4668?si=6nN79nyQICPU5iTh\"]}]}<\/script>\n<!-- \/ Yoast SEO plugin. -->","yoast_head_json":{"title":"Fiscal\u00eda General de la Naci\u00f3n","description":"P\u00e1gina oficial de la Fiscal\u00eda General de la Naci\u00f3n \u2013 Colombia. Garantizamos el acceso efectivo a la justicia, la verdad y la reparaci\u00f3n de las v\u00edctimas de los delitos.","robots":{"index":"index","follow":"follow","max-snippet":"max-snippet:-1","max-image-preview":"max-image-preview:large","max-video-preview":"max-video-preview:-1"},"canonical":"https:\/\/www.fiscalia.gov.co\/colombia\/transparencia-y-acceso-a-informacion-publica\/caracterizacion-de-usuarios\/","og_locale":"es_ES","og_type":"article","og_title":"Fiscal\u00eda General de la Naci\u00f3n","og_description":"P\u00e1gina oficial de la Fiscal\u00eda General de la Naci\u00f3n \u2013 Colombia. Garantizamos el acceso efectivo a la justicia, la verdad y la reparaci\u00f3n de las v\u00edctimas de los delitos.","og_url":"https:\/\/www.fiscalia.gov.co\/colombia\/transparencia-y-acceso-a-informacion-publica\/caracterizacion-de-usuarios\/","og_site_name":"Fiscal\u00eda General de la Naci\u00f3n","article_publisher":"https:\/\/www.facebook.com\/FiscaliaCol","article_modified_time":"2023-07-05T21:19:05+00:00","twitter_card":"summary_large_image","twitter_site":"@FiscaliaCol","twitter_misc":{"Tiempo de lectura":"1 minuto"},"schema":{"@context":"https:\/\/schema.org","@graph":[{"@type":"WebPage","@id":"https:\/\/www.fiscalia.gov.co\/colombia\/transparencia-y-acceso-a-informacion-publica\/caracterizacion-de-usuarios\/","url":"https:\/\/www.fiscalia.gov.co\/colombia\/transparencia-y-acceso-a-informacion-publica\/caracterizacion-de-usuarios\/","name":"Fiscal\u00eda General de la Naci\u00f3n","isPartOf":{"@id":"https:\/\/www.fiscalia.gov.co\/colombia\/#website"},"datePublished":"2021-07-30T15:25:25+00:00","dateModified":"2023-07-05T21:19:05+00:00","description":"P\u00e1gina oficial de la Fiscal\u00eda General de la Naci\u00f3n \u2013 Colombia. Garantizamos el acceso efectivo a la justicia, la verdad y la reparaci\u00f3n de las v\u00edctimas de los delitos.","breadcrumb":{"@id":"https:\/\/www.fiscalia.gov.co\/colombia\/transparencia-y-acceso-a-informacion-publica\/caracterizacion-de-usuarios\/#breadcrumb"},"inLanguage":"es-CO","potentialAction":[{"@type":"ReadAction","target":["https:\/\/www.fiscalia.gov.co\/colombia\/transparencia-y-acceso-a-informacion-publica\/caracterizacion-de-usuarios\/"]}]},{"@type":"BreadcrumbList","@id":"https:\/\/www.fiscalia.gov.co\/colombia\/transparencia-y-acceso-a-informacion-publica\/caracterizacion-de-usuarios\/#breadcrumb","itemListElement":[{"@type":"ListItem","position":1,"name":"Home","item":"https:\/\/www.fiscalia.gov.co\/colombia\/"},{"@type":"ListItem","position":2,"name":"Transparencia y acceso a informaci\u00f3n p\u00fablica","item":"https:\/\/www.fiscalia.gov.co\/colombia\/transparencia-y-acceso-a-informacion-publica\/"},{"@type":"ListItem","position":3,"name":"Caracterizaci\u00f3n de usuarios"}]},{"@type":"WebSite","@id":"https:\/\/www.fiscalia.gov.co\/colombia\/#website","url":"https:\/\/www.fiscalia.gov.co\/colombia\/","name":"Fiscal\u00eda General de la Naci\u00f3n","description":"P\u00e1gina oficial de la Fiscal\u00eda General de la Naci\u00f3n \u2013 Colombia. Garantizamos el acceso efectivo a la justicia, la verdad y la reparaci\u00f3n de las v\u00edctimas de los delitos.","publisher":{"@id":"https:\/\/www.fiscalia.gov.co\/colombia\/#organization"},"potentialAction":[{"@type":"SearchAction","target":{"@type":"EntryPoint","urlTemplate":"https:\/\/www.fiscalia.gov.co\/colombia\/?s={search_term_string}"},"query-input":{"@type":"PropertyValueSpecification","valueRequired":true,"valueName":"search_term_string"}}],"inLanguage":"es-CO"},{"@type":"Organization","@id":"https:\/\/www.fiscalia.gov.co\/colombia\/#organization","name":"Fiscal\u00eda General de la Naci\u00f3n","url":"https:\/\/www.fiscalia.gov.co\/colombia\/","logo":{"@type":"ImageObject","inLanguage":"es-CO","@id":"https:\/\/www.fiscalia.gov.co\/colombia\/#\/schema\/logo\/image\/","url":"https:\/\/www.fiscalia.gov.co\/colombia\/wp-content\/uploads\/LogoHorizontal_1.jpg","contentUrl":"https:\/\/www.fiscalia.gov.co\/colombia\/wp-content\/uploads\/LogoHorizontal_1.jpg","width":300,"height":90,"caption":"Fiscal\u00eda General de la Naci\u00f3n"},"image":{"@id":"https:\/\/www.fiscalia.gov.co\/colombia\/#\/schema\/logo\/image\/"},"sameAs":["https:\/\/www.facebook.com\/FiscaliaCol","https:\/\/x.com\/FiscaliaCol","https:\/\/www.instagram.com\/fiscaliacol","https:\/\/www.linkedin.com\/company\/fiscalia-general-de-la-naci-n\/","https:\/\/youtube.com\/@fiscaliageneraldelanacion-4668?si=6nN79nyQICPU5iTh"]}]}},"_links":{"self":[{"href":"https:\/\/www.fiscalia.gov.co\/colombia\/wp-json\/wp\/v2\/pages\/226095","targetHints":{"allow":["GET"]}}],"collection":[{"href":"https:\/\/www.fiscalia.gov.co\/colombia\/wp-json\/wp\/v2\/pages"}],"about":[{"href":"https:\/\/www.fiscalia.gov.co\/colombia\/wp-json\/wp\/v2\/types\/page"}],"author":[{"embeddable":true,"href":"https:\/\/www.fiscalia.gov.co\/colombia\/wp-json\/wp\/v2\/users\/162"}],"replies":[{"embeddable":true,"href":"https:\/\/www.fiscalia.gov.co\/colombia\/wp-json\/wp\/v2\/comments?post=226095"}],"version-history":[{"count":12,"href":"https:\/\/www.fiscalia.gov.co\/colombia\/wp-json\/wp\/v2\/pages\/226095\/revisions"}],"predecessor-version":[{"id":274614,"href":"https:\/\/www.fiscalia.gov.co\/colombia\/wp-json\/wp\/v2\/pages\/226095\/revisions\/274614"}],"up":[{"embeddable":true,"href":"https:\/\/www.fiscalia.gov.co\/colombia\/wp-json\/wp\/v2\/pages\/66078"}],"wp:attachment":[{"href":"https:\/\/www.fiscalia.gov.co\/colombia\/wp-json\/wp\/v2\/media?parent=226095"}],"curies":[{"name":"wp","href":"https:\/\/api.w.org\/{rel}","templated":true}]}}

Caracterización de usuarios

<p>A través de la caracterización del usuario la entidad logra identificar las características, actitudes y preferencias de estos, para ofrecer de manera focalizada los servicios institucionales que responden a sus necesidades, permitiendo obtener una retroalimentación de las expectativas de los mismos.</p>
<p>En el siguiente informe de caracterización la Fiscalía General de la Nación menciona los procesos de cara al usuario y las variables de distinción.</p>
<p><a href="https://www.fiscalia.gov.co/colombia/wp-content/uploads/CARACTERIZACION-DEL-USUARIO-2022-003.pdf" target="_blank" rel="noopener">Caracterización de usuarios de la FGN 2022</a> &#8211; Publicado 2023-03-15<br />
<a href="https://www.fiscalia.gov.co/colombia/wp-content/uploads/CARACTERIZACIÓN-DEL-USUARIO-FISCALIA-GENERAL-DE-LA-NACIÓN.pdf" target="_blank" rel="noopener">Caracterización de usuarios de la FGN segundo semestre 2020</a> – Publicado 2021-09-03<br />
<a href="https://www.fiscalia.gov.co/colombia/wp-content/uploads/CARACTERIZACIÓN-DE-USUARIO-2020.pptx" target="_blank" rel="noopener">Caracterización de usuarios de la FGN primer semestre 2020 </a>– Publicado 2021-01-18<br />
<a href="https://www.fiscalia.gov.co/colombia/wp-content/uploads/INFORME-DE-CARACTERIZACIÓN-DE-USUARIOS-DE-LA-FISCALIA-GENERAL-DE-LA-NAC...-1.docx" target="_blank" rel="noopener">Caracterización de usuarios de la FGN 2018 </a>– Publicado 2019-01-15</p>
<p class="x_MsoNormal">Última actualización 2023-03-15</p>

<div class="twitter-share"><a href="https://twitter.com/intent/tweet?via=fiscaliacol" class="twitter-share-button">Tweet</a></div>

<p>A través de la caracterización del usuario la entidad logra identificar las características, actitudes y preferencias de estos, para ofrecer de manera focalizada los servicios institucionales que responden a sus necesidades, permitiendo obtener una retroalimentación de las expectativas de los mismos. En el siguiente informe de caracterización la Fiscalía General de la Nación menciona los [&hellip;]</p>

<!-- This site is optimized with the Yoast SEO plugin v24.3 - https://yoast.com/wordpress/plugins/seo/ -->
<title>Fiscalía General de la Nación</title>
<meta name="description" content="Página oficial de la Fiscalía General de la Nación – Colombia. Garantizamos el acceso efectivo a la justicia, la verdad y la reparación de las víctimas de los delitos." />
<meta name="robots" content="index, follow, max-snippet:-1, max-image-preview:large, max-video-preview:-1" />
<link rel="canonical" href="https://www.fiscalia.gov.co/colombia/transparencia-y-acceso-a-informacion-publica/caracterizacion-de-usuarios/" />
<meta property="og:locale" content="es_ES" />
<meta property="og:type" content="article" />
<meta property="og:title" content="Fiscalía General de la Nación" />
<meta property="og:description" content="Página oficial de la Fiscalía General de la Nación – Colombia. Garantizamos el acceso efectivo a la justicia, la verdad y la reparación de las víctimas de los delitos." />
<meta property="og:url" content="https://www.fiscalia.gov.co/colombia/transparencia-y-acceso-a-informacion-publica/caracterizacion-de-usuarios/" />
<meta property="og:site_name" content="Fiscalía General de la Nación" />
<meta property="article:publisher" content="https://www.facebook.com/FiscaliaCol" />
<meta property="article:modified_time" content="2023-07-05T21:19:05+00:00" />
<meta name="twitter:card" content="summary_large_image" />
<meta name="twitter:site" content="@FiscaliaCol" />
<meta name="twitter:label1" content="Tiempo de lectura" />
	<meta name="twitter:data1" content="1 minuto" />
<script type="application/ld+json" class="yoast-schema-graph">{"@context":"https://schema.org","@graph":[{"@type":"WebPage","@id":"https://www.fiscalia.gov.co/colombia/transparencia-y-acceso-a-informacion-publica/caracterizacion-de-usuarios/","url":"https://www.fiscalia.gov.co/colombia/transparencia-y-acceso-a-informacion-publica/caracterizacion-de-usuarios/","name":"Fiscalía General de la Nación","isPartOf":{"@id":"https://www.fiscalia.gov.co/colombia/#website"},"datePublished":"2021-07-30T15:25:25+00:00","dateModified":"2023-07-05T21:19:05+00:00","description":"Página oficial de la Fiscalía General de la Nación – Colombia. Garantizamos el acceso efectivo a la justicia, la verdad y la reparación de las víctimas de los delitos.","breadcrumb":{"@id":"https://www.fiscalia.gov.co/colombia/transparencia-y-acceso-a-informacion-publica/caracterizacion-de-usuarios/#breadcrumb"},"inLanguage":"es-CO","potentialAction":[{"@type":"ReadAction","target":["https://www.fiscalia.gov.co/colombia/transparencia-y-acceso-a-informacion-publica/caracterizacion-de-usuarios/"]}]},{"@type":"BreadcrumbList","@id":"https://www.fiscalia.gov.co/colombia/transparencia-y-acceso-a-informacion-publica/caracterizacion-de-usuarios/#breadcrumb","itemListElement":[{"@type":"ListItem","position":1,"name":"Home","item":"https://www.fiscalia.gov.co/colombia/"},{"@type":"ListItem","position":2,"name":"Transparencia y acceso a información pública","item":"https://www.fiscalia.gov.co/colombia/transparencia-y-acceso-a-informacion-publica/"},{"@type":"ListItem","position":3,"name":"Caracterización de usuarios"}]},{"@type":"WebSite","@id":"https://www.fiscalia.gov.co/colombia/#website","url":"https://www.fiscalia.gov.co/colombia/","name":"Fiscalía General de la Nación","description":"Página oficial de la Fiscalía General de la Nación – Colombia. Garantizamos el acceso efectivo a la justicia, la verdad y la reparación de las víctimas de los delitos.","publisher":{"@id":"https://www.fiscalia.gov.co/colombia/#organization"},"potentialAction":[{"@type":"SearchAction","target":{"@type":"EntryPoint","urlTemplate":"https://www.fiscalia.gov.co/colombia/?s={search_term_string}"},"query-input":{"@type":"PropertyValueSpecification","valueRequired":true,"valueName":"search_term_string"}}],"inLanguage":"es-CO"},{"@type":"Organization","@id":"https://www.fiscalia.gov.co/colombia/#organization","name":"Fiscalía General de la Nación","url":"https://www.fiscalia.gov.co/colombia/","logo":{"@type":"ImageObject","inLanguage":"es-CO","@id":"https://www.fiscalia.gov.co/colombia/#/schema/logo/image/","url":"https://www.fiscalia.gov.co/colombia/wp-content/uploads/LogoHorizontal_1.jpg","contentUrl":"https://www.fiscalia.gov.co/colombia/wp-content/uploads/LogoHorizontal_1.jpg","width":300,"height":90,"caption":"Fiscalía General de la Nación"},"image":{"@id":"https://www.fiscalia.gov.co/colombia/#/schema/logo/image/"},"sameAs":["https://www.facebook.com/FiscaliaCol","https://x.com/FiscaliaCol","https://www.instagram.com/fiscaliacol","https://www.linkedin.com/company/fiscalia-general-de-la-naci-n/","https://youtube.com/@fiscaliageneraldelanacion-4668?si=6nN79nyQICPU5iTh"]}]}</script>
<!-- / Yoast SEO plugin. -->

Fiscalía General de la Nación

Página oficial de la Fiscalía General de la Nación – Colombia. Garantizamos el acceso efectivo a la justicia, la verdad y la reparación de las víctimas de los delitos.

Transparencia y acceso a información pública
