{"id":164054,"date":"2018-05-31T11:23:29","date_gmt":"2018-05-31T16:23:29","guid":{"rendered":"https:\/\/www.fiscalia.gov.co\/colombia\/?page_id=164054"},"modified":"2019-10-31T14:18:54","modified_gmt":"2019-10-31T19:18:54","slug":"la-fiscalia-general-de-la-nacion-y-la-agencia-espanola-de-cooperacion-internacional-para-el-desarrollo-aecid-invitan-a-participar-en-convocatoria-publica-para-contratar-servicios-de-un-profesional-e","status":"publish","type":"page","link":"https:\/\/www.fiscalia.gov.co\/colombia\/servicios-de-informacion-al-ciudadano\/la-fiscalia-general-de-la-nacion-y-la-agencia-espanola-de-cooperacion-internacional-para-el-desarrollo-aecid-invitan-a-participar-en-convocatoria-publica-para-contratar-servicios-de-un-profesional-e\/","title":{"rendered":"La Fiscal\u00eda General de la Naci\u00f3n y la Agencia Espa\u00f1ola de Cooperaci\u00f3n Internacional para el Desarrollo (AECID) invitan a participar en convocatoria p\u00fablica para contratar servicios de un profesional en derecho"},"content":{"rendered":"<p>Se informa a todos los interesados que la Fiscal\u00eda General de la Naci\u00f3n y la Agencia Espa\u00f1ola de Cooperaci\u00f3n Internacional para el Desarrollo (AECID), abrieron convocatoria p\u00fablica con el fin de contratar los servicios de un profesional en derecho, para que preste sus servicios profesionales en la coordinaci\u00f3n de talleres a nivel nacional en materia de investigaci\u00f3n y judicializaci\u00f3n de violencia sexual, y apoyo a la Subdirecci\u00f3n de Pol\u00edticas P\u00fablicas y Estrategia Institucional de la Fiscal\u00eda General de la Naci\u00f3n, en la implementaci\u00f3n de un programa de difusi\u00f3n de los contenidos del Protocolo de Investigaci\u00f3n de Violencia Sexual en las seccionales asignadas.<\/p>\n<p>Esta convocatoria se enmarca en el proyecto de Implementaci\u00f3n del Protocolo de Investigaci\u00f3n de Violencia Sexual, para el cual la Fiscal\u00eda General de la Naci\u00f3n, cuenta con los recursos otorgados por la Agencia Espa\u00f1ola de Cooperaci\u00f3n Internacional para el Desarrollo (AECID) a trav\u00e9s de la Resoluci\u00f3n de Concesi\u00f3n de Subvenci\u00f3n No. 2015\/SPE\/0000400136. Esta subvenci\u00f3n est\u00e1 destinada a difundir los contenidos del Protocolo de Investigaci\u00f3n de Violencia Sexual a los funcionarios de la entidad para mejorar la atenci\u00f3n a v\u00edctimas de violencia sexual y la investigaci\u00f3n efectiva de este tipo de delitos, adem\u00e1s est\u00e1 destinada a evaluar las acciones de implementaci\u00f3n emprendidas.<\/p>\n<p><strong>El plazo m\u00e1ximo para participar en esta convocatoria es hasta el <u>15 de junio de 2018<\/u>, hora 5:00 pm, en la Avenida Esperanza No. 51 \u2013 40 Edificio CAPITAL TOWER piso 10, en la ciudad de Bogot\u00e1. <\/strong><\/p>\n<p><strong><a href=\"https:\/\/www.fiscalia.gov.co\/colombia\/wp-content\/uploads\/Invitaci%C3%B3n-proceso-contrataci%C3%B3n-tallerista-FGN-AECID.pdf\">Consulte aqu\u00ed las condiciones para aplicar a la convocatoria<\/a><\/strong><\/p>\n<p><strong>Nota:<\/strong> <em>De acuerdo con lo dispuesto en el Decreto 540 de 2004, este contrato estar\u00e1 exento de impuestos, tasas o contribuciones por cuanto los fondos destinados para su realizaci\u00f3n provienen directamente de los recursos del auxilio o donaci\u00f3n realizados al amparo de los acuerdos intergubernamentales o convenios con el Gobierno colombiano y los mismos son de utilidad com\u00fan.<\/em><\/p>\n<p>&nbsp;<\/p>\n\n<div class=\"twitter-share\"><a href=\"https:\/\/twitter.com\/intent\/tweet?via=fiscaliacol\" class=\"twitter-share-button\">Tweet<\/a><\/div>\n","protected":false},"excerpt":{"rendered":"<p>Se informa a todos los interesados que la Fiscal\u00eda General de la Naci\u00f3n y la Agencia Espa\u00f1ola de Cooperaci\u00f3n Internacional para el Desarrollo (AECID), abrieron convocatoria p\u00fablica con el fin de contratar los servicios de un profesional en derecho, para que preste sus servicios profesionales en la coordinaci\u00f3n de talleres a nivel nacional en materia [&hellip;]<\/p>\n","protected":false},"author":162,"featured_media":0,"parent":8600,"menu_order":0,"comment_status":"closed","ping_status":"closed","template":"","meta":{"tdm_status":"","tdm_grid_status":"","footnotes":""},"class_list":["post-164054","page","type-page","status-publish"],"yoast_head":"<!-- This site is optimized with the Yoast SEO plugin v24.3 - https:\/\/yoast.com\/wordpress\/plugins\/seo\/ -->\n<title>Fiscal\u00eda General de la Naci\u00f3n<\/title>\n<meta name=\"description\" content=\"P\u00e1gina oficial de la Fiscal\u00eda General de la Naci\u00f3n \u2013 Colombia. Garantizamos el acceso efectivo a la justicia, la verdad y la reparaci\u00f3n de las v\u00edctimas de los delitos.\" \/>\n<meta name=\"robots\" content=\"index, follow, max-snippet:-1, max-image-preview:large, max-video-preview:-1\" \/>\n<link rel=\"canonical\" href=\"https:\/\/www.fiscalia.gov.co\/colombia\/servicios-de-informacion-al-ciudadano\/la-fiscalia-general-de-la-nacion-y-la-agencia-espanola-de-cooperacion-internacional-para-el-desarrollo-aecid-invitan-a-participar-en-convocatoria-publica-para-contratar-servicios-de-un-profesional-e\/\" \/>\n<meta property=\"og:locale\" content=\"es_ES\" \/>\n<meta property=\"og:type\" content=\"article\" \/>\n<meta property=\"og:title\" content=\"Fiscal\u00eda General de la Naci\u00f3n\" \/>\n<meta property=\"og:description\" content=\"P\u00e1gina oficial de la Fiscal\u00eda General de la Naci\u00f3n \u2013 Colombia. Garantizamos el acceso efectivo a la justicia, la verdad y la reparaci\u00f3n de las v\u00edctimas de los delitos.\" \/>\n<meta property=\"og:url\" content=\"https:\/\/www.fiscalia.gov.co\/colombia\/servicios-de-informacion-al-ciudadano\/la-fiscalia-general-de-la-nacion-y-la-agencia-espanola-de-cooperacion-internacional-para-el-desarrollo-aecid-invitan-a-participar-en-convocatoria-publica-para-contratar-servicios-de-un-profesional-e\/\" \/>\n<meta property=\"og:site_name\" content=\"Fiscal\u00eda General de la Naci\u00f3n\" \/>\n<meta property=\"article:publisher\" content=\"https:\/\/www.facebook.com\/FiscaliaCol\" \/>\n<meta property=\"article:modified_time\" content=\"2019-10-31T19:18:54+00:00\" \/>\n<meta name=\"twitter:card\" content=\"summary_large_image\" \/>\n<meta name=\"twitter:site\" content=\"@FiscaliaCol\" \/>\n<meta name=\"twitter:label1\" content=\"Tiempo de lectura\" \/>\n\t<meta name=\"twitter:data1\" content=\"2 minutos\" \/>\n<script type=\"application\/ld+json\" class=\"yoast-schema-graph\">{\"@context\":\"https:\/\/schema.org\",\"@graph\":[{\"@type\":\"WebPage\",\"@id\":\"https:\/\/www.fiscalia.gov.co\/colombia\/servicios-de-informacion-al-ciudadano\/la-fiscalia-general-de-la-nacion-y-la-agencia-espanola-de-cooperacion-internacional-para-el-desarrollo-aecid-invitan-a-participar-en-convocatoria-publica-para-contratar-servicios-de-un-profesional-e\/\",\"url\":\"https:\/\/www.fiscalia.gov.co\/colombia\/servicios-de-informacion-al-ciudadano\/la-fiscalia-general-de-la-nacion-y-la-agencia-espanola-de-cooperacion-internacional-para-el-desarrollo-aecid-invitan-a-participar-en-convocatoria-publica-para-contratar-servicios-de-un-profesional-e\/\",\"name\":\"Fiscal\u00eda General de la Naci\u00f3n\",\"isPartOf\":{\"@id\":\"https:\/\/www.fiscalia.gov.co\/colombia\/#website\"},\"datePublished\":\"2018-05-31T16:23:29+00:00\",\"dateModified\":\"2019-10-31T19:18:54+00:00\",\"description\":\"P\u00e1gina oficial de la Fiscal\u00eda General de la Naci\u00f3n \u2013 Colombia. Garantizamos el acceso efectivo a la justicia, la verdad y la reparaci\u00f3n de las v\u00edctimas de los delitos.\",\"breadcrumb\":{\"@id\":\"https:\/\/www.fiscalia.gov.co\/colombia\/servicios-de-informacion-al-ciudadano\/la-fiscalia-general-de-la-nacion-y-la-agencia-espanola-de-cooperacion-internacional-para-el-desarrollo-aecid-invitan-a-participar-en-convocatoria-publica-para-contratar-servicios-de-un-profesional-e\/#breadcrumb\"},\"inLanguage\":\"es-CO\",\"potentialAction\":[{\"@type\":\"ReadAction\",\"target\":[\"https:\/\/www.fiscalia.gov.co\/colombia\/servicios-de-informacion-al-ciudadano\/la-fiscalia-general-de-la-nacion-y-la-agencia-espanola-de-cooperacion-internacional-para-el-desarrollo-aecid-invitan-a-participar-en-convocatoria-publica-para-contratar-servicios-de-un-profesional-e\/\"]}]},{\"@type\":\"BreadcrumbList\",\"@id\":\"https:\/\/www.fiscalia.gov.co\/colombia\/servicios-de-informacion-al-ciudadano\/la-fiscalia-general-de-la-nacion-y-la-agencia-espanola-de-cooperacion-internacional-para-el-desarrollo-aecid-invitan-a-participar-en-convocatoria-publica-para-contratar-servicios-de-un-profesional-e\/#breadcrumb\",\"itemListElement\":[{\"@type\":\"ListItem\",\"position\":1,\"name\":\"Home\",\"item\":\"https:\/\/www.fiscalia.gov.co\/colombia\/\"},{\"@type\":\"ListItem\",\"position\":2,\"name\":\"Participaci\u00f3n ciudadana\",\"item\":\"https:\/\/www.fiscalia.gov.co\/colombia\/servicios-de-informacion-al-ciudadano\/\"},{\"@type\":\"ListItem\",\"position\":3,\"name\":\"La Fiscal\u00eda General de la Naci\u00f3n y la Agencia Espa\u00f1ola de Cooperaci\u00f3n Internacional para el Desarrollo (AECID) invitan a participar en convocatoria p\u00fablica para contratar servicios de un profesional en derecho\"}]},{\"@type\":\"WebSite\",\"@id\":\"https:\/\/www.fiscalia.gov.co\/colombia\/#website\",\"url\":\"https:\/\/www.fiscalia.gov.co\/colombia\/\",\"name\":\"Fiscal\u00eda General de la Naci\u00f3n\",\"description\":\"P\u00e1gina oficial de la Fiscal\u00eda General de la Naci\u00f3n \u2013 Colombia. Garantizamos el acceso efectivo a la justicia, la verdad y la reparaci\u00f3n de las v\u00edctimas de los delitos.\",\"publisher\":{\"@id\":\"https:\/\/www.fiscalia.gov.co\/colombia\/#organization\"},\"potentialAction\":[{\"@type\":\"SearchAction\",\"target\":{\"@type\":\"EntryPoint\",\"urlTemplate\":\"https:\/\/www.fiscalia.gov.co\/colombia\/?s={search_term_string}\"},\"query-input\":{\"@type\":\"PropertyValueSpecification\",\"valueRequired\":true,\"valueName\":\"search_term_string\"}}],\"inLanguage\":\"es-CO\"},{\"@type\":\"Organization\",\"@id\":\"https:\/\/www.fiscalia.gov.co\/colombia\/#organization\",\"name\":\"Fiscal\u00eda General de la Naci\u00f3n\",\"url\":\"https:\/\/www.fiscalia.gov.co\/colombia\/\",\"logo\":{\"@type\":\"ImageObject\",\"inLanguage\":\"es-CO\",\"@id\":\"https:\/\/www.fiscalia.gov.co\/colombia\/#\/schema\/logo\/image\/\",\"url\":\"https:\/\/www.fiscalia.gov.co\/colombia\/wp-content\/uploads\/LogoHorizontal_1.jpg\",\"contentUrl\":\"https:\/\/www.fiscalia.gov.co\/colombia\/wp-content\/uploads\/LogoHorizontal_1.jpg\",\"width\":300,\"height\":90,\"caption\":\"Fiscal\u00eda General de la Naci\u00f3n\"},\"image\":{\"@id\":\"https:\/\/www.fiscalia.gov.co\/colombia\/#\/schema\/logo\/image\/\"},\"sameAs\":[\"https:\/\/www.facebook.com\/FiscaliaCol\",\"https:\/\/x.com\/FiscaliaCol\",\"https:\/\/www.instagram.com\/fiscaliacol\",\"https:\/\/www.linkedin.com\/company\/fiscalia-general-de-la-naci-n\/\",\"https:\/\/youtube.com\/@fiscaliageneraldelanacion-4668?si=6nN79nyQICPU5iTh\"]}]}<\/script>\n<!-- \/ Yoast SEO plugin. -->","yoast_head_json":{"title":"Fiscal\u00eda General de la Naci\u00f3n","description":"P\u00e1gina oficial de la Fiscal\u00eda General de la Naci\u00f3n \u2013 Colombia. Garantizamos el acceso efectivo a la justicia, la verdad y la reparaci\u00f3n de las v\u00edctimas de los delitos.","robots":{"index":"index","follow":"follow","max-snippet":"max-snippet:-1","max-image-preview":"max-image-preview:large","max-video-preview":"max-video-preview:-1"},"canonical":"https:\/\/www.fiscalia.gov.co\/colombia\/servicios-de-informacion-al-ciudadano\/la-fiscalia-general-de-la-nacion-y-la-agencia-espanola-de-cooperacion-internacional-para-el-desarrollo-aecid-invitan-a-participar-en-convocatoria-publica-para-contratar-servicios-de-un-profesional-e\/","og_locale":"es_ES","og_type":"article","og_title":"Fiscal\u00eda General de la Naci\u00f3n","og_description":"P\u00e1gina oficial de la Fiscal\u00eda General de la Naci\u00f3n \u2013 Colombia. Garantizamos el acceso efectivo a la justicia, la verdad y la reparaci\u00f3n de las v\u00edctimas de los delitos.","og_url":"https:\/\/www.fiscalia.gov.co\/colombia\/servicios-de-informacion-al-ciudadano\/la-fiscalia-general-de-la-nacion-y-la-agencia-espanola-de-cooperacion-internacional-para-el-desarrollo-aecid-invitan-a-participar-en-convocatoria-publica-para-contratar-servicios-de-un-profesional-e\/","og_site_name":"Fiscal\u00eda General de la Naci\u00f3n","article_publisher":"https:\/\/www.facebook.com\/FiscaliaCol","article_modified_time":"2019-10-31T19:18:54+00:00","twitter_card":"summary_large_image","twitter_site":"@FiscaliaCol","twitter_misc":{"Tiempo de lectura":"2 minutos"},"schema":{"@context":"https:\/\/schema.org","@graph":[{"@type":"WebPage","@id":"https:\/\/www.fiscalia.gov.co\/colombia\/servicios-de-informacion-al-ciudadano\/la-fiscalia-general-de-la-nacion-y-la-agencia-espanola-de-cooperacion-internacional-para-el-desarrollo-aecid-invitan-a-participar-en-convocatoria-publica-para-contratar-servicios-de-un-profesional-e\/","url":"https:\/\/www.fiscalia.gov.co\/colombia\/servicios-de-informacion-al-ciudadano\/la-fiscalia-general-de-la-nacion-y-la-agencia-espanola-de-cooperacion-internacional-para-el-desarrollo-aecid-invitan-a-participar-en-convocatoria-publica-para-contratar-servicios-de-un-profesional-e\/","name":"Fiscal\u00eda General de la Naci\u00f3n","isPartOf":{"@id":"https:\/\/www.fiscalia.gov.co\/colombia\/#website"},"datePublished":"2018-05-31T16:23:29+00:00","dateModified":"2019-10-31T19:18:54+00:00","description":"P\u00e1gina oficial de la Fiscal\u00eda General de la Naci\u00f3n \u2013 Colombia. Garantizamos el acceso efectivo a la justicia, la verdad y la reparaci\u00f3n de las v\u00edctimas de los delitos.","breadcrumb":{"@id":"https:\/\/www.fiscalia.gov.co\/colombia\/servicios-de-informacion-al-ciudadano\/la-fiscalia-general-de-la-nacion-y-la-agencia-espanola-de-cooperacion-internacional-para-el-desarrollo-aecid-invitan-a-participar-en-convocatoria-publica-para-contratar-servicios-de-un-profesional-e\/#breadcrumb"},"inLanguage":"es-CO","potentialAction":[{"@type":"ReadAction","target":["https:\/\/www.fiscalia.gov.co\/colombia\/servicios-de-informacion-al-ciudadano\/la-fiscalia-general-de-la-nacion-y-la-agencia-espanola-de-cooperacion-internacional-para-el-desarrollo-aecid-invitan-a-participar-en-convocatoria-publica-para-contratar-servicios-de-un-profesional-e\/"]}]},{"@type":"BreadcrumbList","@id":"https:\/\/www.fiscalia.gov.co\/colombia\/servicios-de-informacion-al-ciudadano\/la-fiscalia-general-de-la-nacion-y-la-agencia-espanola-de-cooperacion-internacional-para-el-desarrollo-aecid-invitan-a-participar-en-convocatoria-publica-para-contratar-servicios-de-un-profesional-e\/#breadcrumb","itemListElement":[{"@type":"ListItem","position":1,"name":"Home","item":"https:\/\/www.fiscalia.gov.co\/colombia\/"},{"@type":"ListItem","position":2,"name":"Participaci\u00f3n ciudadana","item":"https:\/\/www.fiscalia.gov.co\/colombia\/servicios-de-informacion-al-ciudadano\/"},{"@type":"ListItem","position":3,"name":"La Fiscal\u00eda General de la Naci\u00f3n y la Agencia Espa\u00f1ola de Cooperaci\u00f3n Internacional para el Desarrollo (AECID) invitan a participar en convocatoria p\u00fablica para contratar servicios de un profesional en derecho"}]},{"@type":"WebSite","@id":"https:\/\/www.fiscalia.gov.co\/colombia\/#website","url":"https:\/\/www.fiscalia.gov.co\/colombia\/","name":"Fiscal\u00eda General de la Naci\u00f3n","description":"P\u00e1gina oficial de la Fiscal\u00eda General de la Naci\u00f3n \u2013 Colombia. Garantizamos el acceso efectivo a la justicia, la verdad y la reparaci\u00f3n de las v\u00edctimas de los delitos.","publisher":{"@id":"https:\/\/www.fiscalia.gov.co\/colombia\/#organization"},"potentialAction":[{"@type":"SearchAction","target":{"@type":"EntryPoint","urlTemplate":"https:\/\/www.fiscalia.gov.co\/colombia\/?s={search_term_string}"},"query-input":{"@type":"PropertyValueSpecification","valueRequired":true,"valueName":"search_term_string"}}],"inLanguage":"es-CO"},{"@type":"Organization","@id":"https:\/\/www.fiscalia.gov.co\/colombia\/#organization","name":"Fiscal\u00eda General de la Naci\u00f3n","url":"https:\/\/www.fiscalia.gov.co\/colombia\/","logo":{"@type":"ImageObject","inLanguage":"es-CO","@id":"https:\/\/www.fiscalia.gov.co\/colombia\/#\/schema\/logo\/image\/","url":"https:\/\/www.fiscalia.gov.co\/colombia\/wp-content\/uploads\/LogoHorizontal_1.jpg","contentUrl":"https:\/\/www.fiscalia.gov.co\/colombia\/wp-content\/uploads\/LogoHorizontal_1.jpg","width":300,"height":90,"caption":"Fiscal\u00eda General de la Naci\u00f3n"},"image":{"@id":"https:\/\/www.fiscalia.gov.co\/colombia\/#\/schema\/logo\/image\/"},"sameAs":["https:\/\/www.facebook.com\/FiscaliaCol","https:\/\/x.com\/FiscaliaCol","https:\/\/www.instagram.com\/fiscaliacol","https:\/\/www.linkedin.com\/company\/fiscalia-general-de-la-naci-n\/","https:\/\/youtube.com\/@fiscaliageneraldelanacion-4668?si=6nN79nyQICPU5iTh"]}]}},"_links":{"self":[{"href":"https:\/\/www.fiscalia.gov.co\/colombia\/wp-json\/wp\/v2\/pages\/164054","targetHints":{"allow":["GET"]}}],"collection":[{"href":"https:\/\/www.fiscalia.gov.co\/colombia\/wp-json\/wp\/v2\/pages"}],"about":[{"href":"https:\/\/www.fiscalia.gov.co\/colombia\/wp-json\/wp\/v2\/types\/page"}],"author":[{"embeddable":true,"href":"https:\/\/www.fiscalia.gov.co\/colombia\/wp-json\/wp\/v2\/users\/162"}],"replies":[{"embeddable":true,"href":"https:\/\/www.fiscalia.gov.co\/colombia\/wp-json\/wp\/v2\/comments?post=164054"}],"version-history":[{"count":1,"href":"https:\/\/www.fiscalia.gov.co\/colombia\/wp-json\/wp\/v2\/pages\/164054\/revisions"}],"predecessor-version":[{"id":164055,"href":"https:\/\/www.fiscalia.gov.co\/colombia\/wp-json\/wp\/v2\/pages\/164054\/revisions\/164055"}],"up":[{"embeddable":true,"href":"https:\/\/www.fiscalia.gov.co\/colombia\/wp-json\/wp\/v2\/pages\/8600"}],"wp:attachment":[{"href":"https:\/\/www.fiscalia.gov.co\/colombia\/wp-json\/wp\/v2\/media?parent=164054"}],"curies":[{"name":"wp","href":"https:\/\/api.w.org\/{rel}","templated":true}]}}