{"id":160867,"date":"2018-03-13T16:55:35","date_gmt":"2018-03-13T21:55:35","guid":{"rendered":"https:\/\/www.fiscalia.gov.co\/colombia\/?page_id=160867"},"modified":"2022-06-30T16:36:37","modified_gmt":"2022-06-30T21:36:37","slug":"entregas-cesar","status":"publish","type":"page","link":"https:\/\/www.fiscalia.gov.co\/colombia\/justicia-transicional-2\/entrega-de-restos-oseos\/entregas-cesar\/","title":{"rendered":"Entregas Cesar"},"content":{"rendered":"<p><img loading=\"lazy\" decoding=\"async\" class=\"wp-image-251801 alignleft\" src=\"https:\/\/www.fiscalia.gov.co\/colombia\/wp-content\/uploads\/2022-06-15-valledupar.jpg\" alt=\"\" width=\"254\" height=\"109\" srcset=\"https:\/\/www.fiscalia.gov.co\/colombia\/wp-content\/uploads\/2022-06-15-valledupar.jpg 744w, https:\/\/www.fiscalia.gov.co\/colombia\/wp-content\/uploads\/2022-06-15-valledupar-300x129.jpg 300w, https:\/\/www.fiscalia.gov.co\/colombia\/wp-content\/uploads\/2022-06-15-valledupar-696x299.jpg 696w, https:\/\/www.fiscalia.gov.co\/colombia\/wp-content\/uploads\/2022-06-15-valledupar-741x320.jpg 741w\" sizes=\"auto, (max-width: 254px) 100vw, 254px\" \/><span style=\"font-family: Arial, sans-serif; font-size: 12pt;\">Valledupar(Cesar) 15 de junio de 2022<br \/>\n<\/span><span style=\"font-family: Arial, sans-serif; font-size: 12pt;\">Lugar de la ceremonia de entrega de restos: Auditorio hotel Arawak Upar Valledupar, Cesar<br \/>\n<\/span><span style=\"font-family: Arial, sans-serif; font-size: 12pt;\">Restos entregados: 2<br \/>\n<\/span><span style=\"font-size: 12pt; font-family: Arial, sans-serif;\">Lugar donde se realizaron las exhumaciones: Departamento de Cesar y Guajira<\/span><\/p>\n<p><img loading=\"lazy\" decoding=\"async\" class=\"alignleft wp-image-250221\" src=\"https:\/\/www.fiscalia.gov.co\/colombia\/wp-content\/uploads\/2022-04-22-Valledupar.jpg\" alt=\"\" width=\"254\" height=\"109\" srcset=\"https:\/\/www.fiscalia.gov.co\/colombia\/wp-content\/uploads\/2022-04-22-Valledupar.jpg 744w, https:\/\/www.fiscalia.gov.co\/colombia\/wp-content\/uploads\/2022-04-22-Valledupar-300x129.jpg 300w, https:\/\/www.fiscalia.gov.co\/colombia\/wp-content\/uploads\/2022-04-22-Valledupar-696x299.jpg 696w, https:\/\/www.fiscalia.gov.co\/colombia\/wp-content\/uploads\/2022-04-22-Valledupar-741x320.jpg 741w\" sizes=\"auto, (max-width: 254px) 100vw, 254px\" \/>Valledupar (Cesar), 22 de abril 2022<br \/>\nLugar de la ceremonia de entrega de restos: Sede Justicia Transicional Valledupar, Cesar<br \/>\nRestos entregados: 1<br \/>\nLugar donde se realizaron las exhumaciones: Departamento de Cesar<\/p>\n<p><img loading=\"lazy\" decoding=\"async\" class=\"wp-image-197315 alignleft\" src=\"https:\/\/www.fiscalia.gov.co\/colombia\/wp-content\/uploads\/La-Paz-2020-02-17-scaled.jpg\" alt=\"\" width=\"254\" height=\"170\" srcset=\"https:\/\/www.fiscalia.gov.co\/colombia\/wp-content\/uploads\/La-Paz-2020-02-17-scaled.jpg 2560w, https:\/\/www.fiscalia.gov.co\/colombia\/wp-content\/uploads\/La-Paz-2020-02-17-300x200.jpg 300w, https:\/\/www.fiscalia.gov.co\/colombia\/wp-content\/uploads\/La-Paz-2020-02-17-1024x683.jpg 1024w, https:\/\/www.fiscalia.gov.co\/colombia\/wp-content\/uploads\/La-Paz-2020-02-17-768x513.jpg 768w, https:\/\/www.fiscalia.gov.co\/colombia\/wp-content\/uploads\/La-Paz-2020-02-17-1536x1025.jpg 1536w, https:\/\/www.fiscalia.gov.co\/colombia\/wp-content\/uploads\/La-Paz-2020-02-17-2048x1367.jpg 2048w, https:\/\/www.fiscalia.gov.co\/colombia\/wp-content\/uploads\/La-Paz-2020-02-17-696x465.jpg 696w, https:\/\/www.fiscalia.gov.co\/colombia\/wp-content\/uploads\/La-Paz-2020-02-17-1068x713.jpg 1068w, https:\/\/www.fiscalia.gov.co\/colombia\/wp-content\/uploads\/La-Paz-2020-02-17-1920x1281.jpg 1920w, https:\/\/www.fiscalia.gov.co\/colombia\/wp-content\/uploads\/La-Paz-2020-02-17-629x420.jpg 629w\" sizes=\"auto, (max-width: 254px) 100vw, 254px\" \/>La Paz y San Juan (Cesar) Corregimiento Curazao (La Guajira) 17,18,19,20 y 21 de Febrero 2020<br \/>\nLugar de la ceremonia de entrega de restos: Hogares de las V\u00edctimas.<br \/>\nRestos entregados: 4<br \/>\nLugar donde se realizaron las exhumaciones: Departamento de Cesar<\/p>\n<p style=\"text-align: left;\"><a href=\"https:\/\/www.fiscalia.gov.co\/colombia\/wp-content\/uploads\/2015\/06\/Entrega-Valledupar-2015-05-29.jpg\"><img loading=\"lazy\" decoding=\"async\" class=\"wp-image-197312 alignleft\" src=\"https:\/\/www.fiscalia.gov.co\/colombia\/wp-content\/uploads\/Valledupar-2019-10-21.jpeg\" alt=\"\" width=\"253\" height=\"169\" srcset=\"https:\/\/www.fiscalia.gov.co\/colombia\/wp-content\/uploads\/Valledupar-2019-10-21.jpeg 1280w, https:\/\/www.fiscalia.gov.co\/colombia\/wp-content\/uploads\/Valledupar-2019-10-21-300x200.jpeg 300w, https:\/\/www.fiscalia.gov.co\/colombia\/wp-content\/uploads\/Valledupar-2019-10-21-1024x683.jpeg 1024w, https:\/\/www.fiscalia.gov.co\/colombia\/wp-content\/uploads\/Valledupar-2019-10-21-768x512.jpeg 768w, https:\/\/www.fiscalia.gov.co\/colombia\/wp-content\/uploads\/Valledupar-2019-10-21-696x464.jpeg 696w, https:\/\/www.fiscalia.gov.co\/colombia\/wp-content\/uploads\/Valledupar-2019-10-21-1068x713.jpeg 1068w, https:\/\/www.fiscalia.gov.co\/colombia\/wp-content\/uploads\/Valledupar-2019-10-21-630x420.jpeg 630w\" sizes=\"auto, (max-width: 253px) 100vw, 253px\" \/><\/a>Valledupar y Corregimiento de Chimila Jurisdicci\u00f3n del Copey (Cesar) 21,22,23 y 24 de Octubre de 2019<br \/>\nLugar de la ceremonia de entrega de restos: La MAPP OEA<br \/>\nRestos entregados: 3<br \/>\nLugar donde se realizaron las exhumaciones: Departamento de Cesar<\/p>\n<p style=\"text-align: left;\"><a href=\"https:\/\/www.fiscalia.gov.co\/colombia\/wp-content\/uploads\/2015\/06\/Entrega-Valledupar-2015-05-29.jpg\"><img loading=\"lazy\" decoding=\"async\" class=\"wp-image-1413 alignleft\" title=\"Entrega Cesar\" src=\"https:\/\/www.fiscalia.gov.co\/colombia\/wp-content\/uploads\/2015\/06\/Entrega-Valledupar-2015-05-29.jpg\" alt=\"\" width=\"256\" height=\"110\" \/><\/a>Valledupar (Cesar), 29 de mayo de 2015.<br \/>\nLugar de la ceremonia de entrega de restos:\u00a0Hotel Regency Boutique<br \/>\nRestos entregados: 10<br \/>\nLugar donde se realizaron las exhumaciones: Departamento de Cesar<\/p>\n<p style=\"text-align: left;\"><a href=\"https:\/\/www.fiscalia.gov.co\/colombia\/wp-content\/uploads\/8-de-abril-de-2015.jpg\"><img loading=\"lazy\" decoding=\"async\" class=\"alignleft wp-image-1413\" title=\"Entrega Cesar\" src=\"https:\/\/www.fiscalia.gov.co\/colombia\/wp-content\/uploads\/2014\/04\/8-de-abril-de-2014.jpg\" alt=\"\" width=\"256\" height=\"110\" \/><\/a>Valledupar (Cesar), 8 de abril de 2015.<br \/>\nLugar de la ceremonia de entrega de restos:\u00a0Auditorio del Hotel Sicarare<br \/>\nRestos entregados: 5<br \/>\nLugar donde se realizaron las exhumaciones: Departamento de Cesar<\/p>\n<p style=\"text-align: left;\"><a href=\"https:\/\/www.fiscalia.gov.co\/colombia\/wp-content\/uploads\/2013\/06\/24-mayo-2013.jpg\"><img loading=\"lazy\" decoding=\"async\" class=\"wp-image-1413 alignleft\" title=\"Entrega Cesar\" src=\"https:\/\/www.fiscalia.gov.co\/colombia\/wp-content\/uploads\/2013\/06\/24-mayo-2013.jpg\" alt=\"\" width=\"256\" height=\"110\" \/><\/a>Valledupar (Cesar), 24 de mayo de 2013.<br \/>\nLugar de la ceremonia de entrega de restos:\u00a0Auditorio del Hotel Sicarare<br \/>\nRestos entregados: 20<br \/>\nLugar donde se realizaron las exhumaciones: Departamentos de La Guajira, Magdalena, Cesar, Arauca, Bol\u00edvar y Caldas<\/p>\n<p style=\"text-align: left;\"><a href=\"https:\/\/www.fiscalia.gov.co\/colombia\/wp-content\/uploads\/2013\/05\/22mayo2013.jpg\"><img loading=\"lazy\" decoding=\"async\" class=\"wp-image-1413 alignleft\" title=\"Entrega Cesar\" src=\"https:\/\/www.fiscalia.gov.co\/colombia\/wp-content\/uploads\/2013\/05\/22mayo2013.jpg\" alt=\"\" width=\"256\" height=\"110\" \/><\/a>Valledupar (Cesar), 22 de mayo de 2013.<br \/>\nLugar de la ceremonia de entrega de restos:\u00a0Auditorio del Hotel Sicarare<br \/>\nRestos entregados: 1<br \/>\nLugar donde se realizaron las exhumaciones: Departamento de Magdalena<\/p>\n<p style=\"text-align: left;\"><a href=\"https:\/\/www.fiscalia.gov.co\/colombia\/wp-content\/uploads\/2012\/07\/19.jpg\"><img loading=\"lazy\" decoding=\"async\" class=\"wp-image-1413 alignleft\" title=\"Entrega Cesar\" src=\"https:\/\/www.fiscalia.gov.co\/colombia\/wp-content\/uploads\/2012\/07\/19.jpg\" alt=\"\" width=\"256\" height=\"110\" \/><\/a>Valledupar (Cesar),8 de junio de 2012.<br \/>\nLugar de la ceremonia de entrega de restos:\u00a0Sal\u00f3n Yui del Hotel Sicarare<br \/>\nRestos entregados: 17<br \/>\nLugar donde se realizaron las exhumaciones: Departamentos de Cesar y La Guajira<\/p>\n<p style=\"text-align: left;\"><a href=\"https:\/\/www.fiscalia.gov.co\/colombia\/wp-content\/uploads\/2012\/07\/28.jpg\"><img loading=\"lazy\" decoding=\"async\" class=\"wp-image-1414 alignleft\" title=\"Entrega Cesar\" src=\"https:\/\/www.fiscalia.gov.co\/colombia\/wp-content\/uploads\/2012\/07\/28.jpg\" alt=\"\" width=\"256\" height=\"110\" \/><\/a>Valledupar (Cesar),8 de abril de 2011.<br \/>\nLugar de la ceremonia de entrega de restos:\u00a0Auditorio del Hotel Sicarare<br \/>\nRestos entregados: 17<br \/>\nLugar donde se realizaron las exhumaciones: Departamentos de Cesar, Caquet\u00e1 y Atl\u00e1ntico<\/p>\n<p style=\"text-align: left;\"><a href=\"https:\/\/www.fiscalia.gov.co\/colombia\/wp-content\/uploads\/2012\/07\/38.jpg\"><img loading=\"lazy\" decoding=\"async\" class=\" wp-image-1415 alignleft\" title=\"Entrega Cesar\" src=\"https:\/\/www.fiscalia.gov.co\/colombia\/wp-content\/uploads\/2012\/07\/38.jpg\" alt=\"\" width=\"256\" height=\"110\" \/><\/a>Valledupar (Cesar),7 de mayo de 2010.<br \/>\nLugar de la ceremonia de entrega de restos:\u00a0Auditorio del Hotel Sicarare<br \/>\nRestos entregados: 21<br \/>\nLugar donde se realizaron las exhumaciones: Departamentos de Cesar, Magdalena, La Guajira y Nari\u00f1o<\/p>\n<p style=\"text-align: left;\"><a href=\"https:\/\/www.fiscalia.gov.co\/colombia\/wp-content\/uploads\/2012\/07\/46.jpg\"><img loading=\"lazy\" decoding=\"async\" class=\" wp-image-1416 alignleft\" title=\"Entrega Cesar\" src=\"https:\/\/www.fiscalia.gov.co\/colombia\/wp-content\/uploads\/2012\/07\/46.jpg\" alt=\"\" width=\"256\" height=\"110\" \/><\/a>Valledupar (Cesar),11 de junio de 2010.<br \/>\nLugar de la ceremonia de entrega de restos:\u00a0Auditorio de la Unidad de Justicia y Paz<br \/>\nRestos entregados: 3<br \/>\nLugar donde se realizaron las exhumaciones: Departamentos de Cesar y Magdalena<\/p>\n<p style=\"text-align: left;\"><a href=\"https:\/\/www.fiscalia.gov.co\/colombia\/wp-content\/uploads\/2012\/07\/54.jpg\"><img loading=\"lazy\" decoding=\"async\" class=\" wp-image-1417 alignleft\" title=\"Entrega Cesar\" src=\"https:\/\/www.fiscalia.gov.co\/colombia\/wp-content\/uploads\/2012\/07\/54.jpg\" alt=\"\" width=\"256\" height=\"110\" \/><\/a>Pelaya (Cesar),29 de mayo de 2009<br \/>\nLugar de la ceremonia de entrega de restos:\u00a0Alcaldia Municipal<br \/>\nRestos entregados: 1<br \/>\nLugar donde se realizaron las exhumaciones: Departamento de Cesar<\/p>\n<p style=\"text-align: left;\"><a href=\"https:\/\/www.fiscalia.gov.co\/colombia\/wp-content\/uploads\/2012\/07\/64.jpg\"><img loading=\"lazy\" decoding=\"async\" class=\" wp-image-1418 alignleft\" title=\"Entrega Cesar\" src=\"https:\/\/www.fiscalia.gov.co\/colombia\/wp-content\/uploads\/2012\/07\/64.jpg\" alt=\"\" width=\"256\" height=\"110\" \/><\/a>Agust\u00edn Codazzi (Cesar),19 de junio de 2009<br \/>\nLugar de la ceremonia de entrega de restos:\u00a0Despacho del Alcalde<br \/>\nRestos entregados: 1<br \/>\nLugar donde se realizaron las exhumaciones: Departamento de Cesar<\/p>\n<p style=\"text-align: left;\"><a href=\"https:\/\/www.fiscalia.gov.co\/colombia\/wp-content\/uploads\/2012\/07\/73.jpg\"><img loading=\"lazy\" decoding=\"async\" class=\" wp-image-1419 alignleft\" title=\"Entrega Cesar\" src=\"https:\/\/www.fiscalia.gov.co\/colombia\/wp-content\/uploads\/2012\/07\/73.jpg\" alt=\"\" width=\"256\" height=\"110\" \/><\/a>Copey (Cesar),28 de mayo de 2009<br \/>\nLugar de la ceremonia de entrega de restos:\u00a0Alcald\u00eda Municipal<br \/>\nRestos entregados: 1<br \/>\nLugar donde se realizaron las exhumaciones: Departamento de Cesar<\/p>\n\n<div class=\"twitter-share\"><a href=\"https:\/\/twitter.com\/intent\/tweet?via=fiscaliacol\" class=\"twitter-share-button\">Tweet<\/a><\/div>\n","protected":false},"excerpt":{"rendered":"<p>Valledupar(Cesar) 15 de junio de 2022 Lugar de la ceremonia de entrega de restos: Auditorio hotel Arawak Upar Valledupar, Cesar Restos entregados: 2 Lugar donde se realizaron las exhumaciones: Departamento [&hellip;]<\/p>\n","protected":false},"author":143,"featured_media":0,"parent":104055,"menu_order":0,"comment_status":"closed","ping_status":"closed","template":"","meta":{"tdm_status":"","tdm_grid_status":"","footnotes":""},"class_list":["post-160867","page","type-page","status-publish"],"yoast_head":"<!-- This site is optimized with the Yoast SEO plugin v24.3 - https:\/\/yoast.com\/wordpress\/plugins\/seo\/ -->\n<title>Fiscal\u00eda General de la Naci\u00f3n<\/title>\n<meta name=\"description\" content=\"P\u00e1gina oficial de la Fiscal\u00eda General de la Naci\u00f3n \u2013 Colombia. Garantizamos el acceso efectivo a la justicia, la verdad y la reparaci\u00f3n de las v\u00edctimas de los delitos.\" \/>\n<meta name=\"robots\" content=\"index, follow, max-snippet:-1, max-image-preview:large, max-video-preview:-1\" \/>\n<link rel=\"canonical\" href=\"https:\/\/www.fiscalia.gov.co\/colombia\/justicia-transicional-2\/entrega-de-restos-oseos\/entregas-cesar\/\" \/>\n<meta property=\"og:locale\" content=\"es_ES\" \/>\n<meta property=\"og:type\" content=\"article\" \/>\n<meta property=\"og:title\" content=\"Fiscal\u00eda General de la Naci\u00f3n\" \/>\n<meta property=\"og:description\" content=\"P\u00e1gina oficial de la Fiscal\u00eda General de la Naci\u00f3n \u2013 Colombia. Garantizamos el acceso efectivo a la justicia, la verdad y la reparaci\u00f3n de las v\u00edctimas de los delitos.\" \/>\n<meta property=\"og:url\" content=\"https:\/\/www.fiscalia.gov.co\/colombia\/justicia-transicional-2\/entrega-de-restos-oseos\/entregas-cesar\/\" \/>\n<meta property=\"og:site_name\" content=\"Fiscal\u00eda General de la Naci\u00f3n\" \/>\n<meta property=\"article:publisher\" content=\"https:\/\/www.facebook.com\/FiscaliaCol\" \/>\n<meta property=\"article:modified_time\" content=\"2022-06-30T21:36:37+00:00\" \/>\n<meta property=\"og:image\" content=\"https:\/\/www.fiscalia.gov.co\/colombia\/wp-content\/uploads\/2022-06-15-valledupar.jpg\" \/>\n<meta name=\"twitter:card\" content=\"summary_large_image\" \/>\n<meta name=\"twitter:site\" content=\"@FiscaliaCol\" \/>\n<meta name=\"twitter:label1\" content=\"Tiempo de lectura\" \/>\n\t<meta name=\"twitter:data1\" content=\"2 minutos\" \/>\n<script type=\"application\/ld+json\" class=\"yoast-schema-graph\">{\"@context\":\"https:\/\/schema.org\",\"@graph\":[{\"@type\":\"WebPage\",\"@id\":\"https:\/\/www.fiscalia.gov.co\/colombia\/justicia-transicional-2\/entrega-de-restos-oseos\/entregas-cesar\/\",\"url\":\"https:\/\/www.fiscalia.gov.co\/colombia\/justicia-transicional-2\/entrega-de-restos-oseos\/entregas-cesar\/\",\"name\":\"Fiscal\u00eda General de la Naci\u00f3n\",\"isPartOf\":{\"@id\":\"https:\/\/www.fiscalia.gov.co\/colombia\/#website\"},\"primaryImageOfPage\":{\"@id\":\"https:\/\/www.fiscalia.gov.co\/colombia\/justicia-transicional-2\/entrega-de-restos-oseos\/entregas-cesar\/#primaryimage\"},\"image\":{\"@id\":\"https:\/\/www.fiscalia.gov.co\/colombia\/justicia-transicional-2\/entrega-de-restos-oseos\/entregas-cesar\/#primaryimage\"},\"thumbnailUrl\":\"https:\/\/www.fiscalia.gov.co\/colombia\/wp-content\/uploads\/2022-06-15-valledupar.jpg\",\"datePublished\":\"2018-03-13T21:55:35+00:00\",\"dateModified\":\"2022-06-30T21:36:37+00:00\",\"description\":\"P\u00e1gina oficial de la Fiscal\u00eda General de la Naci\u00f3n \u2013 Colombia. Garantizamos el acceso efectivo a la justicia, la verdad y la reparaci\u00f3n de las v\u00edctimas de los delitos.\",\"breadcrumb\":{\"@id\":\"https:\/\/www.fiscalia.gov.co\/colombia\/justicia-transicional-2\/entrega-de-restos-oseos\/entregas-cesar\/#breadcrumb\"},\"inLanguage\":\"es-CO\",\"potentialAction\":[{\"@type\":\"ReadAction\",\"target\":[\"https:\/\/www.fiscalia.gov.co\/colombia\/justicia-transicional-2\/entrega-de-restos-oseos\/entregas-cesar\/\"]}]},{\"@type\":\"ImageObject\",\"inLanguage\":\"es-CO\",\"@id\":\"https:\/\/www.fiscalia.gov.co\/colombia\/justicia-transicional-2\/entrega-de-restos-oseos\/entregas-cesar\/#primaryimage\",\"url\":\"https:\/\/www.fiscalia.gov.co\/colombia\/wp-content\/uploads\/2022-06-15-valledupar.jpg\",\"contentUrl\":\"https:\/\/www.fiscalia.gov.co\/colombia\/wp-content\/uploads\/2022-06-15-valledupar.jpg\",\"width\":744,\"height\":320},{\"@type\":\"BreadcrumbList\",\"@id\":\"https:\/\/www.fiscalia.gov.co\/colombia\/justicia-transicional-2\/entrega-de-restos-oseos\/entregas-cesar\/#breadcrumb\",\"itemListElement\":[{\"@type\":\"ListItem\",\"position\":1,\"name\":\"Home\",\"item\":\"https:\/\/www.fiscalia.gov.co\/colombia\/\"},{\"@type\":\"ListItem\",\"position\":2,\"name\":\"Justicia Transicional\",\"item\":\"https:\/\/www.fiscalia.gov.co\/colombia\/justicia-transicional-2\/\"},{\"@type\":\"ListItem\",\"position\":3,\"name\":\"Entrega de restos \u00f3seos\",\"item\":\"https:\/\/www.fiscalia.gov.co\/colombia\/justicia-transicional-2\/entrega-de-restos-oseos\/\"},{\"@type\":\"ListItem\",\"position\":4,\"name\":\"Entregas Cesar\"}]},{\"@type\":\"WebSite\",\"@id\":\"https:\/\/www.fiscalia.gov.co\/colombia\/#website\",\"url\":\"https:\/\/www.fiscalia.gov.co\/colombia\/\",\"name\":\"Fiscal\u00eda General de la Naci\u00f3n\",\"description\":\"P\u00e1gina oficial de la Fiscal\u00eda General de la Naci\u00f3n \u2013 Colombia. Garantizamos el acceso efectivo a la justicia, la verdad y la reparaci\u00f3n de las v\u00edctimas de los delitos.\",\"publisher\":{\"@id\":\"https:\/\/www.fiscalia.gov.co\/colombia\/#organization\"},\"potentialAction\":[{\"@type\":\"SearchAction\",\"target\":{\"@type\":\"EntryPoint\",\"urlTemplate\":\"https:\/\/www.fiscalia.gov.co\/colombia\/?s={search_term_string}\"},\"query-input\":{\"@type\":\"PropertyValueSpecification\",\"valueRequired\":true,\"valueName\":\"search_term_string\"}}],\"inLanguage\":\"es-CO\"},{\"@type\":\"Organization\",\"@id\":\"https:\/\/www.fiscalia.gov.co\/colombia\/#organization\",\"name\":\"Fiscal\u00eda General de la Naci\u00f3n\",\"url\":\"https:\/\/www.fiscalia.gov.co\/colombia\/\",\"logo\":{\"@type\":\"ImageObject\",\"inLanguage\":\"es-CO\",\"@id\":\"https:\/\/www.fiscalia.gov.co\/colombia\/#\/schema\/logo\/image\/\",\"url\":\"https:\/\/www.fiscalia.gov.co\/colombia\/wp-content\/uploads\/LogoHorizontal_1.jpg\",\"contentUrl\":\"https:\/\/www.fiscalia.gov.co\/colombia\/wp-content\/uploads\/LogoHorizontal_1.jpg\",\"width\":300,\"height\":90,\"caption\":\"Fiscal\u00eda General de la Naci\u00f3n\"},\"image\":{\"@id\":\"https:\/\/www.fiscalia.gov.co\/colombia\/#\/schema\/logo\/image\/\"},\"sameAs\":[\"https:\/\/www.facebook.com\/FiscaliaCol\",\"https:\/\/x.com\/FiscaliaCol\",\"https:\/\/www.instagram.com\/fiscaliacol\",\"https:\/\/www.linkedin.com\/company\/fiscalia-general-de-la-naci-n\/\",\"https:\/\/youtube.com\/@fiscaliageneraldelanacion-4668?si=6nN79nyQICPU5iTh\"]}]}<\/script>\n<!-- \/ Yoast SEO plugin. -->","yoast_head_json":{"title":"Fiscal\u00eda General de la Naci\u00f3n","description":"P\u00e1gina oficial de la Fiscal\u00eda General de la Naci\u00f3n \u2013 Colombia. Garantizamos el acceso efectivo a la justicia, la verdad y la reparaci\u00f3n de las v\u00edctimas de los delitos.","robots":{"index":"index","follow":"follow","max-snippet":"max-snippet:-1","max-image-preview":"max-image-preview:large","max-video-preview":"max-video-preview:-1"},"canonical":"https:\/\/www.fiscalia.gov.co\/colombia\/justicia-transicional-2\/entrega-de-restos-oseos\/entregas-cesar\/","og_locale":"es_ES","og_type":"article","og_title":"Fiscal\u00eda General de la Naci\u00f3n","og_description":"P\u00e1gina oficial de la Fiscal\u00eda General de la Naci\u00f3n \u2013 Colombia. Garantizamos el acceso efectivo a la justicia, la verdad y la reparaci\u00f3n de las v\u00edctimas de los delitos.","og_url":"https:\/\/www.fiscalia.gov.co\/colombia\/justicia-transicional-2\/entrega-de-restos-oseos\/entregas-cesar\/","og_site_name":"Fiscal\u00eda General de la Naci\u00f3n","article_publisher":"https:\/\/www.facebook.com\/FiscaliaCol","article_modified_time":"2022-06-30T21:36:37+00:00","og_image":[{"url":"https:\/\/www.fiscalia.gov.co\/colombia\/wp-content\/uploads\/2022-06-15-valledupar.jpg","type":"","width":"","height":""}],"twitter_card":"summary_large_image","twitter_site":"@FiscaliaCol","twitter_misc":{"Tiempo de lectura":"2 minutos"},"schema":{"@context":"https:\/\/schema.org","@graph":[{"@type":"WebPage","@id":"https:\/\/www.fiscalia.gov.co\/colombia\/justicia-transicional-2\/entrega-de-restos-oseos\/entregas-cesar\/","url":"https:\/\/www.fiscalia.gov.co\/colombia\/justicia-transicional-2\/entrega-de-restos-oseos\/entregas-cesar\/","name":"Fiscal\u00eda General de la Naci\u00f3n","isPartOf":{"@id":"https:\/\/www.fiscalia.gov.co\/colombia\/#website"},"primaryImageOfPage":{"@id":"https:\/\/www.fiscalia.gov.co\/colombia\/justicia-transicional-2\/entrega-de-restos-oseos\/entregas-cesar\/#primaryimage"},"image":{"@id":"https:\/\/www.fiscalia.gov.co\/colombia\/justicia-transicional-2\/entrega-de-restos-oseos\/entregas-cesar\/#primaryimage"},"thumbnailUrl":"https:\/\/www.fiscalia.gov.co\/colombia\/wp-content\/uploads\/2022-06-15-valledupar.jpg","datePublished":"2018-03-13T21:55:35+00:00","dateModified":"2022-06-30T21:36:37+00:00","description":"P\u00e1gina oficial de la Fiscal\u00eda General de la Naci\u00f3n \u2013 Colombia. Garantizamos el acceso efectivo a la justicia, la verdad y la reparaci\u00f3n de las v\u00edctimas de los delitos.","breadcrumb":{"@id":"https:\/\/www.fiscalia.gov.co\/colombia\/justicia-transicional-2\/entrega-de-restos-oseos\/entregas-cesar\/#breadcrumb"},"inLanguage":"es-CO","potentialAction":[{"@type":"ReadAction","target":["https:\/\/www.fiscalia.gov.co\/colombia\/justicia-transicional-2\/entrega-de-restos-oseos\/entregas-cesar\/"]}]},{"@type":"ImageObject","inLanguage":"es-CO","@id":"https:\/\/www.fiscalia.gov.co\/colombia\/justicia-transicional-2\/entrega-de-restos-oseos\/entregas-cesar\/#primaryimage","url":"https:\/\/www.fiscalia.gov.co\/colombia\/wp-content\/uploads\/2022-06-15-valledupar.jpg","contentUrl":"https:\/\/www.fiscalia.gov.co\/colombia\/wp-content\/uploads\/2022-06-15-valledupar.jpg","width":744,"height":320},{"@type":"BreadcrumbList","@id":"https:\/\/www.fiscalia.gov.co\/colombia\/justicia-transicional-2\/entrega-de-restos-oseos\/entregas-cesar\/#breadcrumb","itemListElement":[{"@type":"ListItem","position":1,"name":"Home","item":"https:\/\/www.fiscalia.gov.co\/colombia\/"},{"@type":"ListItem","position":2,"name":"Justicia Transicional","item":"https:\/\/www.fiscalia.gov.co\/colombia\/justicia-transicional-2\/"},{"@type":"ListItem","position":3,"name":"Entrega de restos \u00f3seos","item":"https:\/\/www.fiscalia.gov.co\/colombia\/justicia-transicional-2\/entrega-de-restos-oseos\/"},{"@type":"ListItem","position":4,"name":"Entregas Cesar"}]},{"@type":"WebSite","@id":"https:\/\/www.fiscalia.gov.co\/colombia\/#website","url":"https:\/\/www.fiscalia.gov.co\/colombia\/","name":"Fiscal\u00eda General de la Naci\u00f3n","description":"P\u00e1gina oficial de la Fiscal\u00eda General de la Naci\u00f3n \u2013 Colombia. Garantizamos el acceso efectivo a la justicia, la verdad y la reparaci\u00f3n de las v\u00edctimas de los delitos.","publisher":{"@id":"https:\/\/www.fiscalia.gov.co\/colombia\/#organization"},"potentialAction":[{"@type":"SearchAction","target":{"@type":"EntryPoint","urlTemplate":"https:\/\/www.fiscalia.gov.co\/colombia\/?s={search_term_string}"},"query-input":{"@type":"PropertyValueSpecification","valueRequired":true,"valueName":"search_term_string"}}],"inLanguage":"es-CO"},{"@type":"Organization","@id":"https:\/\/www.fiscalia.gov.co\/colombia\/#organization","name":"Fiscal\u00eda General de la Naci\u00f3n","url":"https:\/\/www.fiscalia.gov.co\/colombia\/","logo":{"@type":"ImageObject","inLanguage":"es-CO","@id":"https:\/\/www.fiscalia.gov.co\/colombia\/#\/schema\/logo\/image\/","url":"https:\/\/www.fiscalia.gov.co\/colombia\/wp-content\/uploads\/LogoHorizontal_1.jpg","contentUrl":"https:\/\/www.fiscalia.gov.co\/colombia\/wp-content\/uploads\/LogoHorizontal_1.jpg","width":300,"height":90,"caption":"Fiscal\u00eda General de la Naci\u00f3n"},"image":{"@id":"https:\/\/www.fiscalia.gov.co\/colombia\/#\/schema\/logo\/image\/"},"sameAs":["https:\/\/www.facebook.com\/FiscaliaCol","https:\/\/x.com\/FiscaliaCol","https:\/\/www.instagram.com\/fiscaliacol","https:\/\/www.linkedin.com\/company\/fiscalia-general-de-la-naci-n\/","https:\/\/youtube.com\/@fiscaliageneraldelanacion-4668?si=6nN79nyQICPU5iTh"]}]}},"_links":{"self":[{"href":"https:\/\/www.fiscalia.gov.co\/colombia\/wp-json\/wp\/v2\/pages\/160867","targetHints":{"allow":["GET"]}}],"collection":[{"href":"https:\/\/www.fiscalia.gov.co\/colombia\/wp-json\/wp\/v2\/pages"}],"about":[{"href":"https:\/\/www.fiscalia.gov.co\/colombia\/wp-json\/wp\/v2\/types\/page"}],"author":[{"embeddable":true,"href":"https:\/\/www.fiscalia.gov.co\/colombia\/wp-json\/wp\/v2\/users\/143"}],"replies":[{"embeddable":true,"href":"https:\/\/www.fiscalia.gov.co\/colombia\/wp-json\/wp\/v2\/comments?post=160867"}],"version-history":[{"count":9,"href":"https:\/\/www.fiscalia.gov.co\/colombia\/wp-json\/wp\/v2\/pages\/160867\/revisions"}],"predecessor-version":[{"id":251802,"href":"https:\/\/www.fiscalia.gov.co\/colombia\/wp-json\/wp\/v2\/pages\/160867\/revisions\/251802"}],"up":[{"embeddable":true,"href":"https:\/\/www.fiscalia.gov.co\/colombia\/wp-json\/wp\/v2\/pages\/104055"}],"wp:attachment":[{"href":"https:\/\/www.fiscalia.gov.co\/colombia\/wp-json\/wp\/v2\/media?parent=160867"}],"curies":[{"name":"wp","href":"https:\/\/api.w.org\/{rel}","templated":true}]}}