{"id":104079,"date":"2017-04-04T16:18:15","date_gmt":"2017-04-04T21:18:15","guid":{"rendered":"http:\/\/www.fiscalia.gov.co\/colombia\/?page_id=104079"},"modified":"2026-04-10T17:18:02","modified_gmt":"2026-04-10T22:18:02","slug":"formato","status":"publish","type":"page","link":"https:\/\/www.fiscalia.gov.co\/colombia\/justicia-transicional-2\/formato\/","title":{"rendered":"Formato registro de hechos atribuibles a grupos armados organizados al margen de la ley"},"content":{"rendered":"<div>\n<p style=\"text-align: right;\"><strong>Actualizado 2026-04-10<\/strong><\/p>\n<p>Este formato puede ser diligenciado en su totalidad por la v\u00edctima o con el acompa\u00f1amiento de funcionarios de la Personer\u00eda, Procuradur\u00eda, Defensor\u00eda o servidores de la Fiscal\u00eda General de la Naci\u00f3n para orientar acerca de cualquier inquietud o duda.<\/p>\n<p><em>Se reitera que la entrega y\u00a0diligenciamiento\u00a0del formato de registro de hechos atribuibles a grupos organizados al margen de la ley es gratuita. Por lo tanto, ninguna persona podr\u00e1 solicitar dinero u otra utilidad por \u00e9ste concepto.<\/em><\/p>\n<\/div>\n<p>Si usted es v\u00edctima y desea participar en el proceso penal especial de Justicia y Paz, tenga en cuenta que los hechos\u00a0que ponga en conocimiento al diligenciar este formato deben concordar con la realidad o verdad de lo sucedido, es decir, debe se\u00f1alar al verdadero responsable causante del da\u00f1o, si se sabe con certeza qui\u00e9n fue y el lugar y la fecha de ocurrencia.<\/p>\n<p><strong>Gu\u00eda para el diligenciamiento del formato de Registro de Hechos.<\/strong><\/p>\n<p><strong><a href=\"https:\/\/www.fiscalia.gov.co\/colombia\/wp-content\/uploads\/FGN-MP03-F-01-REGISTRO-DE-HECHO-GAOML-V04.doc\" target=\"_blank\" rel=\"noopener\">Descargue el formato aqu\u00ed y dilig\u00e9ncielo en su totalidad<\/a>.<\/strong><strong>\u00a0\u00a0<\/strong>Recuerde que todas las preguntas deben ser respondidas.<\/p>\n<ol>\n<li>Descargar el formato de la p\u00e1gina web de la entidad y diligenciarlo en su totalidad, todos los \u00edtems deben quedad debidamente respondidos, procurando detallar en forma clara, las circunstancias tempo espaciales de ocurrencia de los hechos.<\/li>\n<li>Adjuntar copia del documento de identidad de quien pone en conocimiento los hechos.<\/li>\n<li>Si tiene en su poder documentos soporte que sirvan para comprobar su calidad de v\u00edctima y el da\u00f1o causado, debe aportarlos en el momento en que se le est\u00e9 diligenciando el mencionado formato o lo est\u00e9 remitiendo a la dependencia correspondiente,\u00a0 tales como:<\/li>\n<\/ol>\n<ul>\n<li>Copia de la denuncia por medio de la cual se puso en conocimiento de alguna autoridad judicial, administrativa o de polic\u00eda el hecho generador del da\u00f1o.<\/li>\n<li>Certificaci\u00f3n expedida por autoridad judicial, administrativa, de polic\u00eda o por el Ministerio P\u00fablico que d\u00e9 cuenta de los hechos que le causaron el da\u00f1o.<\/li>\n<li>Copia de la providencia judicial por medio de la cual se orden\u00f3 la apertura de la investigaci\u00f3n, se impuso medida de aseguramiento, se profiri\u00f3 resoluci\u00f3n de acusaci\u00f3n o sentencia condenatoria o el registro de audiencia de imputaci\u00f3n, formulaci\u00f3n de cargos, individualizaci\u00f3n de pena o sentencia seg\u00fan el caso, relacionada con los hechos por los cuales se sufri\u00f3 el da\u00f1o.<\/li>\n<li>Certificado sobre la vecindad o la residencia respecto del lugar y el tiempo en que presuntamente ocurrieron los hechos que produjeron el da\u00f1o, expedido por la autoridad competente del orden municipal.<\/li>\n<li>Certificaci\u00f3n que acredite o demuestre el parentesco con la v\u00edctima, en los casos que se requiera, expedida por la autoridad correspondiente.<\/li>\n<\/ul>\n<p>Cuando el formato de registro de hechos este diligenciado en su totalidad, podr\u00e1 ser remitido a la siguiente direcci\u00f3n electr\u00f3nica: <a id=\"OWAd325b1ae-1064-daf4-9a05-b92403f93e36\" title=\"mailto:atencionvic.justiciatran@fiscalia.gov.co\" href=\"mailto:atencionvic.justiciatran@fiscalia.gov.co\" data-linkindex=\"0\"><u>atencionvic.justiciatran@fiscalia.gov.co<\/u><\/a>\u00a0a fin de realizar el respectivo tr\u00e1mite&#8221;<\/p>\n<p>La v\u00edctima debe estar atenta al llamado del fiscal competente para documentar su caso, en raz\u00f3n a que dependiendo del hecho que la victimiz\u00f3 se har\u00e1 necesaria la recopilaci\u00f3n de otros documentos que requiera para su acreditaci\u00f3n ante la Magistratura y la materialidad de la conducta il\u00edcita.<\/p>\n<p>En casos de desaparici\u00f3n forzada de competencia de la Direcci\u00f3n de Justicia Transicional, se diligenciar\u00e1 el formato de registro de hechos mencionado y se verificar\u00e1 en el Sistema de Informaci\u00f3n Red de Desaparecidos y Cad\u00e1veres<strong>\u00a0<\/strong>SIRDEC que la v\u00edctima est\u00e9 registrada all\u00ed, si no existe dicha anotaci\u00f3n, se proceder\u00e1 a ingresar sus datos a este sistema y posteriormente se direccionar\u00e1 para la toma de muestra de identificaci\u00f3n de ADN.<\/p>\n<p><strong>Atenci\u00f3n en el Centro de Contacto de lunes a viernes, de 08:00 a.m. a 05:00 p.m.<\/strong><\/p>\n<p><strong>Celular 122, opci\u00f3n 7<\/strong><\/p>\n<p><strong>Bogot\u00e1 (601) 5702000, opci\u00f3n 7 y otra vez 7<\/strong><\/p>\n<p><strong>L\u00ednea gratuita nacional 01 8000 919748, opci\u00f3n 7<\/strong><\/p>\n\n<div class=\"twitter-share\"><a href=\"https:\/\/twitter.com\/intent\/tweet?via=fiscaliacol\" class=\"twitter-share-button\">Tweet<\/a><\/div>\n","protected":false},"excerpt":{"rendered":"<p>Actualizado 2026-04-10 Este formato puede ser diligenciado en su totalidad por la v\u00edctima o con el acompa\u00f1amiento de funcionarios de la Personer\u00eda, Procuradur\u00eda, Defensor\u00eda o servidores de la Fiscal\u00eda General de la Naci\u00f3n para orientar acerca de cualquier inquietud o duda. Se reitera que la entrega y\u00a0diligenciamiento\u00a0del formato de registro de hechos atribuibles a grupos [&hellip;]<\/p>\n","protected":false},"author":143,"featured_media":0,"parent":104010,"menu_order":0,"comment_status":"closed","ping_status":"closed","template":"","meta":{"_price":"","_stock":"","_tribe_ticket_header":"","_tribe_default_ticket_provider":"","_tribe_ticket_capacity":"0","_ticket_start_date":"","_ticket_end_date":"","_tribe_ticket_show_description":"","_tribe_ticket_show_not_going":false,"_tribe_ticket_use_global_stock":"","_tribe_ticket_global_stock_level":"","_global_stock_mode":"","_global_stock_cap":"","_tribe_rsvp_for_event":"","_tribe_ticket_going_count":"","_tribe_ticket_not_going_count":"","_tribe_tickets_list":"[]","_tribe_ticket_has_attendee_info_fields":false,"tdm_status":"","tdm_grid_status":"","footnotes":"","_tec_slr_enabled":"","_tec_slr_layout":""},"class_list":["post-104079","page","type-page","status-publish"],"yoast_head":"<!-- This site is optimized with the Yoast SEO plugin v24.3 - https:\/\/yoast.com\/wordpress\/plugins\/seo\/ -->\n<title>Fiscal\u00eda General de la Naci\u00f3n<\/title>\n<meta name=\"description\" content=\"P\u00e1gina oficial de la Fiscal\u00eda General de la Naci\u00f3n \u2013 Colombia. Garantizamos el acceso efectivo a la justicia, la verdad y la reparaci\u00f3n de las v\u00edctimas de los delitos.\" \/>\n<meta name=\"robots\" content=\"index, follow, max-snippet:-1, max-image-preview:large, max-video-preview:-1\" \/>\n<link rel=\"canonical\" href=\"https:\/\/www.fiscalia.gov.co\/colombia\/justicia-transicional-2\/formato\/\" \/>\n<meta property=\"og:locale\" content=\"es_ES\" \/>\n<meta property=\"og:type\" content=\"article\" \/>\n<meta property=\"og:title\" content=\"Fiscal\u00eda General de la Naci\u00f3n\" \/>\n<meta property=\"og:description\" content=\"P\u00e1gina oficial de la Fiscal\u00eda General de la Naci\u00f3n \u2013 Colombia. Garantizamos el acceso efectivo a la justicia, la verdad y la reparaci\u00f3n de las v\u00edctimas de los delitos.\" \/>\n<meta property=\"og:url\" content=\"https:\/\/www.fiscalia.gov.co\/colombia\/justicia-transicional-2\/formato\/\" \/>\n<meta property=\"og:site_name\" content=\"Fiscal\u00eda General de la Naci\u00f3n\" \/>\n<meta property=\"article:publisher\" content=\"https:\/\/www.facebook.com\/FiscaliaCol\" \/>\n<meta property=\"article:modified_time\" content=\"2026-04-10T22:18:02+00:00\" \/>\n<meta name=\"twitter:card\" content=\"summary_large_image\" \/>\n<meta name=\"twitter:site\" content=\"@FiscaliaCol\" \/>\n<meta name=\"twitter:label1\" content=\"Tiempo de lectura\" \/>\n\t<meta name=\"twitter:data1\" content=\"3 minutos\" \/>\n<script type=\"application\/ld+json\" class=\"yoast-schema-graph\">{\"@context\":\"https:\/\/schema.org\",\"@graph\":[{\"@type\":\"WebPage\",\"@id\":\"https:\/\/www.fiscalia.gov.co\/colombia\/justicia-transicional-2\/formato\/\",\"url\":\"https:\/\/www.fiscalia.gov.co\/colombia\/justicia-transicional-2\/formato\/\",\"name\":\"Fiscal\u00eda General de la Naci\u00f3n\",\"isPartOf\":{\"@id\":\"https:\/\/www.fiscalia.gov.co\/colombia\/#website\"},\"datePublished\":\"2017-04-04T21:18:15+00:00\",\"dateModified\":\"2026-04-10T22:18:02+00:00\",\"description\":\"P\u00e1gina oficial de la Fiscal\u00eda General de la Naci\u00f3n \u2013 Colombia. Garantizamos el acceso efectivo a la justicia, la verdad y la reparaci\u00f3n de las v\u00edctimas de los delitos.\",\"breadcrumb\":{\"@id\":\"https:\/\/www.fiscalia.gov.co\/colombia\/justicia-transicional-2\/formato\/#breadcrumb\"},\"inLanguage\":\"es-CO\",\"potentialAction\":[{\"@type\":\"ReadAction\",\"target\":[\"https:\/\/www.fiscalia.gov.co\/colombia\/justicia-transicional-2\/formato\/\"]}]},{\"@type\":\"BreadcrumbList\",\"@id\":\"https:\/\/www.fiscalia.gov.co\/colombia\/justicia-transicional-2\/formato\/#breadcrumb\",\"itemListElement\":[{\"@type\":\"ListItem\",\"position\":1,\"name\":\"Home\",\"item\":\"https:\/\/www.fiscalia.gov.co\/colombia\/\"},{\"@type\":\"ListItem\",\"position\":2,\"name\":\"Justicia Transicional\",\"item\":\"https:\/\/www.fiscalia.gov.co\/colombia\/justicia-transicional-2\/\"},{\"@type\":\"ListItem\",\"position\":3,\"name\":\"Formato registro de hechos atribuibles a grupos armados organizados al margen de la ley\"}]},{\"@type\":\"WebSite\",\"@id\":\"https:\/\/www.fiscalia.gov.co\/colombia\/#website\",\"url\":\"https:\/\/www.fiscalia.gov.co\/colombia\/\",\"name\":\"Fiscal\u00eda General de la Naci\u00f3n\",\"description\":\"P\u00e1gina oficial de la Fiscal\u00eda General de la Naci\u00f3n \u2013 Colombia. Garantizamos el acceso efectivo a la justicia, la verdad y la reparaci\u00f3n de las v\u00edctimas de los delitos.\",\"publisher\":{\"@id\":\"https:\/\/www.fiscalia.gov.co\/colombia\/#organization\"},\"potentialAction\":[{\"@type\":\"SearchAction\",\"target\":{\"@type\":\"EntryPoint\",\"urlTemplate\":\"https:\/\/www.fiscalia.gov.co\/colombia\/?s={search_term_string}\"},\"query-input\":{\"@type\":\"PropertyValueSpecification\",\"valueRequired\":true,\"valueName\":\"search_term_string\"}}],\"inLanguage\":\"es-CO\"},{\"@type\":\"Organization\",\"@id\":\"https:\/\/www.fiscalia.gov.co\/colombia\/#organization\",\"name\":\"Fiscal\u00eda General de la Naci\u00f3n\",\"url\":\"https:\/\/www.fiscalia.gov.co\/colombia\/\",\"logo\":{\"@type\":\"ImageObject\",\"inLanguage\":\"es-CO\",\"@id\":\"https:\/\/www.fiscalia.gov.co\/colombia\/#\/schema\/logo\/image\/\",\"url\":\"https:\/\/www.fiscalia.gov.co\/colombia\/wp-content\/uploads\/LogoHorizontal_1.jpg\",\"contentUrl\":\"https:\/\/www.fiscalia.gov.co\/colombia\/wp-content\/uploads\/LogoHorizontal_1.jpg\",\"width\":300,\"height\":90,\"caption\":\"Fiscal\u00eda General de la Naci\u00f3n\"},\"image\":{\"@id\":\"https:\/\/www.fiscalia.gov.co\/colombia\/#\/schema\/logo\/image\/\"},\"sameAs\":[\"https:\/\/www.facebook.com\/FiscaliaCol\",\"https:\/\/x.com\/FiscaliaCol\",\"https:\/\/www.instagram.com\/fiscaliacol\",\"https:\/\/www.linkedin.com\/company\/fiscalia-general-de-la-naci-n\/\",\"https:\/\/youtube.com\/@fiscaliageneraldelanacion-4668?si=6nN79nyQICPU5iTh\"]}]}<\/script>\n<!-- \/ Yoast SEO plugin. -->","yoast_head_json":{"title":"Fiscal\u00eda General de la Naci\u00f3n","description":"P\u00e1gina oficial de la Fiscal\u00eda General de la Naci\u00f3n \u2013 Colombia. Garantizamos el acceso efectivo a la justicia, la verdad y la reparaci\u00f3n de las v\u00edctimas de los delitos.","robots":{"index":"index","follow":"follow","max-snippet":"max-snippet:-1","max-image-preview":"max-image-preview:large","max-video-preview":"max-video-preview:-1"},"canonical":"https:\/\/www.fiscalia.gov.co\/colombia\/justicia-transicional-2\/formato\/","og_locale":"es_ES","og_type":"article","og_title":"Fiscal\u00eda General de la Naci\u00f3n","og_description":"P\u00e1gina oficial de la Fiscal\u00eda General de la Naci\u00f3n \u2013 Colombia. Garantizamos el acceso efectivo a la justicia, la verdad y la reparaci\u00f3n de las v\u00edctimas de los delitos.","og_url":"https:\/\/www.fiscalia.gov.co\/colombia\/justicia-transicional-2\/formato\/","og_site_name":"Fiscal\u00eda General de la Naci\u00f3n","article_publisher":"https:\/\/www.facebook.com\/FiscaliaCol","article_modified_time":"2026-04-10T22:18:02+00:00","twitter_card":"summary_large_image","twitter_site":"@FiscaliaCol","twitter_misc":{"Tiempo de lectura":"3 minutos"},"schema":{"@context":"https:\/\/schema.org","@graph":[{"@type":"WebPage","@id":"https:\/\/www.fiscalia.gov.co\/colombia\/justicia-transicional-2\/formato\/","url":"https:\/\/www.fiscalia.gov.co\/colombia\/justicia-transicional-2\/formato\/","name":"Fiscal\u00eda General de la Naci\u00f3n","isPartOf":{"@id":"https:\/\/www.fiscalia.gov.co\/colombia\/#website"},"datePublished":"2017-04-04T21:18:15+00:00","dateModified":"2026-04-10T22:18:02+00:00","description":"P\u00e1gina oficial de la Fiscal\u00eda General de la Naci\u00f3n \u2013 Colombia. Garantizamos el acceso efectivo a la justicia, la verdad y la reparaci\u00f3n de las v\u00edctimas de los delitos.","breadcrumb":{"@id":"https:\/\/www.fiscalia.gov.co\/colombia\/justicia-transicional-2\/formato\/#breadcrumb"},"inLanguage":"es-CO","potentialAction":[{"@type":"ReadAction","target":["https:\/\/www.fiscalia.gov.co\/colombia\/justicia-transicional-2\/formato\/"]}]},{"@type":"BreadcrumbList","@id":"https:\/\/www.fiscalia.gov.co\/colombia\/justicia-transicional-2\/formato\/#breadcrumb","itemListElement":[{"@type":"ListItem","position":1,"name":"Home","item":"https:\/\/www.fiscalia.gov.co\/colombia\/"},{"@type":"ListItem","position":2,"name":"Justicia Transicional","item":"https:\/\/www.fiscalia.gov.co\/colombia\/justicia-transicional-2\/"},{"@type":"ListItem","position":3,"name":"Formato registro de hechos atribuibles a grupos armados organizados al margen de la ley"}]},{"@type":"WebSite","@id":"https:\/\/www.fiscalia.gov.co\/colombia\/#website","url":"https:\/\/www.fiscalia.gov.co\/colombia\/","name":"Fiscal\u00eda General de la Naci\u00f3n","description":"P\u00e1gina oficial de la Fiscal\u00eda General de la Naci\u00f3n \u2013 Colombia. Garantizamos el acceso efectivo a la justicia, la verdad y la reparaci\u00f3n de las v\u00edctimas de los delitos.","publisher":{"@id":"https:\/\/www.fiscalia.gov.co\/colombia\/#organization"},"potentialAction":[{"@type":"SearchAction","target":{"@type":"EntryPoint","urlTemplate":"https:\/\/www.fiscalia.gov.co\/colombia\/?s={search_term_string}"},"query-input":{"@type":"PropertyValueSpecification","valueRequired":true,"valueName":"search_term_string"}}],"inLanguage":"es-CO"},{"@type":"Organization","@id":"https:\/\/www.fiscalia.gov.co\/colombia\/#organization","name":"Fiscal\u00eda General de la Naci\u00f3n","url":"https:\/\/www.fiscalia.gov.co\/colombia\/","logo":{"@type":"ImageObject","inLanguage":"es-CO","@id":"https:\/\/www.fiscalia.gov.co\/colombia\/#\/schema\/logo\/image\/","url":"https:\/\/www.fiscalia.gov.co\/colombia\/wp-content\/uploads\/LogoHorizontal_1.jpg","contentUrl":"https:\/\/www.fiscalia.gov.co\/colombia\/wp-content\/uploads\/LogoHorizontal_1.jpg","width":300,"height":90,"caption":"Fiscal\u00eda General de la Naci\u00f3n"},"image":{"@id":"https:\/\/www.fiscalia.gov.co\/colombia\/#\/schema\/logo\/image\/"},"sameAs":["https:\/\/www.facebook.com\/FiscaliaCol","https:\/\/x.com\/FiscaliaCol","https:\/\/www.instagram.com\/fiscaliacol","https:\/\/www.linkedin.com\/company\/fiscalia-general-de-la-naci-n\/","https:\/\/youtube.com\/@fiscaliageneraldelanacion-4668?si=6nN79nyQICPU5iTh"]}]}},"ticketed":false,"_links":{"self":[{"href":"https:\/\/www.fiscalia.gov.co\/colombia\/wp-json\/wp\/v2\/pages\/104079","targetHints":{"allow":["GET"]}}],"collection":[{"href":"https:\/\/www.fiscalia.gov.co\/colombia\/wp-json\/wp\/v2\/pages"}],"about":[{"href":"https:\/\/www.fiscalia.gov.co\/colombia\/wp-json\/wp\/v2\/types\/page"}],"author":[{"embeddable":true,"href":"https:\/\/www.fiscalia.gov.co\/colombia\/wp-json\/wp\/v2\/users\/143"}],"replies":[{"embeddable":true,"href":"https:\/\/www.fiscalia.gov.co\/colombia\/wp-json\/wp\/v2\/comments?post=104079"}],"version-history":[{"count":16,"href":"https:\/\/www.fiscalia.gov.co\/colombia\/wp-json\/wp\/v2\/pages\/104079\/revisions"}],"predecessor-version":[{"id":361397,"href":"https:\/\/www.fiscalia.gov.co\/colombia\/wp-json\/wp\/v2\/pages\/104079\/revisions\/361397"}],"up":[{"embeddable":true,"href":"https:\/\/www.fiscalia.gov.co\/colombia\/wp-json\/wp\/v2\/pages\/104010"}],"wp:attachment":[{"href":"https:\/\/www.fiscalia.gov.co\/colombia\/wp-json\/wp\/v2\/media?parent=104079"}],"curies":[{"name":"wp","href":"https:\/\/api.w.org\/{rel}","templated":true}]}}