{"id":104020,"date":"2017-04-04T14:56:26","date_gmt":"2017-04-04T19:56:26","guid":{"rendered":"http:\/\/www.fiscalia.gov.co\/colombia\/?page_id=104020"},"modified":"2019-10-31T11:26:20","modified_gmt":"2019-10-31T16:26:20","slug":"estadisticas","status":"publish","type":"page","link":"https:\/\/www.fiscalia.gov.co\/colombia\/servicios-de-informacion-al-ciudadano\/estadisticas\/","title":{"rendered":"Estad\u00edsticas"},"content":{"rendered":"<p>La informaci\u00f3n que se relaciona a continuaci\u00f3n se consolid\u00f3 con las cifras suministradas por los despachos adscritos a esta Direcci\u00f3n.<\/p>\n<p>A partir de la resoluci\u00f3n 415 del 20 de marzo de 2015 se dispuso reasignar los procesos que se tramitan dentro de los par\u00e1metros de la Ley 975 de 2005 para los postulados desmovilizados de grupos subversivos. En los datos suministrados se encuentran incluidas las cifras correspondientes a los grupos de subversi\u00f3n y autodefensas hasta el mes de marzo de 2015. A partir de esta fecha las estad\u00edsticas se actualizan \u00fanicamente con informaci\u00f3n exclusiva de ex miembros de las Autodefensas Unidas de Colombia que fueron postulados por el Gobierno Nacional a la Ley de Justicia y Paz.<\/p>\n<p><a href=\"http:\/\/www.fiscalia.gov.co\/jyp\/wp-content\/uploads\/2017\/02\/Estadistica-a-31-ene-2017.pdf\" target=\"_blank\">Informaci\u00f3n a enero 31 de 2017<\/a><\/p>\n\n<div class=\"twitter-share\"><a href=\"https:\/\/twitter.com\/intent\/tweet?via=fiscaliacol\" class=\"twitter-share-button\">Tweet<\/a><\/div>\n","protected":false},"excerpt":{"rendered":"<p>La informaci\u00f3n que se relaciona a continuaci\u00f3n se consolid\u00f3 con las cifras suministradas por los despachos adscritos a esta Direcci\u00f3n. A partir de la resoluci\u00f3n 415 del 20 de marzo [&hellip;]<\/p>\n","protected":false},"author":143,"featured_media":0,"parent":8600,"menu_order":0,"comment_status":"closed","ping_status":"closed","template":"","meta":{"tdm_status":"","tdm_grid_status":"","footnotes":""},"class_list":["post-104020","page","type-page","status-publish"],"yoast_head":"<!-- This site is optimized with the Yoast SEO plugin v24.3 - https:\/\/yoast.com\/wordpress\/plugins\/seo\/ -->\n<title>Fiscal\u00eda General de la Naci\u00f3n<\/title>\n<meta name=\"description\" content=\"P\u00e1gina oficial de la Fiscal\u00eda General de la Naci\u00f3n \u2013 Colombia. Garantizamos el acceso efectivo a la justicia, la verdad y la reparaci\u00f3n de las v\u00edctimas de los delitos.\" \/>\n<meta name=\"robots\" content=\"index, follow, max-snippet:-1, max-image-preview:large, max-video-preview:-1\" \/>\n<link rel=\"canonical\" href=\"https:\/\/www.fiscalia.gov.co\/colombia\/servicios-de-informacion-al-ciudadano\/estadisticas\/\" \/>\n<meta property=\"og:locale\" content=\"es_ES\" \/>\n<meta property=\"og:type\" content=\"article\" \/>\n<meta property=\"og:title\" content=\"Fiscal\u00eda General de la Naci\u00f3n\" \/>\n<meta property=\"og:description\" content=\"P\u00e1gina oficial de la Fiscal\u00eda General de la Naci\u00f3n \u2013 Colombia. Garantizamos el acceso efectivo a la justicia, la verdad y la reparaci\u00f3n de las v\u00edctimas de los delitos.\" \/>\n<meta property=\"og:url\" content=\"https:\/\/www.fiscalia.gov.co\/colombia\/servicios-de-informacion-al-ciudadano\/estadisticas\/\" \/>\n<meta property=\"og:site_name\" content=\"Fiscal\u00eda General de la Naci\u00f3n\" \/>\n<meta property=\"article:publisher\" content=\"https:\/\/www.facebook.com\/FiscaliaCol\" \/>\n<meta property=\"article:modified_time\" content=\"2019-10-31T16:26:20+00:00\" \/>\n<meta name=\"twitter:card\" content=\"summary_large_image\" \/>\n<meta name=\"twitter:site\" content=\"@FiscaliaCol\" \/>\n<meta name=\"twitter:label1\" content=\"Tiempo de lectura\" \/>\n\t<meta name=\"twitter:data1\" content=\"1 minuto\" \/>\n<script type=\"application\/ld+json\" class=\"yoast-schema-graph\">{\"@context\":\"https:\/\/schema.org\",\"@graph\":[{\"@type\":\"WebPage\",\"@id\":\"https:\/\/www.fiscalia.gov.co\/colombia\/servicios-de-informacion-al-ciudadano\/estadisticas\/\",\"url\":\"https:\/\/www.fiscalia.gov.co\/colombia\/servicios-de-informacion-al-ciudadano\/estadisticas\/\",\"name\":\"Fiscal\u00eda General de la Naci\u00f3n\",\"isPartOf\":{\"@id\":\"https:\/\/www.fiscalia.gov.co\/colombia\/#website\"},\"datePublished\":\"2017-04-04T19:56:26+00:00\",\"dateModified\":\"2019-10-31T16:26:20+00:00\",\"description\":\"P\u00e1gina oficial de la Fiscal\u00eda General de la Naci\u00f3n \u2013 Colombia. Garantizamos el acceso efectivo a la justicia, la verdad y la reparaci\u00f3n de las v\u00edctimas de los delitos.\",\"breadcrumb\":{\"@id\":\"https:\/\/www.fiscalia.gov.co\/colombia\/servicios-de-informacion-al-ciudadano\/estadisticas\/#breadcrumb\"},\"inLanguage\":\"es-CO\",\"potentialAction\":[{\"@type\":\"ReadAction\",\"target\":[\"https:\/\/www.fiscalia.gov.co\/colombia\/servicios-de-informacion-al-ciudadano\/estadisticas\/\"]}]},{\"@type\":\"BreadcrumbList\",\"@id\":\"https:\/\/www.fiscalia.gov.co\/colombia\/servicios-de-informacion-al-ciudadano\/estadisticas\/#breadcrumb\",\"itemListElement\":[{\"@type\":\"ListItem\",\"position\":1,\"name\":\"Home\",\"item\":\"https:\/\/www.fiscalia.gov.co\/colombia\/\"},{\"@type\":\"ListItem\",\"position\":2,\"name\":\"Participaci\u00f3n ciudadana\",\"item\":\"https:\/\/www.fiscalia.gov.co\/colombia\/servicios-de-informacion-al-ciudadano\/\"},{\"@type\":\"ListItem\",\"position\":3,\"name\":\"Estad\u00edsticas\"}]},{\"@type\":\"WebSite\",\"@id\":\"https:\/\/www.fiscalia.gov.co\/colombia\/#website\",\"url\":\"https:\/\/www.fiscalia.gov.co\/colombia\/\",\"name\":\"Fiscal\u00eda General de la Naci\u00f3n\",\"description\":\"P\u00e1gina oficial de la Fiscal\u00eda General de la Naci\u00f3n \u2013 Colombia. Garantizamos el acceso efectivo a la justicia, la verdad y la reparaci\u00f3n de las v\u00edctimas de los delitos.\",\"publisher\":{\"@id\":\"https:\/\/www.fiscalia.gov.co\/colombia\/#organization\"},\"potentialAction\":[{\"@type\":\"SearchAction\",\"target\":{\"@type\":\"EntryPoint\",\"urlTemplate\":\"https:\/\/www.fiscalia.gov.co\/colombia\/?s={search_term_string}\"},\"query-input\":{\"@type\":\"PropertyValueSpecification\",\"valueRequired\":true,\"valueName\":\"search_term_string\"}}],\"inLanguage\":\"es-CO\"},{\"@type\":\"Organization\",\"@id\":\"https:\/\/www.fiscalia.gov.co\/colombia\/#organization\",\"name\":\"Fiscal\u00eda General de la Naci\u00f3n\",\"url\":\"https:\/\/www.fiscalia.gov.co\/colombia\/\",\"logo\":{\"@type\":\"ImageObject\",\"inLanguage\":\"es-CO\",\"@id\":\"https:\/\/www.fiscalia.gov.co\/colombia\/#\/schema\/logo\/image\/\",\"url\":\"https:\/\/www.fiscalia.gov.co\/colombia\/wp-content\/uploads\/LogoHorizontal_1.jpg\",\"contentUrl\":\"https:\/\/www.fiscalia.gov.co\/colombia\/wp-content\/uploads\/LogoHorizontal_1.jpg\",\"width\":300,\"height\":90,\"caption\":\"Fiscal\u00eda General de la Naci\u00f3n\"},\"image\":{\"@id\":\"https:\/\/www.fiscalia.gov.co\/colombia\/#\/schema\/logo\/image\/\"},\"sameAs\":[\"https:\/\/www.facebook.com\/FiscaliaCol\",\"https:\/\/x.com\/FiscaliaCol\",\"https:\/\/www.instagram.com\/fiscaliacol\",\"https:\/\/www.linkedin.com\/company\/fiscalia-general-de-la-naci-n\/\",\"https:\/\/youtube.com\/@fiscaliageneraldelanacion-4668?si=6nN79nyQICPU5iTh\"]}]}<\/script>\n<!-- \/ Yoast SEO plugin. -->","yoast_head_json":{"title":"Fiscal\u00eda General de la Naci\u00f3n","description":"P\u00e1gina oficial de la Fiscal\u00eda General de la Naci\u00f3n \u2013 Colombia. Garantizamos el acceso efectivo a la justicia, la verdad y la reparaci\u00f3n de las v\u00edctimas de los delitos.","robots":{"index":"index","follow":"follow","max-snippet":"max-snippet:-1","max-image-preview":"max-image-preview:large","max-video-preview":"max-video-preview:-1"},"canonical":"https:\/\/www.fiscalia.gov.co\/colombia\/servicios-de-informacion-al-ciudadano\/estadisticas\/","og_locale":"es_ES","og_type":"article","og_title":"Fiscal\u00eda General de la Naci\u00f3n","og_description":"P\u00e1gina oficial de la Fiscal\u00eda General de la Naci\u00f3n \u2013 Colombia. Garantizamos el acceso efectivo a la justicia, la verdad y la reparaci\u00f3n de las v\u00edctimas de los delitos.","og_url":"https:\/\/www.fiscalia.gov.co\/colombia\/servicios-de-informacion-al-ciudadano\/estadisticas\/","og_site_name":"Fiscal\u00eda General de la Naci\u00f3n","article_publisher":"https:\/\/www.facebook.com\/FiscaliaCol","article_modified_time":"2019-10-31T16:26:20+00:00","twitter_card":"summary_large_image","twitter_site":"@FiscaliaCol","twitter_misc":{"Tiempo de lectura":"1 minuto"},"schema":{"@context":"https:\/\/schema.org","@graph":[{"@type":"WebPage","@id":"https:\/\/www.fiscalia.gov.co\/colombia\/servicios-de-informacion-al-ciudadano\/estadisticas\/","url":"https:\/\/www.fiscalia.gov.co\/colombia\/servicios-de-informacion-al-ciudadano\/estadisticas\/","name":"Fiscal\u00eda General de la Naci\u00f3n","isPartOf":{"@id":"https:\/\/www.fiscalia.gov.co\/colombia\/#website"},"datePublished":"2017-04-04T19:56:26+00:00","dateModified":"2019-10-31T16:26:20+00:00","description":"P\u00e1gina oficial de la Fiscal\u00eda General de la Naci\u00f3n \u2013 Colombia. Garantizamos el acceso efectivo a la justicia, la verdad y la reparaci\u00f3n de las v\u00edctimas de los delitos.","breadcrumb":{"@id":"https:\/\/www.fiscalia.gov.co\/colombia\/servicios-de-informacion-al-ciudadano\/estadisticas\/#breadcrumb"},"inLanguage":"es-CO","potentialAction":[{"@type":"ReadAction","target":["https:\/\/www.fiscalia.gov.co\/colombia\/servicios-de-informacion-al-ciudadano\/estadisticas\/"]}]},{"@type":"BreadcrumbList","@id":"https:\/\/www.fiscalia.gov.co\/colombia\/servicios-de-informacion-al-ciudadano\/estadisticas\/#breadcrumb","itemListElement":[{"@type":"ListItem","position":1,"name":"Home","item":"https:\/\/www.fiscalia.gov.co\/colombia\/"},{"@type":"ListItem","position":2,"name":"Participaci\u00f3n ciudadana","item":"https:\/\/www.fiscalia.gov.co\/colombia\/servicios-de-informacion-al-ciudadano\/"},{"@type":"ListItem","position":3,"name":"Estad\u00edsticas"}]},{"@type":"WebSite","@id":"https:\/\/www.fiscalia.gov.co\/colombia\/#website","url":"https:\/\/www.fiscalia.gov.co\/colombia\/","name":"Fiscal\u00eda General de la Naci\u00f3n","description":"P\u00e1gina oficial de la Fiscal\u00eda General de la Naci\u00f3n \u2013 Colombia. Garantizamos el acceso efectivo a la justicia, la verdad y la reparaci\u00f3n de las v\u00edctimas de los delitos.","publisher":{"@id":"https:\/\/www.fiscalia.gov.co\/colombia\/#organization"},"potentialAction":[{"@type":"SearchAction","target":{"@type":"EntryPoint","urlTemplate":"https:\/\/www.fiscalia.gov.co\/colombia\/?s={search_term_string}"},"query-input":{"@type":"PropertyValueSpecification","valueRequired":true,"valueName":"search_term_string"}}],"inLanguage":"es-CO"},{"@type":"Organization","@id":"https:\/\/www.fiscalia.gov.co\/colombia\/#organization","name":"Fiscal\u00eda General de la Naci\u00f3n","url":"https:\/\/www.fiscalia.gov.co\/colombia\/","logo":{"@type":"ImageObject","inLanguage":"es-CO","@id":"https:\/\/www.fiscalia.gov.co\/colombia\/#\/schema\/logo\/image\/","url":"https:\/\/www.fiscalia.gov.co\/colombia\/wp-content\/uploads\/LogoHorizontal_1.jpg","contentUrl":"https:\/\/www.fiscalia.gov.co\/colombia\/wp-content\/uploads\/LogoHorizontal_1.jpg","width":300,"height":90,"caption":"Fiscal\u00eda General de la Naci\u00f3n"},"image":{"@id":"https:\/\/www.fiscalia.gov.co\/colombia\/#\/schema\/logo\/image\/"},"sameAs":["https:\/\/www.facebook.com\/FiscaliaCol","https:\/\/x.com\/FiscaliaCol","https:\/\/www.instagram.com\/fiscaliacol","https:\/\/www.linkedin.com\/company\/fiscalia-general-de-la-naci-n\/","https:\/\/youtube.com\/@fiscaliageneraldelanacion-4668?si=6nN79nyQICPU5iTh"]}]}},"_links":{"self":[{"href":"https:\/\/www.fiscalia.gov.co\/colombia\/wp-json\/wp\/v2\/pages\/104020","targetHints":{"allow":["GET"]}}],"collection":[{"href":"https:\/\/www.fiscalia.gov.co\/colombia\/wp-json\/wp\/v2\/pages"}],"about":[{"href":"https:\/\/www.fiscalia.gov.co\/colombia\/wp-json\/wp\/v2\/types\/page"}],"author":[{"embeddable":true,"href":"https:\/\/www.fiscalia.gov.co\/colombia\/wp-json\/wp\/v2\/users\/143"}],"replies":[{"embeddable":true,"href":"https:\/\/www.fiscalia.gov.co\/colombia\/wp-json\/wp\/v2\/comments?post=104020"}],"version-history":[{"count":2,"href":"https:\/\/www.fiscalia.gov.co\/colombia\/wp-json\/wp\/v2\/pages\/104020\/revisions"}],"predecessor-version":[{"id":105005,"href":"https:\/\/www.fiscalia.gov.co\/colombia\/wp-json\/wp\/v2\/pages\/104020\/revisions\/105005"}],"up":[{"embeddable":true,"href":"https:\/\/www.fiscalia.gov.co\/colombia\/wp-json\/wp\/v2\/pages\/8600"}],"wp:attachment":[{"href":"https:\/\/www.fiscalia.gov.co\/colombia\/wp-json\/wp\/v2\/media?parent=104020"}],"curies":[{"name":"wp","href":"https:\/\/api.w.org\/{rel}","templated":true}]}}

Estadísticas

<p>La información que se relaciona a continuación se consolidó con las cifras suministradas por los despachos adscritos a esta Dirección.</p>
<p>A partir de la resolución 415 del 20 de marzo de 2015 se dispuso reasignar los procesos que se tramitan dentro de los parámetros de la Ley 975 de 2005 para los postulados desmovilizados de grupos subversivos. En los datos suministrados se encuentran incluidas las cifras correspondientes a los grupos de subversión y autodefensas hasta el mes de marzo de 2015. A partir de esta fecha las estadísticas se actualizan únicamente con información exclusiva de ex miembros de las Autodefensas Unidas de Colombia que fueron postulados por el Gobierno Nacional a la Ley de Justicia y Paz.</p>
<p><a href="http://www.fiscalia.gov.co/jyp/wp-content/uploads/2017/02/Estadistica-a-31-ene-2017.pdf" target="_blank">Información a enero 31 de 2017</a></p>

<div class="twitter-share"><a href="https://twitter.com/intent/tweet?via=fiscaliacol" class="twitter-share-button">Tweet</a></div>

<p>La información que se relaciona a continuación se consolidó con las cifras suministradas por los despachos adscritos a esta Dirección. A partir de la resolución 415 del 20 de marzo [&hellip;]</p>

<!-- This site is optimized with the Yoast SEO plugin v24.3 - https://yoast.com/wordpress/plugins/seo/ -->
<title>Fiscalía General de la Nación</title>
<meta name="description" content="Página oficial de la Fiscalía General de la Nación – Colombia. Garantizamos el acceso efectivo a la justicia, la verdad y la reparación de las víctimas de los delitos." />
<meta name="robots" content="index, follow, max-snippet:-1, max-image-preview:large, max-video-preview:-1" />
<link rel="canonical" href="https://www.fiscalia.gov.co/colombia/servicios-de-informacion-al-ciudadano/estadisticas/" />
<meta property="og:locale" content="es_ES" />
<meta property="og:type" content="article" />
<meta property="og:title" content="Fiscalía General de la Nación" />
<meta property="og:description" content="Página oficial de la Fiscalía General de la Nación – Colombia. Garantizamos el acceso efectivo a la justicia, la verdad y la reparación de las víctimas de los delitos." />
<meta property="og:url" content="https://www.fiscalia.gov.co/colombia/servicios-de-informacion-al-ciudadano/estadisticas/" />
<meta property="og:site_name" content="Fiscalía General de la Nación" />
<meta property="article:publisher" content="https://www.facebook.com/FiscaliaCol" />
<meta property="article:modified_time" content="2019-10-31T16:26:20+00:00" />
<meta name="twitter:card" content="summary_large_image" />
<meta name="twitter:site" content="@FiscaliaCol" />
<meta name="twitter:label1" content="Tiempo de lectura" />
	<meta name="twitter:data1" content="1 minuto" />
<script type="application/ld+json" class="yoast-schema-graph">{"@context":"https://schema.org","@graph":[{"@type":"WebPage","@id":"https://www.fiscalia.gov.co/colombia/servicios-de-informacion-al-ciudadano/estadisticas/","url":"https://www.fiscalia.gov.co/colombia/servicios-de-informacion-al-ciudadano/estadisticas/","name":"Fiscalía General de la Nación","isPartOf":{"@id":"https://www.fiscalia.gov.co/colombia/#website"},"datePublished":"2017-04-04T19:56:26+00:00","dateModified":"2019-10-31T16:26:20+00:00","description":"Página oficial de la Fiscalía General de la Nación – Colombia. Garantizamos el acceso efectivo a la justicia, la verdad y la reparación de las víctimas de los delitos.","breadcrumb":{"@id":"https://www.fiscalia.gov.co/colombia/servicios-de-informacion-al-ciudadano/estadisticas/#breadcrumb"},"inLanguage":"es-CO","potentialAction":[{"@type":"ReadAction","target":["https://www.fiscalia.gov.co/colombia/servicios-de-informacion-al-ciudadano/estadisticas/"]}]},{"@type":"BreadcrumbList","@id":"https://www.fiscalia.gov.co/colombia/servicios-de-informacion-al-ciudadano/estadisticas/#breadcrumb","itemListElement":[{"@type":"ListItem","position":1,"name":"Home","item":"https://www.fiscalia.gov.co/colombia/"},{"@type":"ListItem","position":2,"name":"Participación ciudadana","item":"https://www.fiscalia.gov.co/colombia/servicios-de-informacion-al-ciudadano/"},{"@type":"ListItem","position":3,"name":"Estadísticas"}]},{"@type":"WebSite","@id":"https://www.fiscalia.gov.co/colombia/#website","url":"https://www.fiscalia.gov.co/colombia/","name":"Fiscalía General de la Nación","description":"Página oficial de la Fiscalía General de la Nación – Colombia. Garantizamos el acceso efectivo a la justicia, la verdad y la reparación de las víctimas de los delitos.","publisher":{"@id":"https://www.fiscalia.gov.co/colombia/#organization"},"potentialAction":[{"@type":"SearchAction","target":{"@type":"EntryPoint","urlTemplate":"https://www.fiscalia.gov.co/colombia/?s={search_term_string}"},"query-input":{"@type":"PropertyValueSpecification","valueRequired":true,"valueName":"search_term_string"}}],"inLanguage":"es-CO"},{"@type":"Organization","@id":"https://www.fiscalia.gov.co/colombia/#organization","name":"Fiscalía General de la Nación","url":"https://www.fiscalia.gov.co/colombia/","logo":{"@type":"ImageObject","inLanguage":"es-CO","@id":"https://www.fiscalia.gov.co/colombia/#/schema/logo/image/","url":"https://www.fiscalia.gov.co/colombia/wp-content/uploads/LogoHorizontal_1.jpg","contentUrl":"https://www.fiscalia.gov.co/colombia/wp-content/uploads/LogoHorizontal_1.jpg","width":300,"height":90,"caption":"Fiscalía General de la Nación"},"image":{"@id":"https://www.fiscalia.gov.co/colombia/#/schema/logo/image/"},"sameAs":["https://www.facebook.com/FiscaliaCol","https://x.com/FiscaliaCol","https://www.instagram.com/fiscaliacol","https://www.linkedin.com/company/fiscalia-general-de-la-naci-n/","https://youtube.com/@fiscaliageneraldelanacion-4668?si=6nN79nyQICPU5iTh"]}]}</script>
<!-- / Yoast SEO plugin. -->

Fiscalía General de la Nación

Página oficial de la Fiscalía General de la Nación – Colombia. Garantizamos el acceso efectivo a la justicia, la verdad y la reparación de las víctimas de los delitos.

Participación ciudadana
