{"id":8593,"date":"2012-01-05T10:48:48","date_gmt":"2012-01-05T15:48:48","guid":{"rendered":"https:\/\/www.fiscalia.gov.co\/colombia\/en\/?page_id=8593"},"modified":"2012-06-29T15:23:46","modified_gmt":"2012-06-29T20:23:46","slug":"aspirantes","status":"publish","type":"page","link":"https:\/\/www.fiscalia.gov.co\/colombia\/en\/contrataciones\/aspirantes\/","title":{"rendered":"Candidates"},"content":{"rendered":"<p><a title=\"Descargar \" href=\"http:\/\/www.fiscalia.gov.co\/en\/wp-content\/uploads\/2012\/01\/circular0003.pdf\" target=\"_blank\">CIRCULAR No. 0003<\/a>\u00a0del 18 de marzo de 2011: Por medio de la cual se da alcance a la\u00a0<a href=\"http:\/\/www.fiscalia.gov.co\/en\/wp-content\/plugins\/aspirantes\/pdf\/circular0022011.pdf\">Circular 0002<\/a>\u00a0del 9 de marzo de 2011, mediante la cual se imparten: \u201cDirectrices para la designaci\u00f3n de empleos de libre nombramiento y remoci\u00f3n, y nombramientos en provisionalidad\u201d, en el sentido de indicar que se aplicar\u00e1 exclusivamente para los nombramientos en provisionalidad que se realicen para proveer cargos de carrera adscritos al \u00e1rea administrativa y en consecuencia, lo dispuesto en el numeral 2 de la\u00a0 Circular 0002 de 2011 no ser\u00e1 aplicable para proveer en provisionalidad cargos de carrera en el \u00e1rea de Fiscal\u00edas, y en el Cuerpo T\u00e9cnico de Investigaci\u00f3n.<\/p>\n<p>La Fiscal\u00eda General de la Naci\u00f3n se permite indicar el objetivo de la circular No. 0002 del 09 de marzo de 2011, en el entendido que las hojas de vida que sean publicadas en la p\u00e1gina web de la entidad deben contar previamente con la debida postulaci\u00f3n del Despacho del se\u00f1or Fiscal General de la Naci\u00f3n para que ante \u00e9ste se decida su correspondiente designaci\u00f3n. Una vez se surta dicho tr\u00e1mite, se dar\u00e1 curso a la publicaci\u00f3n de la hoja de vida durante tres (3) d\u00edas para proceder a la consideraci\u00f3n y evaluaci\u00f3n de los comentarios presentados por la ciudadan\u00eda a trav\u00e9s del correo\u00a0<a href=\"mailto:hojavida@fiscalia.gov.co?subject=Observaciones%20Hoja%20de%20Vida\">hojavida@fiscalia.gov.co<\/a>, con el fin de continuar con los tr\u00e1mites pertinentes.<\/p>\n<p><strong>Nota:<\/strong> La \u00fanica finalidad del correo\u00a0<a href=\"mailto:hojavida@fiscalia.gov.co?subject=Observaciones%20Hoja%20de%20Vida\">hojavida@fiscalia.gov.co<\/a>\u00a0es el reconocimiento y la formulaci\u00f3n de observaciones respecto a las hojas de vida publicadas (las cuales estar\u00e1n por tres (3) d\u00edas a disposici\u00f3n de la ciudadan\u00eda para cualquier observaci\u00f3n), en atenci\u00f3n a lo establecido en la circular No. 0002 del 9 marzo de 2011.<\/p>\n<p>&nbsp;<\/p>\n<p>[tabs style=&#8221;1&#8243;]<\/p>\n<p>[tab title=&#8221;Libre Nombramieto y Remoci\u00f3n&#8221;]<\/p>\n<p>[spoiler style=&#8221;2&#8243; title=&#8221;Robinson Sanabria Baracaldo&#8221;]<\/p>\n<p><a title=\"Descargar \" href=\"http:\/\/www.fiscalia.gov.co\/en\/wp-content\/uploads\/2012\/01\/CvRobinsonZapata.pdf\" target=\"_blank\">Ver hoja de vida<\/a><strong><\/strong><\/p>\n<p>Cargo al que aspira:Jefe de Oficina<\/p>\n<p><strong>Requisitos<\/strong><\/p>\n<p><strong>Estudios<\/strong><\/p>\n<ul>\n<li>T\u00edtulo de formaci\u00f3n profesional relacionado con las funciones del cargo<\/li>\n<li>T\u00edtulo de formaci\u00f3n avanzada en \u00e1reas relacionadas con las funciones del cargo<\/li>\n<\/ul>\n<p><strong>Experiencia<\/strong><\/p>\n<ul>\n<li><strong><\/strong>Cinco (5) a\u00f1os de experiencia profesional o docente<\/li>\n<\/ul>\n<p>[\/spoiler]<\/p>\n<p>[spoiler style=&#8221;2&#8243; title=&#8221;Marcela Mar\u00eda Yepes&#8221;]<\/p>\n<p><a title=\"Descargar \" href=\"http:\/\/www.fiscalia.gov.co\/en\/wp-content\/uploads\/2012\/01\/MarcelaYepes.pdf\" target=\"_blank\">Ver hoja de vida<\/a><strong><\/strong><\/p>\n<p>Cargo al que aspira:Jefe de Oficina<\/p>\n<p><strong>Requisitos<\/strong><\/p>\n<p><strong>Estudios<\/strong><\/p>\n<ul>\n<li>T\u00edtulo de formaci\u00f3n profesional relacionado con las funciones del cargo<\/li>\n<li>T\u00edtulo de formaci\u00f3n avanzada en \u00e1reas relacionadas con las funciones del cargo<\/li>\n<\/ul>\n<p><strong>Experiencia<\/strong><\/p>\n<ul>\n<li><strong><\/strong>Cinco (5) a\u00f1os de experiencia profesional o docente<\/li>\n<\/ul>\n<p>[\/spoiler]<\/p>\n<p>[\/tab]<\/p>\n<p>[tab title=&#8221;Provisionalidad&#8221;]<\/p>\n<p>[spoiler style=&#8221;2&#8243; title=&#8221;William Villarreal Collazos&#8221;]<\/p>\n<p><a title=\"Ver \" href=\"http:\/\/www.fiscalia.gov.co\/en\/wp-content\/uploads\/2012\/01\/CVWilliamVillarreal.pdf\" target=\"_blank\">Ver hoja de vida<\/a><strong><\/strong><\/p>\n<p>Cargo al que aspira: Profesional Universitario II<\/p>\n<p><strong>Requisitos<\/strong><\/p>\n<ul>\n<li>T\u00edtulo profesional en \u00e1reas relacionadas con las funciones del cargo<\/li>\n<\/ul>\n<p><strong>Experiencia<\/strong><\/p>\n<ul>\n<li><strong><\/strong>Un (1) a\u00f1o de experiencia profesional o docente<\/li>\n<\/ul>\n<p>[\/spoiler]<\/p>\n<p>[spoiler style=&#8221;2&#8243; title=&#8221;Luz Alba Vanegas Cubillos&#8221;]<\/p>\n<p><a title=\"Ver \" href=\"http:\/\/www.fiscalia.gov.co\/en\/wp-content\/uploads\/2012\/01\/CvLuzVanegas.pdf\" target=\"_blank\">Ver hoja de vida<\/a><strong><\/strong><\/p>\n<p>Cargo al que aspira: Profesional Especializado II<\/p>\n<p><strong>Requisitos<\/strong><\/p>\n<ul>\n<li>T\u00edtulo profesional en \u00e1reas relacionadas con las funciones del cargo<\/li>\n<li>T\u00edtulo de formaci\u00f3n avanzada en \u00e1reas relacionadas con las funciones del cargo<\/li>\n<\/ul>\n<p><strong>Experiencia<\/strong><\/p>\n<ul>\n<li><strong><\/strong>Tres (3) a\u00f1os de experiencia profesional o docente<\/li>\n<\/ul>\n<p>[\/spoiler]<\/p>\n<p>[spoiler style=&#8221;2&#8243; title=&#8221;Alfredo Augusto Escobar \u00c1vila &#8220;]<\/p>\n<p><a title=\"Leer \" href=\"http:\/\/www.fiscalia.gov.co\/en\/wp-content\/uploads\/2012\/01\/CvAlfredoEscobar.pdf\" target=\"_blank\">Ver hoja de vida<strong><\/strong><\/a><\/p>\n<p>Profesional Universitario II<\/p>\n<p><strong>Requisitos <\/strong><\/p>\n<ul>\n<li>T\u00edtulo profesional en \u00e1reas relacionadas con las funciones del cargo<\/li>\n<\/ul>\n<p><strong>Experiencia<\/strong><\/p>\n<ul>\n<li><strong><\/strong>Un (1) a\u00f1o de experiencia profesional o docente<\/li>\n<\/ul>\n<p>[\/spoiler]<\/p>\n<p>[spoiler style=&#8221;2&#8243; title=&#8221;Yeison Andr\u00e9s Franco Acu\u00f1a &#8220;]<\/p>\n<p><a title=\"Descargar \" href=\"http:\/\/www.fiscalia.gov.co\/en\/wp-content\/uploads\/2012\/01\/CvYeisonFranco.pdf\" target=\"_blank\">Ver hoja de vida<\/a><strong><\/strong><\/p>\n<p>Asistente Administrativo II<\/p>\n<p><strong>Requisitos <\/strong><\/p>\n<ul>\n<li>Aprobaci\u00f3n de un (1) a\u00f1o de educaci\u00f3n superior relacionado con las funciones del cargo<\/li>\n<\/ul>\n<p><strong>Experiencia<\/strong><\/p>\n<ul>\n<li><strong><\/strong>Dos\u00a0 (2) a\u00f1os de experiencia general<\/li>\n<\/ul>\n<p>[\/spoiler]<\/p>\n<p>[spoiler style=&#8221;2&#8243; title=&#8221;Germ\u00e1n Posada Urbina&#8221;]<\/p>\n<p><a title=\"Ver \" href=\"http:\/\/www.fiscalia.gov.co\/en\/wp-content\/uploads\/2012\/01\/Germ\u00e1nPosada.pdf\" target=\"_blank\">Ver hoja de vida<\/a><strong><\/strong><\/p>\n<p>Cargo al que aspira: Profesional Especializado II<\/p>\n<p><strong>Requisitos<\/strong><\/p>\n<ul>\n<li>T\u00edtulo profesional en \u00e1reas relacionadas con las funciones del cargo<\/li>\n<li>T\u00edtulo de formaci\u00f3n avanzada en \u00e1reas relacionadas con las funciones del cargo<\/li>\n<\/ul>\n<p><strong>Experiencia<\/strong><\/p>\n<ul>\n<li><strong><\/strong>Tres (3) a\u00f1os de experiencia profesional o docente<\/li>\n<\/ul>\n<p>[\/spoiler]<\/p>\n<p>[spoiler style=&#8221;2&#8243; title=&#8221;\u00c1ngela Mar\u00eda Murcia Ramos&#8221;]<\/p>\n<p><a title=\"Ver \" href=\"http:\/\/www.fiscalia.gov.co\/en\/wp-content\/uploads\/2012\/01\/CvAngelaMurcia.pdf\" target=\"_blank\">Ver hoja de vida<\/a><strong><\/strong><\/p>\n<p>Cargo al que aspira: Profesional Universitario III<\/p>\n<p><strong>Requisitos<\/strong><\/p>\n<ul>\n<li>T\u00edtulo profesional en \u00e1reas relacionadas con las funciones del cargo<\/li>\n<\/ul>\n<p><strong>Experiencia<\/strong><\/p>\n<ul>\n<li><strong><\/strong>Dos (2) a\u00f1os de experiencia profesional o docente<\/li>\n<\/ul>\n<p>[\/spoiler]<\/p>\n<p>[\/tab]<\/p>\n<p>[\/tabs]<\/p>\n","protected":false},"excerpt":{"rendered":"<p>CIRCULAR No. 0003\u00a0del 18 de marzo de 2011: Por medio de la cual se da alcance a la\u00a0Circular 0002\u00a0del 9 de marzo de 2011, mediante la cual se imparten: \u201cDirectrices para la designaci\u00f3n de empleos de libre nombramiento y remoci\u00f3n, y nombramientos en provisionalidad\u201d, en el sentido de indicar que se aplicar\u00e1 exclusivamente para los [&hellip;]<\/p>\n","protected":false},"author":1,"featured_media":0,"parent":8598,"menu_order":3,"comment_status":"open","ping_status":"closed","template":"","meta":{"footnotes":""},"class_list":["post-8593","page","type-page","status-publish"],"_links":{"self":[{"href":"https:\/\/www.fiscalia.gov.co\/colombia\/en\/wp-json\/wp\/v2\/pages\/8593"}],"collection":[{"href":"https:\/\/www.fiscalia.gov.co\/colombia\/en\/wp-json\/wp\/v2\/pages"}],"about":[{"href":"https:\/\/www.fiscalia.gov.co\/colombia\/en\/wp-json\/wp\/v2\/types\/page"}],"author":[{"embeddable":true,"href":"https:\/\/www.fiscalia.gov.co\/colombia\/en\/wp-json\/wp\/v2\/users\/1"}],"replies":[{"embeddable":true,"href":"https:\/\/www.fiscalia.gov.co\/colombia\/en\/wp-json\/wp\/v2\/comments?post=8593"}],"version-history":[{"count":115,"href":"https:\/\/www.fiscalia.gov.co\/colombia\/en\/wp-json\/wp\/v2\/pages\/8593\/revisions"}],"predecessor-version":[{"id":10128,"href":"https:\/\/www.fiscalia.gov.co\/colombia\/en\/wp-json\/wp\/v2\/pages\/8593\/revisions\/10128"}],"up":[{"embeddable":true,"href":"https:\/\/www.fiscalia.gov.co\/colombia\/en\/wp-json\/wp\/v2\/pages\/8598"}],"wp:attachment":[{"href":"https:\/\/www.fiscalia.gov.co\/colombia\/en\/wp-json\/wp\/v2\/media?parent=8593"}],"curies":[{"name":"wp","href":"https:\/\/api.w.org\/{rel}","templated":true}]}}

<p><a title="Descargar " href="http://www.fiscalia.gov.co/en/wp-content/uploads/2012/01/circular0003.pdf" target="_blank">CIRCULAR No. 0003</a> del 18 de marzo de 2011: Por medio de la cual se da alcance a la <a href="http://www.fiscalia.gov.co/en/wp-content/plugins/aspirantes/pdf/circular0022011.pdf">Circular 0002</a> del 9 de marzo de 2011, mediante la cual se imparten: “Directrices para la designación de empleos de libre nombramiento y remoción, y nombramientos en provisionalidad”, en el sentido de indicar que se aplicará exclusivamente para los nombramientos en provisionalidad que se realicen para proveer cargos de carrera adscritos al área administrativa y en consecuencia, lo dispuesto en el numeral 2 de la  Circular 0002 de 2011 no será aplicable para proveer en provisionalidad cargos de carrera en el área de Fiscalías, y en el Cuerpo Técnico de Investigación.</p>
<p>La Fiscalía General de la Nación se permite indicar el objetivo de la circular No. 0002 del 09 de marzo de 2011, en el entendido que las hojas de vida que sean publicadas en la página web de la entidad deben contar previamente con la debida postulación del Despacho del señor Fiscal General de la Nación para que ante éste se decida su correspondiente designación. Una vez se surta dicho trámite, se dará curso a la publicación de la hoja de vida durante tres (3) días para proceder a la consideración y evaluación de los comentarios presentados por la ciudadanía a través del correo <a href="mailto:hojavida@fiscalia.gov.co?subject=Observaciones%20Hoja%20de%20Vida">hojavida@fiscalia.gov.co</a>, con el fin de continuar con los trámites pertinentes.</p>
<p><strong>Nota:</strong> La única finalidad del correo <a href="mailto:hojavida@fiscalia.gov.co?subject=Observaciones%20Hoja%20de%20Vida">hojavida@fiscalia.gov.co</a> es el reconocimiento y la formulación de observaciones respecto a las hojas de vida publicadas (las cuales estarán por tres (3) días a disposición de la ciudadanía para cualquier observación), en atención a lo establecido en la circular No. 0002 del 9 marzo de 2011.</p>
<p>&nbsp;</p>
<p>[tabs style=&#8221;1&#8243;]</p>
<p>[tab title=&#8221;Libre Nombramieto y Remoción&#8221;]</p>
<p>[spoiler style=&#8221;2&#8243; title=&#8221;Robinson Sanabria Baracaldo&#8221;]</p>
<p><a title="Descargar " href="http://www.fiscalia.gov.co/en/wp-content/uploads/2012/01/CvRobinsonZapata.pdf" target="_blank">Ver hoja de vida</a><strong></strong></p>
<p>Cargo al que aspira:Jefe de Oficina</p>
<p><strong>Requisitos</strong></p>
<p><strong>Estudios</strong></p>
<ul>
<li>Título de formación profesional relacionado con las funciones del cargo</li>
<li>Título de formación avanzada en áreas relacionadas con las funciones del cargo</li>
</ul>
<p><strong>Experiencia</strong></p>
<ul>
<li><strong></strong>Cinco (5) años de experiencia profesional o docente</li>
</ul>
<p>[/spoiler]</p>
<p>[spoiler style=&#8221;2&#8243; title=&#8221;Marcela María Yepes&#8221;]</p>
<p><a title="Descargar " href="http://www.fiscalia.gov.co/en/wp-content/uploads/2012/01/MarcelaYepes.pdf" target="_blank">Ver hoja de vida</a><strong></strong></p>
<p>Cargo al que aspira:Jefe de Oficina</p>
<p><strong>Requisitos</strong></p>
<p><strong>Estudios</strong></p>
<ul>
<li>Título de formación profesional relacionado con las funciones del cargo</li>
<li>Título de formación avanzada en áreas relacionadas con las funciones del cargo</li>
</ul>
<p><strong>Experiencia</strong></p>
<ul>
<li><strong></strong>Cinco (5) años de experiencia profesional o docente</li>
</ul>
<p>[/spoiler]</p>
<p>[/tab]</p>
<p>[tab title=&#8221;Provisionalidad&#8221;]</p>
<p>[spoiler style=&#8221;2&#8243; title=&#8221;William Villarreal Collazos&#8221;]</p>
<p><a title="Ver " href="http://www.fiscalia.gov.co/en/wp-content/uploads/2012/01/CVWilliamVillarreal.pdf" target="_blank">Ver hoja de vida</a><strong></strong></p>
<p>Cargo al que aspira: Profesional Universitario II</p>
<p><strong>Requisitos</strong></p>
<ul>
<li>Título profesional en áreas relacionadas con las funciones del cargo</li>
</ul>
<p><strong>Experiencia</strong></p>
<ul>
<li><strong></strong>Un (1) año de experiencia profesional o docente</li>
</ul>
<p>[/spoiler]</p>
<p>[spoiler style=&#8221;2&#8243; title=&#8221;Luz Alba Vanegas Cubillos&#8221;]</p>
<p><a title="Ver " href="http://www.fiscalia.gov.co/en/wp-content/uploads/2012/01/CvLuzVanegas.pdf" target="_blank">Ver hoja de vida</a><strong></strong></p>
<p>Cargo al que aspira: Profesional Especializado II</p>
<p><strong>Requisitos</strong></p>
<ul>
<li>Título profesional en áreas relacionadas con las funciones del cargo</li>
<li>Título de formación avanzada en áreas relacionadas con las funciones del cargo</li>
</ul>
<p><strong>Experiencia</strong></p>
<ul>
<li><strong></strong>Tres (3) años de experiencia profesional o docente</li>
</ul>
<p>[/spoiler]</p>
<p>[spoiler style=&#8221;2&#8243; title=&#8221;Alfredo Augusto Escobar Ávila &#8220;]</p>
<p><a title="Leer " href="http://www.fiscalia.gov.co/en/wp-content/uploads/2012/01/CvAlfredoEscobar.pdf" target="_blank">Ver hoja de vida<strong></strong></a></p>
<p>Profesional Universitario II</p>
<p><strong>Requisitos </strong></p>
<ul>
<li>Título profesional en áreas relacionadas con las funciones del cargo</li>
</ul>
<p><strong>Experiencia</strong></p>
<ul>
<li><strong></strong>Un (1) año de experiencia profesional o docente</li>
</ul>
<p>[/spoiler]</p>
<p>[spoiler style=&#8221;2&#8243; title=&#8221;Yeison Andrés Franco Acuña &#8220;]</p>
<p><a title="Descargar " href="http://www.fiscalia.gov.co/en/wp-content/uploads/2012/01/CvYeisonFranco.pdf" target="_blank">Ver hoja de vida</a><strong></strong></p>
<p>Asistente Administrativo II</p>
<p><strong>Requisitos </strong></p>
<ul>
<li>Aprobación de un (1) año de educación superior relacionado con las funciones del cargo</li>
</ul>
<p><strong>Experiencia</strong></p>
<ul>
<li><strong></strong>Dos  (2) años de experiencia general</li>
</ul>
<p>[/spoiler]</p>
<p>[spoiler style=&#8221;2&#8243; title=&#8221;Germán Posada Urbina&#8221;]</p>
<p><a title="Ver " href="http://www.fiscalia.gov.co/en/wp-content/uploads/2012/01/GermánPosada.pdf" target="_blank">Ver hoja de vida</a><strong></strong></p>
<p>Cargo al que aspira: Profesional Especializado II</p>
<p><strong>Requisitos</strong></p>
<ul>
<li>Título profesional en áreas relacionadas con las funciones del cargo</li>
<li>Título de formación avanzada en áreas relacionadas con las funciones del cargo</li>
</ul>
<p><strong>Experiencia</strong></p>
<ul>
<li><strong></strong>Tres (3) años de experiencia profesional o docente</li>
</ul>
<p>[/spoiler]</p>
<p>[spoiler style=&#8221;2&#8243; title=&#8221;Ángela María Murcia Ramos&#8221;]</p>
<p><a title="Ver " href="http://www.fiscalia.gov.co/en/wp-content/uploads/2012/01/CvAngelaMurcia.pdf" target="_blank">Ver hoja de vida</a><strong></strong></p>
<p>Cargo al que aspira: Profesional Universitario III</p>
<p><strong>Requisitos</strong></p>
<ul>
<li>Título profesional en áreas relacionadas con las funciones del cargo</li>
</ul>
<p><strong>Experiencia</strong></p>
<ul>
<li><strong></strong>Dos (2) años de experiencia profesional o docente</li>
</ul>
<p>[/spoiler]</p>
<p>[/tab]</p>
<p>[/tabs]</p>

<p>CIRCULAR No. 0003 del 18 de marzo de 2011: Por medio de la cual se da alcance a la Circular 0002 del 9 de marzo de 2011, mediante la cual se imparten: “Directrices para la designación de empleos de libre nombramiento y remoción, y nombramientos en provisionalidad”, en el sentido de indicar que se aplicará exclusivamente para los [&hellip;]</p>
