{"id":37374,"date":"2018-09-20T21:20:11","date_gmt":"2018-09-20T21:20:11","guid":{"rendered":"https:\/\/www.fiscalia.gov.co\/colombia\/en\/?page_id=37374"},"modified":"2025-09-25T14:53:17","modified_gmt":"2025-09-25T19:53:17","slug":"coordinator-of-the-delegate-prosecutors-unit-to-the-supreme-court-of-justice","status":"publish","type":"page","link":"https:\/\/www.fiscalia.gov.co\/colombia\/en\/staff\/coordinator-of-the-delegate-prosecutors-unit-to-the-supreme-court-of-justice\/","title":{"rendered":"Coordinator of the Delegate Prosecutors\u2019 Unit to the Supreme Court of Justice"},"content":{"rendered":"<div id=\"tdi_1\" class=\"tdc-row\"><div class=\"vc_row tdi_2  wpb_row td-pb-row\" >\n<style scoped>\n\n\/* custom css *\/\n.tdi_2,\r\n                .tdi_2 .tdc-columns{\r\n                    min-height: 0;\r\n                }.tdi_2,\r\n\t\t\t\t.tdi_2 .tdc-columns{\r\n\t\t\t\t    display: block;\r\n\t\t\t\t}.tdi_2 .tdc-columns{\r\n\t\t\t\t    width: 100%;\r\n\t\t\t\t}\n<\/style><div class=\"vc_column tdi_4  wpb_column vc_column_container tdc-column td-pb-span12\">\n<style scoped>\n\n\/* custom css *\/\n.tdi_4{\r\n                    vertical-align: baseline;\r\n                }.tdi_4 > .wpb_wrapper,\r\n\t\t\t\t.tdi_4 > .wpb_wrapper > .tdc-elements{\r\n\t\t\t\t    display: block;\r\n\t\t\t\t}.tdi_4 > .wpb_wrapper > .tdc-elements{\r\n\t\t\t\t    width: 100%;\r\n\t\t\t\t}.tdi_4 > .wpb_wrapper > .vc_row_inner{\r\n\t\t\t\t    width: auto;\r\n\t\t\t\t}.tdi_4 > .wpb_wrapper{\r\n\t\t\t\t    width: auto;\r\n\t\t\t\t    height: auto;\r\n\t\t\t\t}\n<\/style><div class=\"wpb_wrapper\"><div class=\"wpb_wrapper td_block_separator td_block_wrap vc_separator tdi_6  td_separator_solid td_separator_center\"><span style=\"border-color:#EBEBEB;border-width:1px;width:100%;\"><\/span>\n<style scoped>\n\n\/* custom css *\/\n.td_block_separator{\r\n                  width: 100%;\r\n                  align-items: center;\r\n                  margin-bottom: 38px;\r\n                  padding-bottom: 10px;\r\n                }.td_block_separator span{\r\n                  position: relative;\r\n                  display: block;\r\n                  margin: 0 auto;\r\n                  width: 100%;\r\n                  height: 1px;\r\n                  border-top: 1px solid #EBEBEB;\r\n                }.td_separator_align_left span{\r\n                  margin-left: 0;\r\n                }.td_separator_align_right span{\r\n                  margin-right: 0;\r\n                }.td_separator_dashed span{\r\n                  border-top-style: dashed;\r\n                }.td_separator_dotted span{\r\n                  border-top-style: dotted;\r\n                }.td_separator_double span{\r\n                  height: 3px;\r\n                  border-bottom: 1px solid #EBEBEB;\r\n                }.td_separator_shadow > span{\r\n                  position: relative;\r\n                  height: 20px;\r\n                  overflow: hidden;\r\n                  border: 0;\r\n                  color: #EBEBEB;\r\n                }.td_separator_shadow > span > span{\r\n                  position: absolute;\r\n                  top: -30px;\r\n                  left: 0;\r\n                  right: 0;\r\n                  margin: 0 auto;\r\n                  height: 13px;\r\n                  width: 98%;\r\n                  border-radius: 100%;\r\n                }\n<\/style><\/div><\/div><\/div><\/div><\/div><div id=\"tdi_7\" class=\"tdc-row\"><div class=\"vc_row tdi_8  wpb_row td-pb-row\" >\n<style scoped>\n\n\/* custom css *\/\n.tdi_8,\r\n                .tdi_8 .tdc-columns{\r\n                    min-height: 0;\r\n                }.tdi_8,\r\n\t\t\t\t.tdi_8 .tdc-columns{\r\n\t\t\t\t    display: block;\r\n\t\t\t\t}.tdi_8 .tdc-columns{\r\n\t\t\t\t    width: 100%;\r\n\t\t\t\t}\n<\/style><div class=\"vc_column tdi_10  wpb_column vc_column_container tdc-column td-pb-span6\">\n<style scoped>\n\n\/* custom css *\/\n.tdi_10{\r\n                    vertical-align: baseline;\r\n                }.tdi_10 > .wpb_wrapper,\r\n\t\t\t\t.tdi_10 > .wpb_wrapper > .tdc-elements{\r\n\t\t\t\t    display: block;\r\n\t\t\t\t}.tdi_10 > .wpb_wrapper > .tdc-elements{\r\n\t\t\t\t    width: 100%;\r\n\t\t\t\t}.tdi_10 > .wpb_wrapper > .vc_row_inner{\r\n\t\t\t\t    width: auto;\r\n\t\t\t\t}.tdi_10 > .wpb_wrapper{\r\n\t\t\t\t    width: auto;\r\n\t\t\t\t    height: auto;\r\n\t\t\t\t}\n<\/style><div class=\"wpb_wrapper\">[vc_single_image image=&#8221;43904&#8243; img_size=&#8221;full&#8221;]<div class=\"td_block_wrap td_block_list_menu tdi_11 td-pb-border-top td_block_template_1 widget\"  data-td-block-uid=\"tdi_11\" >\n<style>\n\/* custom css *\/\n.td_block_list_menu ul{\r\n                  flex-wrap: wrap;\r\n                  margin-left: 12px;\r\n                }.td_block_list_menu ul li{\r\n                  margin-left: 0;\r\n                }.td_block_list_menu .sub-menu{\r\n                  padding-left: 22px;\r\n                }.td_block_list_menu .sub-menu li{\r\n                  font-size: 13px;\r\n                }.tdi_11 ul{\r\n\t\t\t\t\ttext-align: left;\r\n\t\t\t\t\tjustify-content: flex-start;\r\n\t\t\t\t}\n<\/style><div class=\"td-block-title-wrap\"><h4 class=\"block-title td-block-title\"><span class=\"td-pulldown-size\">STAFF<\/span><\/h4><\/div><div id=tdi_11 class=\"td_block_inner td-fix-index\"><div class=\"menu-fiscal-general-container\"><ul id=\"menu-fiscal-general\" class=\"menu\"><li id=\"menu-item-37894\" class=\"menu-item menu-item-type-post_type menu-item-object-page menu-item-37894\"><a href=\"https:\/\/www.fiscalia.gov.co\/colombia\/en\/staff\/el-fiscal\/\">Attorney General<\/a><\/li>\n<li id=\"menu-item-38475\" class=\"menu-item menu-item-type-post_type menu-item-object-page menu-item-38475\"><a href=\"https:\/\/www.fiscalia.gov.co\/colombia\/en\/staff\/coordinator-of-the-delegate-prosecutors-unit-to-the-supreme-court-of-justice\/\">Coordinator of the Delegate Prosecutors\u2019 Unit to the Supreme Court of Justice<\/a><\/li>\n<li id=\"menu-item-37614\" class=\"menu-item menu-item-type-post_type menu-item-object-page menu-item-37614\"><a href=\"https:\/\/www.fiscalia.gov.co\/colombia\/en\/staff\/executive-director\/\">Executive Director<\/a><\/li>\n<li id=\"menu-item-38482\" class=\"menu-item menu-item-type-post_type menu-item-object-page menu-item-38482\"><a href=\"https:\/\/www.fiscalia.gov.co\/colombia\/en\/staff\/director-office-of-policies-and-strategy\/\">Director of Policies and Strategy Office<\/a><\/li>\n<li id=\"menu-item-38489\" class=\"menu-item menu-item-type-post_type menu-item-object-page menu-item-38489\"><a href=\"https:\/\/www.fiscalia.gov.co\/colombia\/en\/staff\/director-office-of-planning-and-development\/\">Director- Office of Planning and Development<\/a><\/li>\n<li id=\"menu-item-38494\" class=\"menu-item menu-item-type-post_type menu-item-object-page menu-item-38494\"><a href=\"https:\/\/www.fiscalia.gov.co\/colombia\/en\/staff\/director-office-of-legal-affairs\/\">Director \u2013 Office of Legal Affairs<\/a><\/li>\n<li id=\"menu-item-38497\" class=\"menu-item menu-item-type-post_type menu-item-object-page menu-item-38497\"><a href=\"https:\/\/www.fiscalia.gov.co\/colombia\/en\/staff\/director-office-of-communications\/\">Director \u2013 Office of Communications<\/a><\/li>\n<li id=\"menu-item-38505\" class=\"menu-item menu-item-type-post_type menu-item-object-page menu-item-38505\"><a href=\"https:\/\/www.fiscalia.gov.co\/colombia\/en\/staff\/director-office-of-international-affairs\/\">Director-Office of International Affairs<\/a><\/li>\n<li id=\"menu-item-38515\" class=\"menu-item menu-item-type-post_type menu-item-object-page menu-item-38515\"><a href=\"https:\/\/www.fiscalia.gov.co\/colombia\/en\/staff\/director-office-of-internal-control\/\">Director- Office of Internal Control<\/a><\/li>\n<li id=\"menu-item-38522\" class=\"menu-item menu-item-type-post_type menu-item-object-page menu-item-38522\"><a href=\"https:\/\/www.fiscalia.gov.co\/colombia\/en\/staff\/director-office-of-disciplinary-control\/\">Director- Office of Disciplinary Control<\/a><\/li>\n<li id=\"menu-item-38526\" class=\"menu-item menu-item-type-post_type menu-item-object-page menu-item-38526\"><a href=\"https:\/\/www.fiscalia.gov.co\/colombia\/en\/staff\/director-of-the-technical-investigative-corps\/\">Director of the Technical Investigative Corps (CTI)<\/a><\/li>\n<li id=\"menu-item-38530\" class=\"menu-item menu-item-type-post_type menu-item-object-page menu-item-38530\"><a href=\"https:\/\/www.fiscalia.gov.co\/colombia\/en\/staff\/director-of-protection-and-assistance-office\/\">Director of Protection and Assistance Office<\/a><\/li>\n<li id=\"menu-item-38531\" class=\"menu-item menu-item-type-post_type menu-item-object-page menu-item-38531\"><a href=\"https:\/\/www.fiscalia.gov.co\/colombia\/en\/staff\/director-of-higher-studies-office\/\">Director of Higher Studies Office<\/a><\/li>\n<li id=\"menu-item-38540\" class=\"menu-item menu-item-type-post_type menu-item-object-page menu-item-38540\"><a href=\"https:\/\/www.fiscalia.gov.co\/colombia\/en\/staff\/director-special-unit-on-investigations\/\">Director of the Special Investigation Unit<\/a><\/li>\n<\/ul><\/div><\/div><\/div><\/div><\/div><div class=\"vc_column tdi_13  wpb_column vc_column_container tdc-column td-pb-span6\">\n<style scoped>\n\n\/* custom css *\/\n.tdi_13{\r\n                    vertical-align: baseline;\r\n                }.tdi_13 > .wpb_wrapper,\r\n\t\t\t\t.tdi_13 > .wpb_wrapper > .tdc-elements{\r\n\t\t\t\t    display: block;\r\n\t\t\t\t}.tdi_13 > .wpb_wrapper > .tdc-elements{\r\n\t\t\t\t    width: 100%;\r\n\t\t\t\t}.tdi_13 > .wpb_wrapper > .vc_row_inner{\r\n\t\t\t\t    width: auto;\r\n\t\t\t\t}.tdi_13 > .wpb_wrapper{\r\n\t\t\t\t    width: auto;\r\n\t\t\t\t    height: auto;\r\n\t\t\t\t}\n<\/style><div class=\"wpb_wrapper\">[vc_column_text]<strong>Zeneida de Jes\u00fas L\u00f3pez Cuadrado, Coordinator of the Delegate Prosecutors\u2019 Unit to the Supreme Court of Justice<\/strong>\r\n\r\nShe holds a Law degree from Universidad Cat\u00f3lica de Colombia, and she majored in Criminal Law and Criminology Sciences at Universidad Externado de Colombia. She has knowledge about International Criminal Law, justice standards, the Accusatory Criminal System, investigation techniques, and collective rights.\r\n\r\nFurthermore, she has more than 38 years of experience in the administration of justice, in which she has held important positions at the Attorney General&#8217;s Office and the Judicial Branch. She began in the position of municipal judge of mixed jurisdiction in Fonseca (La Guajira); and she later served as a municipal criminal judge, examining magistrate, and a circuit court judge. She also held the position of delegate prosecutor to the High Court of the Judicial District of Riohacha and Barranquilla in which she worked as coordinator of the unit, and Sectional director of Prosecutor&#8217;s Offices. She was also assigned to the Transitional Justice Directorate and the National Directorate of Support for Investigations and Analysis on Organized Crime.\r\n\r\nIn 2006, she was designated delegate prosecutor to the Justice and Peace Chamber of the Superior Court of Barranquilla in which she led the regional coordination of that unit and the national coordination of the Working Group on Indigenous Affairs in the processing of Law 975 of 2005. In her role as prosecutor of Transitional Justice, she stood out for creating contexts that revealed macro-criminality patterns of illegal organized groups operating in Sierra Nevada de Santa Marta, especially those related to forced disappearances, gender-based violence, and violence against indigenous people in their cultural and spiritual environment.\r\n\r\nBetween 2022 and 2024, she served as procuradora delegada for Monitoring the Peace Agreement and Public Policy for Victims, and leading the drawing up of reports submitted to the Congress on the implementation of the Peace Agreement and the Political Opposition Statute; to the Follow Up and Monitoring Committee about Victims and Land Restitution Law; and the Monitoring Report on the Comprehensive Program of Guarantees for Women who are Leaders and Human Rights Defenders (Programa Integral de Garant\u00edas para mujeres lideresas y defensoras de Derechos Humanos PIGMLD in spanish).\r\n\r\nIn her professional experience, she has been a university professor for more than 20 years, teaching Criminal Law at Universidad del Norte in Barranquilla. Moreover, she has been a lecturer and speaker at national and international seminars on Transitional Justice, human rights, and organized crime.\r\n\r\nHer professional and teaching experience, her contributions to the peace processes with special focus on situations faced by social leaders, and the relationship with the ancestral authorities of indigenous people that allowed the legalization of macro crime patterns, were decisive to receive the recognition \u2018Jos\u00e9 Ignacio de M\u00e1rquez Award al m\u00e9rito judicial\u2019 awarded by the Judiciary in Riohacha (Consejo Seccional de la Judicatura); and the \u2018Waraarat de Oro\u2019 awarded by Universidad de La Guajira for her contribution to the defense of the rights of indigenous communities during the armed conflict.[\/vc_column_text]<\/div><\/div><\/div><\/div>","protected":false},"excerpt":{"rendered":"[vc_single_image image=\"43904\" img_size=\"full\"] STAFFAttorney General Coordinator of the Delegate Prosecutors\u2019 Unit to the Supreme Court of Justice Executive Director Director of Policies and Strategy Office Director- Office of Planning and Development Director \u2013 Office of Legal Affairs Director \u2013 Office of Communications Director-Office of International Affairs Director- Office of Internal Control Director- Office of Disciplinary [...]","protected":false},"author":2,"featured_media":0,"parent":8564,"menu_order":0,"comment_status":"closed","ping_status":"closed","template":"","meta":{"footnotes":""},"class_list":["post-37374","page","type-page","status-publish"],"_links":{"self":[{"href":"https:\/\/www.fiscalia.gov.co\/colombia\/en\/wp-json\/wp\/v2\/pages\/37374"}],"collection":[{"href":"https:\/\/www.fiscalia.gov.co\/colombia\/en\/wp-json\/wp\/v2\/pages"}],"about":[{"href":"https:\/\/www.fiscalia.gov.co\/colombia\/en\/wp-json\/wp\/v2\/types\/page"}],"author":[{"embeddable":true,"href":"https:\/\/www.fiscalia.gov.co\/colombia\/en\/wp-json\/wp\/v2\/users\/2"}],"replies":[{"embeddable":true,"href":"https:\/\/www.fiscalia.gov.co\/colombia\/en\/wp-json\/wp\/v2\/comments?post=37374"}],"version-history":[{"count":24,"href":"https:\/\/www.fiscalia.gov.co\/colombia\/en\/wp-json\/wp\/v2\/pages\/37374\/revisions"}],"predecessor-version":[{"id":44401,"href":"https:\/\/www.fiscalia.gov.co\/colombia\/en\/wp-json\/wp\/v2\/pages\/37374\/revisions\/44401"}],"up":[{"embeddable":true,"href":"https:\/\/www.fiscalia.gov.co\/colombia\/en\/wp-json\/wp\/v2\/pages\/8564"}],"wp:attachment":[{"href":"https:\/\/www.fiscalia.gov.co\/colombia\/en\/wp-json\/wp\/v2\/media?parent=37374"}],"curies":[{"name":"wp","href":"https:\/\/api.w.org\/{rel}","templated":true}]}}

<div id="tdi_1" class="tdc-row"><div class="vc_row tdi_2  wpb_row td-pb-row" >
<style scoped>

/* custom css */
.tdi_2,
                .tdi_2 .tdc-columns{
                    min-height: 0;
                }.tdi_2,
				.tdi_2 .tdc-columns{
				    display: block;
				}.tdi_2 .tdc-columns{
				    width: 100%;
				}
</style><div class="vc_column tdi_4  wpb_column vc_column_container tdc-column td-pb-span12">
<style scoped>

/* custom css */
.tdi_4{
                    vertical-align: baseline;
                }.tdi_4 > .wpb_wrapper,
				.tdi_4 > .wpb_wrapper > .tdc-elements{
				    display: block;
				}.tdi_4 > .wpb_wrapper > .tdc-elements{
				    width: 100%;
				}.tdi_4 > .wpb_wrapper > .vc_row_inner{
				    width: auto;
				}.tdi_4 > .wpb_wrapper{
				    width: auto;
				    height: auto;
				}
</style><div class="wpb_wrapper"><div class="wpb_wrapper td_block_separator td_block_wrap vc_separator tdi_6  td_separator_solid td_separator_center"><span style="border-color:#EBEBEB;border-width:1px;width:100%;"></span>
<style scoped>

/* custom css */
.td_block_separator{
                  width: 100%;
                  align-items: center;
                  margin-bottom: 38px;
                  padding-bottom: 10px;
                }.td_block_separator span{
                  position: relative;
                  display: block;
                  margin: 0 auto;
                  width: 100%;
                  height: 1px;
                  border-top: 1px solid #EBEBEB;
                }.td_separator_align_left span{
                  margin-left: 0;
                }.td_separator_align_right span{
                  margin-right: 0;
                }.td_separator_dashed span{
                  border-top-style: dashed;
                }.td_separator_dotted span{
                  border-top-style: dotted;
                }.td_separator_double span{
                  height: 3px;
                  border-bottom: 1px solid #EBEBEB;
                }.td_separator_shadow > span{
                  position: relative;
                  height: 20px;
                  overflow: hidden;
                  border: 0;
                  color: #EBEBEB;
                }.td_separator_shadow > span > span{
                  position: absolute;
                  top: -30px;
                  left: 0;
                  right: 0;
                  margin: 0 auto;
                  height: 13px;
                  width: 98%;
                  border-radius: 100%;
                }
</style></div></div></div></div></div><div id="tdi_7" class="tdc-row"><div class="vc_row tdi_8  wpb_row td-pb-row" >
<style scoped>

/* custom css */
.tdi_8,
                .tdi_8 .tdc-columns{
                    min-height: 0;
                }.tdi_8,
				.tdi_8 .tdc-columns{
				    display: block;
				}.tdi_8 .tdc-columns{
				    width: 100%;
				}
</style><div class="vc_column tdi_10  wpb_column vc_column_container tdc-column td-pb-span6">
<style scoped>

/* custom css */
.tdi_10{
                    vertical-align: baseline;
                }.tdi_10 > .wpb_wrapper,
				.tdi_10 > .wpb_wrapper > .tdc-elements{
				    display: block;
				}.tdi_10 > .wpb_wrapper > .tdc-elements{
				    width: 100%;
				}.tdi_10 > .wpb_wrapper > .vc_row_inner{
				    width: auto;
				}.tdi_10 > .wpb_wrapper{
				    width: auto;
				    height: auto;
				}
</style><div class="wpb_wrapper">[vc_single_image image=&#8221;43904&#8243; img_size=&#8221;full&#8221;]<div class="td_block_wrap td_block_list_menu tdi_11 td-pb-border-top td_block_template_1 widget"  data-td-block-uid="tdi_11" >
<style>
/* custom css */
.td_block_list_menu ul{
                  flex-wrap: wrap;
                  margin-left: 12px;
                }.td_block_list_menu ul li{
                  margin-left: 0;
                }.td_block_list_menu .sub-menu{
                  padding-left: 22px;
                }.td_block_list_menu .sub-menu li{
                  font-size: 13px;
                }.tdi_11 ul{
					text-align: left;
					justify-content: flex-start;
				}
</style><div class="td-block-title-wrap"><h4 class="block-title td-block-title"><span class="td-pulldown-size">STAFF</span></h4></div><div id=tdi_11 class="td_block_inner td-fix-index"><div class="menu-fiscal-general-container"><ul id="menu-fiscal-general" class="menu"><li id="menu-item-37894" class="menu-item menu-item-type-post_type menu-item-object-page menu-item-37894"><a href="https://www.fiscalia.gov.co/colombia/en/staff/el-fiscal/">Attorney General</a></li>
<li id="menu-item-38475" class="menu-item menu-item-type-post_type menu-item-object-page menu-item-38475"><a href="https://www.fiscalia.gov.co/colombia/en/staff/coordinator-of-the-delegate-prosecutors-unit-to-the-supreme-court-of-justice/">Coordinator of the Delegate Prosecutors’ Unit to the Supreme Court of Justice</a></li>
<li id="menu-item-37614" class="menu-item menu-item-type-post_type menu-item-object-page menu-item-37614"><a href="https://www.fiscalia.gov.co/colombia/en/staff/executive-director/">Executive Director</a></li>
<li id="menu-item-38482" class="menu-item menu-item-type-post_type menu-item-object-page menu-item-38482"><a href="https://www.fiscalia.gov.co/colombia/en/staff/director-office-of-policies-and-strategy/">Director of Policies and Strategy Office</a></li>
<li id="menu-item-38489" class="menu-item menu-item-type-post_type menu-item-object-page menu-item-38489"><a href="https://www.fiscalia.gov.co/colombia/en/staff/director-office-of-planning-and-development/">Director- Office of Planning and Development</a></li>
<li id="menu-item-38494" class="menu-item menu-item-type-post_type menu-item-object-page menu-item-38494"><a href="https://www.fiscalia.gov.co/colombia/en/staff/director-office-of-legal-affairs/">Director – Office of Legal Affairs</a></li>
<li id="menu-item-38497" class="menu-item menu-item-type-post_type menu-item-object-page menu-item-38497"><a href="https://www.fiscalia.gov.co/colombia/en/staff/director-office-of-communications/">Director – Office of Communications</a></li>
<li id="menu-item-38505" class="menu-item menu-item-type-post_type menu-item-object-page menu-item-38505"><a href="https://www.fiscalia.gov.co/colombia/en/staff/director-office-of-international-affairs/">Director-Office of International Affairs</a></li>
<li id="menu-item-38515" class="menu-item menu-item-type-post_type menu-item-object-page menu-item-38515"><a href="https://www.fiscalia.gov.co/colombia/en/staff/director-office-of-internal-control/">Director- Office of Internal Control</a></li>
<li id="menu-item-38522" class="menu-item menu-item-type-post_type menu-item-object-page menu-item-38522"><a href="https://www.fiscalia.gov.co/colombia/en/staff/director-office-of-disciplinary-control/">Director- Office of Disciplinary Control</a></li>
<li id="menu-item-38526" class="menu-item menu-item-type-post_type menu-item-object-page menu-item-38526"><a href="https://www.fiscalia.gov.co/colombia/en/staff/director-of-the-technical-investigative-corps/">Director of the Technical Investigative Corps (CTI)</a></li>
<li id="menu-item-38530" class="menu-item menu-item-type-post_type menu-item-object-page menu-item-38530"><a href="https://www.fiscalia.gov.co/colombia/en/staff/director-of-protection-and-assistance-office/">Director of Protection and Assistance Office</a></li>
<li id="menu-item-38531" class="menu-item menu-item-type-post_type menu-item-object-page menu-item-38531"><a href="https://www.fiscalia.gov.co/colombia/en/staff/director-of-higher-studies-office/">Director of Higher Studies Office</a></li>
<li id="menu-item-38540" class="menu-item menu-item-type-post_type menu-item-object-page menu-item-38540"><a href="https://www.fiscalia.gov.co/colombia/en/staff/director-special-unit-on-investigations/">Director of the Special Investigation Unit</a></li>
</ul></div></div></div></div></div><div class="vc_column tdi_13  wpb_column vc_column_container tdc-column td-pb-span6">
<style scoped>

/* custom css */
.tdi_13{
                    vertical-align: baseline;
                }.tdi_13 > .wpb_wrapper,
				.tdi_13 > .wpb_wrapper > .tdc-elements{
				    display: block;
				}.tdi_13 > .wpb_wrapper > .tdc-elements{
				    width: 100%;
				}.tdi_13 > .wpb_wrapper > .vc_row_inner{
				    width: auto;
				}.tdi_13 > .wpb_wrapper{
				    width: auto;
				    height: auto;
				}
</style><div class="wpb_wrapper">[vc_column_text]<strong>Zeneida de Jesús López Cuadrado, Coordinator of the Delegate Prosecutors’ Unit to the Supreme Court of Justice</strong>

She holds a Law degree from Universidad Católica de Colombia, and she majored in Criminal Law and Criminology Sciences at Universidad Externado de Colombia. She has knowledge about International Criminal Law, justice standards, the Accusatory Criminal System, investigation techniques, and collective rights.

Furthermore, she has more than 38 years of experience in the administration of justice, in which she has held important positions at the Attorney General&#8217;s Office and the Judicial Branch. She began in the position of municipal judge of mixed jurisdiction in Fonseca (La Guajira); and she later served as a municipal criminal judge, examining magistrate, and a circuit court judge. She also held the position of delegate prosecutor to the High Court of the Judicial District of Riohacha and Barranquilla in which she worked as coordinator of the unit, and Sectional director of Prosecutor&#8217;s Offices. She was also assigned to the Transitional Justice Directorate and the National Directorate of Support for Investigations and Analysis on Organized Crime.

In 2006, she was designated delegate prosecutor to the Justice and Peace Chamber of the Superior Court of Barranquilla in which she led the regional coordination of that unit and the national coordination of the Working Group on Indigenous Affairs in the processing of Law 975 of 2005. In her role as prosecutor of Transitional Justice, she stood out for creating contexts that revealed macro-criminality patterns of illegal organized groups operating in Sierra Nevada de Santa Marta, especially those related to forced disappearances, gender-based violence, and violence against indigenous people in their cultural and spiritual environment.

Between 2022 and 2024, she served as procuradora delegada for Monitoring the Peace Agreement and Public Policy for Victims, and leading the drawing up of reports submitted to the Congress on the implementation of the Peace Agreement and the Political Opposition Statute; to the Follow Up and Monitoring Committee about Victims and Land Restitution Law; and the Monitoring Report on the Comprehensive Program of Guarantees for Women who are Leaders and Human Rights Defenders (Programa Integral de Garantías para mujeres lideresas y defensoras de Derechos Humanos PIGMLD in spanish).

In her professional experience, she has been a university professor for more than 20 years, teaching Criminal Law at Universidad del Norte in Barranquilla. Moreover, she has been a lecturer and speaker at national and international seminars on Transitional Justice, human rights, and organized crime.

Her professional and teaching experience, her contributions to the peace processes with special focus on situations faced by social leaders, and the relationship with the ancestral authorities of indigenous people that allowed the legalization of macro crime patterns, were decisive to receive the recognition ‘José Ignacio de Márquez Award al mérito judicial’ awarded by the Judiciary in Riohacha (Consejo Seccional de la Judicatura); and the ‘Waraarat de Oro’ awarded by Universidad de La Guajira for her contribution to the defense of the rights of indigenous communities during the armed conflict.[/vc_column_text]</div></div></div></div>
